000
CDUS42 KMFL 190933
CLIFLL


CLIMATE REPORT
NATIONAL WEATHER SERVICE MIAMI, FL
431 AM EST MON FEB 19 2018


...................................

...THE FORT LAUDERDALE CLIMATE SUMMARY FOR FEBRUARY 18 2018...

CLIMATE NORMAL PERIOD 1981 TO 2010
CLIMATE RECORD PERIOD 1912 TO 2018


WEATHER ITEM   OBSERVED TIME   RECORD YEAR NORMAL DEPARTURE LAST
                VALUE   (LST)  VALUE       VALUE  FROM      YEAR
                                                  NORMAL
..................................................................
TEMPERATURE (F)
 YESTERDAY
  MAXIMUM         80    329 PM  87    1959  78      2       80
  MINIMUM         69    743 AM  38    1996  64      5       64
  AVERAGE         75                        71      4       72

PRECIPITATION (IN)
  YESTERDAY        0.00          1.54 1994   0.10  -0.10     0.00
  MONTH TO DATE    0.30                      2.04  -1.74     0.13
  SINCE NOV 1      9.25                     11.37  -2.12     6.47
  SINCE JAN 1      2.62                      5.67  -3.05     1.84

SNOWFALL (IN)
  YESTERDAY        0.0
  MONTH TO DATE    0.0
  SINCE DEC 1      0.0
  SINCE JUL 1      0.0
  SNOW DEPTH       0

DEGREE DAYS
 HEATING
  YESTERDAY        0                         1     -1        0
  MONTH TO DATE    0                        18    -18        0
  SINCE DEC 1    124                        96     28       29
  SINCE JUL 1    126                        98     28       29

 COOLING
  YESTERDAY       10                         7      3        7
  MONTH TO DATE  172                       117     55      141
  SINCE DEC 1    504                       503      1      697
  SINCE JAN 1    297                       287     10      354
..................................................................


WIND (MPH)
  HIGHEST WIND SPEED    17   HIGHEST WIND DIRECTION     E (90)
  HIGHEST GUST SPEED    22   HIGHEST GUST DIRECTION     E (90)
  AVERAGE WIND SPEED     9.2


SKY COVER
  AVERAGE SKY COVER 0.4


WEATHER CONDITIONS
 THE FOLLOWING WEATHER WAS RECORDED YESTERDAY.
  NO SIGNIFICANT WEATHER WAS OBSERVED.


RELATIVE HUMIDITY (PERCENT)
 HIGHEST   100
 LOWEST     69
 AVERAGE    85

..........................................................


THE FORT LAUDERDALE CLIMATE NORMALS FOR TODAY
                         NORMAL    RECORD    YEAR
 MAXIMUM TEMPERATURE (F)   78        89      1926
 MINIMUM TEMPERATURE (F)   64        35      1958


SUNRISE AND SUNSET
FEBRUARY 19 2018......SUNRISE   653 AM EST   SUNSET   616 PM EST
FEBRUARY 20 2018......SUNRISE   652 AM EST   SUNSET   617 PM EST


-  INDICATES NEGATIVE NUMBERS.
R  INDICATES RECORD WAS SET OR TIED.
MM INDICATES DATA IS MISSING.
T  INDICATES TRACE AMOUNT.




$$
