000
CDUS42 KMFL 162116
CLIFLL


CLIMATE REPORT
NATIONAL WEATHER SERVICE MIAMI, FL
415 PM EST MON JAN 16 2017


...................................

...THE FORT LAUDERDALE CLIMATE SUMMARY FOR JANUARY 16 2017...
VALID TODAY AS OF 0400 PM LOCAL TIME.

CLIMATE NORMAL PERIOD 1981 TO 2010
CLIMATE RECORD PERIOD 1912 TO 2017


WEATHER ITEM   OBSERVED TIME   RECORD YEAR NORMAL DEPARTURE LAST
                VALUE   (LST)  VALUE       VALUE  FROM      YEAR
                                                  NORMAL
..................................................................
TEMPERATURE (F)
 TODAY
  MAXIMUM         79    312 PM  85    1954  76      3       77
                                      1925
  MINIMUM         72    711 AM  36    1921  61     11       60
  AVERAGE         76                        69      7       69

PRECIPITATION (IN)
  TODAY            0.00          4.19 1999   0.07  -0.07     0.13
  MONTH TO DATE    0.65                      1.30  -0.65     2.84
  SINCE NOV 1      5.28                      7.00  -1.72    14.06
  SINCE JAN 1      0.65                      1.30  -0.65     2.84

SNOWFALL (IN)
  TODAY            0.0
  MONTH TO DATE    0.0
  SINCE DEC 1      0.0
  SINCE JUL 1      0.0
  SNOW DEPTH       0

DEGREE DAYS
 HEATING
  TODAY            0                         2     -2        0
  MONTH TO DATE   11                        32    -21        3
  SINCE DEC 1     13                        62    -49        3
  SINCE JUL 1     13                        64    -51        3

 COOLING
  TODAY           11                         5      6        4
  MONTH TO DATE  126                        89     37       88
  SINCE DEC 1    469                       305    164      485
  SINCE JAN 1    126                        89     37       88
..................................................................


WIND (MPH)
  HIGHEST WIND SPEED    22   HIGHEST WIND DIRECTION     E (100)
  HIGHEST GUST SPEED    27   HIGHEST GUST DIRECTION    SE (120)
  AVERAGE WIND SPEED    16.3


SKY COVER
  AVERAGE SKY COVER 0.6


WEATHER CONDITIONS
 THE FOLLOWING WEATHER WAS RECORDED TODAY.
  NO SIGNIFICANT WEATHER WAS OBSERVED.


RELATIVE HUMIDITY (PERCENT)
 HIGHEST    79
 LOWEST     54
 AVERAGE    67

..........................................................


THE FORT LAUDERDALE CLIMATE NORMALS FOR TOMORROW
                         NORMAL    RECORD    YEAR
 MAXIMUM TEMPERATURE (F)   76        86      1957
 MINIMUM TEMPERATURE (F)   61        33      1977


SUNRISE AND SUNSET
JANUARY 16 2017.......SUNRISE   709 AM EST   SUNSET   552 PM EST
JANUARY 17 2017.......SUNRISE   709 AM EST   SUNSET   553 PM EST


-  INDICATES NEGATIVE NUMBERS.
R  INDICATES RECORD WAS SET OR TIED.
MM INDICATES DATA IS MISSING.
T  INDICATES TRACE AMOUNT.




$$
