363
CDUS42 KMFL 042121
CLIFLL


CLIMATE REPORT
NATIONAL WEATHER SERVICE MIAMI, FL
421 PM EST SUN DEC 4 2016


...................................

...THE FORT LAUDERDALE CLIMATE SUMMARY FOR DECEMBER 4 2016...
VALID TODAY AS OF 0400 PM LOCAL TIME.

CLIMATE NORMAL PERIOD 1981 TO 2010
CLIMATE RECORD PERIOD 1912 TO 2016


WEATHER ITEM   OBSERVED TIME   RECORD YEAR NORMAL DEPARTURE LAST
                VALUE   (LST)  VALUE       VALUE  FROM      YEAR
                                                  NORMAL
..................................................................
TEMPERATURE (F)
 TODAY
  MAXIMUM         81   1132 AM  88    1983  79      2       77
  MINIMUM         75    706 AM  43    1954  66      9       70
  AVERAGE         78                        73      5       74

PRECIPITATION (IN)
  TODAY            T             2.52 2015   0.09  -0.09     2.52
  MONTH TO DATE    0.67                      0.32   0.35     4.17
  SINCE NOV 1      1.71                      3.56  -1.85     9.05
  SINCE JAN 1     47.38                     60.04 -12.66    45.78

SNOWFALL (IN)
  TODAY            0.0
  MONTH TO DATE    0.0
  SINCE DEC 1      0.0
  SINCE JUL 1      0.0
  SNOW DEPTH       0

DEGREE DAYS
 HEATING
  TODAY            0                         0      0        0
  MONTH TO DATE    0                         0      0        0
  SINCE DEC 1      0                         0      0        0
  SINCE JUL 1      0                         2     -2        0

 COOLING
  TODAY           13                         8      5        9
  MONTH TO DATE   47                        33     14       40
  SINCE DEC 1     47                        33     14       40
  SINCE JAN 1   4573                      4546     27     4833
..................................................................


WIND (MPH)
  HIGHEST WIND SPEED    20   HIGHEST WIND DIRECTION     E (100)
  HIGHEST GUST SPEED    23   HIGHEST GUST DIRECTION     E (90)
  AVERAGE WIND SPEED    14.6


SKY COVER
  AVERAGE SKY COVER 0.9


WEATHER CONDITIONS
 THE FOLLOWING WEATHER WAS RECORDED TODAY.
  LIGHT RAIN


RELATIVE HUMIDITY (PERCENT)
 HIGHEST    79
 LOWEST     64
 AVERAGE    72

..........................................................


THE FORT LAUDERDALE CLIMATE NORMALS FOR TOMORROW
                         NORMAL    RECORD    YEAR
 MAXIMUM TEMPERATURE (F)   79        87      1978
 MINIMUM TEMPERATURE (F)   66        40      1957


SUNRISE AND SUNSET
DECEMBER  4 2016......SUNRISE   653 AM EST   SUNSET   529 PM EST
DECEMBER  5 2016......SUNRISE   654 AM EST   SUNSET   529 PM EST


-  INDICATES NEGATIVE NUMBERS.
R  INDICATES RECORD WAS SET OR TIED.
MM INDICATES DATA IS MISSING.
T  INDICATES TRACE AMOUNT.




$$
