000
CDUS42 KMFL 202021
CLIFLL


CLIMATE REPORT
NATIONAL WEATHER SERVICE MIAMI, FL
421 PM EDT SAT SEP 20 2014


...................................

...THE FORT LAUDERDALE CLIMATE SUMMARY FOR SEPTEMBER 20 2014...
VALID TODAY AS OF 0400 PM LOCAL TIME.

CLIMATE NORMAL PERIOD 1981 TO 2010
CLIMATE RECORD PERIOD 1839 TO 2014


WEATHER ITEM   OBSERVED TIME   RECORD YEAR NORMAL DEPARTURE LAST
                VALUE   (LST)  VALUE       VALUE  FROM      YEAR
                                                  NORMAL
..................................................................
TEMPERATURE (F)
 TODAY
  MAXIMUM         90   1257 PM  94    1973  89      1       87
  MINIMUM         73    300 PM  68    1949  77     -4       75
  AVERAGE         82                        83     -1       81

PRECIPITATION (IN)
  TODAY            1.03          3.00 2005   0.32   0.71     0.17
  MONTH TO DATE    6.44                      5.81   0.63     2.62
  SINCE JUN 1     29.97                     29.39   0.58    34.87
  SINCE JAN 1     50.57                     46.88   3.69    59.65

SNOWFALL (IN)
  TODAY            0.0
  MONTH TO DATE    0.0
  SINCE SEP 1      0.0
  SINCE JUL 1      0.0
  SNOW DEPTH       0

DEGREE DAYS
 HEATING
  TODAY            0                         0      0
  MONTH TO DATE    0                         0      0
  SINCE SEP 1      0                         0      0
  SINCE JUL 1      0                         0      0

 COOLING
  TODAY           17                        18     -1
  MONTH TO DATE  379                       366     13
  SINCE SEP 1    379                       366     13
  SINCE JAN 1   3689                      3532    157
..................................................................


WIND (MPH)
  HIGHEST WIND SPEED    10   HIGHEST WIND DIRECTION     S (190)
  HIGHEST GUST SPEED    MM   HIGHEST GUST DIRECTION    MM
  AVERAGE WIND SPEED     5.0


SKY COVER
  AVERAGE SKY COVER 0.5


WEATHER CONDITIONS
 THE FOLLOWING WEATHER WAS RECORDED TODAY.
  THUNDERSTORM
  HEAVY RAIN
  LIGHT RAIN
  FOG


RELATIVE HUMIDITY (PERCENT)
 HIGHEST    94
 LOWEST     56
 AVERAGE    75

..........................................................


THE FORT LAUDERDALE CLIMATE NORMALS FOR TOMORROW
                         NORMAL    RECORD    YEAR
 MAXIMUM TEMPERATURE (F)   89        94      1987
 MINIMUM TEMPERATURE (F)   77        68      1925
                                             1913


SUNRISE AND SUNSET
SEPTEMBER 20 2014.....SUNRISE   708 AM EDT   SUNSET   719 PM EDT
SEPTEMBER 21 2014.....SUNRISE   709 AM EDT   SUNSET   718 PM EDT


-  INDICATES NEGATIVE NUMBERS.
R  INDICATES RECORD WAS SET OR TIED.
MM INDICATES DATA IS MISSING.
T  INDICATES TRACE AMOUNT.




$$
