000
CDUS42 KMFL 230830
CLIFLL


CLIMATE REPORT
NATIONAL WEATHER SERVICE MIAMI, FL
430 AM EDT THU OCT 23 2014


...................................

...THE FORT LAUDERDALE CLIMATE SUMMARY FOR OCTOBER 22 2014...

CLIMATE NORMAL PERIOD 1981 TO 2010
CLIMATE RECORD PERIOD 1839 TO 2014


WEATHER ITEM   OBSERVED TIME   RECORD YEAR NORMAL DEPARTURE LAST
                VALUE   (LST)  VALUE       VALUE  FROM      YEAR
                                                  NORMAL
..................................................................
TEMPERATURE (F)
 YESTERDAY
  MAXIMUM         84   1105 AM  90    1959  85     -1       88
  MINIMUM         74    136 AM  47    1976  74      0       77
  AVERAGE         79                        80     -1       83

PRECIPITATION (IN)
  YESTERDAY        0.03          5.10 1966   0.16  -0.13     0.05
  MONTH TO DATE    2.10                      5.30  -3.20     3.09
  SINCE JUN 1     35.47                     37.47  -2.00    39.07
  SINCE JAN 1     56.07                     54.96   1.11    63.85

SNOWFALL (IN)
  YESTERDAY        0.0
  MONTH TO DATE    0.0
  SINCE SEP 1      0.0
  SINCE JUL 1      0.0
  SNOW DEPTH       0

DEGREE DAYS
 HEATING
  YESTERDAY        0                         0      0        0
  MONTH TO DATE    0                         0      0        0
  SINCE SEP 1      0                         0      0        0
  SINCE JUL 1      0                         0      0        0

 COOLING
  YESTERDAY       14                        15     -1       18
  MONTH TO DATE  367                       358      9      346
  SINCE SEP 1    922                       904     18      859
  SINCE JAN 1   4232                      4070    162     3906
..................................................................


WIND (MPH)
  HIGHEST WIND SPEED    10   HIGHEST WIND DIRECTION    NE (60)
  HIGHEST GUST SPEED    13   HIGHEST GUST DIRECTION    NE (60)
  AVERAGE WIND SPEED     2.9


SKY COVER
  AVERAGE SKY COVER 0.9


WEATHER CONDITIONS
 THE FOLLOWING WEATHER WAS RECORDED YESTERDAY.
  LIGHT RAIN


RELATIVE HUMIDITY (PERCENT)
 HIGHEST    87
 LOWEST     65
 AVERAGE    76

..........................................................


THE FORT LAUDERDALE CLIMATE NORMALS FOR TODAY
                         NORMAL    RECORD    YEAR
 MAXIMUM TEMPERATURE (F)   85        92      2006
 MINIMUM TEMPERATURE (F)   74        52      1841


SUNRISE AND SUNSET
OCTOBER 23 2014.......SUNRISE   724 AM EDT   SUNSET   646 PM EDT
OCTOBER 24 2014.......SUNRISE   724 AM EDT   SUNSET   645 PM EDT


-  INDICATES NEGATIVE NUMBERS.
R  INDICATES RECORD WAS SET OR TIED.
MM INDICATES DATA IS MISSING.
T  INDICATES TRACE AMOUNT.




$$
