000
CDUS42 KMFL 021008
CLIFLL


CLIMATE REPORT
NATIONAL WEATHER SERVICE MIAMI, FL
508 AM EST MON MAR 2 2015


...................................

...THE FORT LAUDERDALE CLIMATE SUMMARY FOR MARCH 1 2015...

CLIMATE NORMAL PERIOD 1981 TO 2010
CLIMATE RECORD PERIOD 1839 TO 2015


WEATHER ITEM   OBSERVED TIME   RECORD YEAR NORMAL DEPARTURE LAST
                VALUE   (LST)  VALUE       VALUE  FROM      YEAR
                                                  NORMAL
..................................................................
TEMPERATURE (F)
 YESTERDAY
  MAXIMUM         80    234 PM  87    2011  79      1       81
                                      1929
  MINIMUM         71    351 AM  40    1920  65      6       59
  AVERAGE         76                        72      4       70

PRECIPITATION (IN)
  YESTERDAY        0.01          1.95 1980   0.07  -0.06     0.00
  MONTH TO DATE    0.01                      0.07  -0.06     0.00
  SINCE NOV 1     12.46                     12.36   0.10    17.63
  SINCE JAN 1      7.35                      6.66   0.69     5.51

SNOWFALL (IN)
  YESTERDAY        0.0
  MONTH TO DATE    0.0
  SINCE MAR 1      0.0
  SINCE JUL 1      0.0
  SNOW DEPTH       0

DEGREE DAYS
 HEATING
  YESTERDAY        0                         1     -1        0
  MONTH TO DATE    0                         1     -1        0
  SINCE MAR 1      0                         1     -1        0
  SINCE JUL 1     97                       103     -6       80

 COOLING
  YESTERDAY       11                         7      4        5
  MONTH TO DATE   11                         7      4        5
  SINCE MAR 1     11                         7      4        5
  SINCE JAN 1    292                       363    -71      393
..................................................................


WIND (MPH)
  HIGHEST WIND SPEED    21   HIGHEST WIND DIRECTION     E (110)
  HIGHEST GUST SPEED    24   HIGHEST GUST DIRECTION     E (90)
  AVERAGE WIND SPEED    13.3


SKY COVER
  AVERAGE SKY COVER 0.4


WEATHER CONDITIONS
 THE FOLLOWING WEATHER WAS RECORDED YESTERDAY.
  LIGHT RAIN


RELATIVE HUMIDITY (PERCENT)
 HIGHEST    93
 LOWEST     74
 AVERAGE    84

..........................................................


THE FORT LAUDERDALE CLIMATE NORMALS FOR TODAY
                         NORMAL    RECORD    YEAR
 MAXIMUM TEMPERATURE (F)   79        90      2003
 MINIMUM TEMPERATURE (F)   65        32      1920


SUNRISE AND SUNSET
MARCH  2 2015.........SUNRISE   643 AM EST   SUNSET   623 PM EST
MARCH  3 2015.........SUNRISE   642 AM EST   SUNSET   623 PM EST


-  INDICATES NEGATIVE NUMBERS.
R  INDICATES RECORD WAS SET OR TIED.
MM INDICATES DATA IS MISSING.
T  INDICATES TRACE AMOUNT.




$$
