000
CDUS42 KMFL 270827
CLIFLL


CLIMATE REPORT
NATIONAL WEATHER SERVICE MIAMI, FL
426 AM EDT WED JUL 27 2016


...................................

...THE FORT LAUDERDALE CLIMATE SUMMARY FOR JULY 26 2016...

CLIMATE NORMAL PERIOD 1981 TO 2010
CLIMATE RECORD PERIOD 1912 TO 2016


WEATHER ITEM   OBSERVED TIME   RECORD YEAR NORMAL DEPARTURE LAST
                VALUE   (LST)  VALUE       VALUE  FROM      YEAR
                                                  NORMAL
..................................................................
TEMPERATURE (F)
 YESTERDAY
  MAXIMUM         91    105 PM  96    1969  91      0       89
  MINIMUM         78    953 PM  66    1926  79     -1       77
  AVERAGE         85                        85      0       83

PRECIPITATION (IN)
  YESTERDAY        0.54          2.50 1924   0.17   0.37      T
  MONTH TO DATE    2.04                      5.09  -3.05     2.69
  SINCE JUN 1     11.09                     15.25  -4.16     3.78
  SINCE JAN 1     30.04                     32.74  -2.70    17.83

SNOWFALL (IN)
  YESTERDAY        0.0
  MONTH TO DATE    0.0
  SINCE JUN 1      0.0
  SINCE JUL 1      0.0
  SNOW DEPTH       0

DEGREE DAYS
 HEATING
  YESTERDAY        0                         0      0        0
  MONTH TO DATE    0                         0      0        0
  SINCE JUN 1      0                         0      0        0
  SINCE JUL 1      0                         0      0        0

 COOLING
  YESTERDAY       20                        20      0       18
  MONTH TO DATE  530                       501     29      517
  SINCE JUN 1   1091                      1044     47     1079
  SINCE JAN 1   2505                      2462     43     2615
..................................................................


WIND (MPH)
  HIGHEST WIND SPEED    24   HIGHEST WIND DIRECTION    SE (150)
  HIGHEST GUST SPEED    32   HIGHEST GUST DIRECTION    SE (150)
  AVERAGE WIND SPEED     9.1


SKY COVER
  AVERAGE SKY COVER 0.5


WEATHER CONDITIONS
 THE FOLLOWING WEATHER WAS RECORDED YESTERDAY.
  THUNDERSTORM
  HEAVY RAIN
  RAIN
  LIGHT RAIN
  FOG


RELATIVE HUMIDITY (PERCENT)
 HIGHEST    91
 LOWEST     59
 AVERAGE    75

..........................................................


THE FORT LAUDERDALE CLIMATE NORMALS FOR TODAY
                         NORMAL    RECORD    YEAR
 MAXIMUM TEMPERATURE (F)   91        95      1983
                                             1980
                                             1969
 MINIMUM TEMPERATURE (F)   79        69      1928


SUNRISE AND SUNSET
JULY 27 2016..........SUNRISE   644 AM EDT   SUNSET   810 PM EDT
JULY 28 2016..........SUNRISE   645 AM EDT   SUNSET   809 PM EDT


-  INDICATES NEGATIVE NUMBERS.
R  INDICATES RECORD WAS SET OR TIED.
MM INDICATES DATA IS MISSING.
T  INDICATES TRACE AMOUNT.




$$
