000
CDUS42 KILM 292041
CLIFLO


CLIMATE REPORT
NATIONAL WEATHER SERVICE WILMINGTON NC
441 PM EDT SUN MAR 29 2015


...................................

...THE FLORENCE SC CLIMATE SUMMARY FOR MARCH 29 2015...
VALID TODAY AS OF 0400 PM LOCAL TIME.

CLIMATE NORMAL PERIOD 1981 TO 2010
CLIMATE RECORD PERIOD 1948 TO 2015


WEATHER ITEM   OBSERVED TIME   RECORD YEAR NORMAL DEPARTURE LAST
                VALUE   (LST)  VALUE       VALUE  FROM      YEAR
                                                  NORMAL
..................................................................
TEMPERATURE (F)
 TODAY
  MAXIMUM         54    259 PM  89    1985  71    -17       78
  MINIMUM         28R   612 AM  28    1966  47    -19       60
  AVERAGE         41                        59    -18       69

PRECIPITATION (IN)
  TODAY            0.00          2.45 1991   0.11  -0.11     1.14
  MONTH TO DATE    3.40                      3.12   0.28     4.55
  SINCE MAR 1      3.40                      3.12   0.28     4.55
  SINCE JAN 1     10.33                      9.27   1.06    10.27

SNOWFALL (IN)
  TODAY           MM
  MONTH TO DATE   MM
  SINCE MAR 1     MM
  SINCE JUL 1     MM
  SNOW DEPTH      MM

DEGREE DAYS
 HEATING
  TODAY           24                         7     17        0
  MONTH TO DATE  238                       295    -57      428
  SINCE MAR 1    238                       295    -57      428
  SINCE JUL 1   2476                      2361    115     2557

 COOLING
  TODAY            0                         1     -1        4
  MONTH TO DATE   24                        16      8        4
  SINCE MAR 1     24                        16      8        4
  SINCE JAN 1     27                        22      5       10
..................................................................


WIND (MPH)
  HIGHEST WIND SPEED    16   HIGHEST WIND DIRECTION    NE (50)
  HIGHEST GUST SPEED    20   HIGHEST GUST DIRECTION    NE (50)
  AVERAGE WIND SPEED     8.2


SKY COVER
  POSSIBLE SUNSHINE  MM
  AVERAGE SKY COVER 0.0


WEATHER CONDITIONS
 THE FOLLOWING WEATHER WAS RECORDED TODAY.
  NO SIGNIFICANT WEATHER WAS OBSERVED.


RELATIVE HUMIDITY (PERCENT)
 HIGHEST    54           700 AM
 LOWEST     16           300 PM
 AVERAGE    35

..........................................................


THE FLORENCE SC CLIMATE NORMALS FOR TOMORROW
                         NORMAL    RECORD    YEAR
 MAXIMUM TEMPERATURE (F)   72        89      1985
 MINIMUM TEMPERATURE (F)   47        30      1964


SUNRISE AND SUNSET
MARCH 29 2015.........SUNRISE   711 AM EDT   SUNSET   737 PM EDT
MARCH 30 2015.........SUNRISE   709 AM EDT   SUNSET   738 PM EDT


-  INDICATES NEGATIVE NUMBERS.
R  INDICATES RECORD WAS SET OR TIED.
MM INDICATES DATA IS MISSING.
T  INDICATES TRACE AMOUNT.




$$
