659
CDUS42 KILM 282043
CLIFLO


CLIMATE REPORT
NATIONAL WEATHER SERVICE WILMINGTON NC
441 PM EDT FRI APR 28 2017


...................................

...THE FLORENCE SC CLIMATE SUMMARY FOR APRIL 28 2017...
VALID TODAY AS OF 0400 PM LOCAL TIME.

CLIMATE NORMAL PERIOD 1981 TO 2010
CLIMATE RECORD PERIOD 1948 TO 2017


WEATHER ITEM   OBSERVED TIME   RECORD YEAR NORMAL DEPARTURE LAST
                VALUE   (LST)  VALUE       VALUE  FROM      YEAR
                                                  NORMAL
..................................................................
TEMPERATURE (F)
 TODAY
  MAXIMUM         90    159 PM  97    1981  79     11       86
  MINIMUM         69    555 AM  40    2005  54     15       66
                                      1967
  AVERAGE         80                        66     14       76

PRECIPITATION (IN)
  TODAY            0.00          1.19 1997   0.08  -0.08      T
  MONTH TO DATE    4.55                      2.45   2.10     5.34
  SINCE MAR 1      6.15                      5.78   0.37     6.97
  SINCE JAN 1     11.02                     11.93  -0.91    14.43

SNOWFALL (IN)
  TODAY           MM
  MONTH TO DATE   MM
  SINCE MAR 1     MM
  SINCE JUL 1     MM
  SNOW DEPTH      MM

DEGREE DAYS
 HEATING
  TODAY            0                         2     -2        0
  MONTH TO DATE   49                       119    -70      113
  SINCE MAR 1    380                       429    -49      278
  SINCE JUL 1   1825                      2495   -670     1938

 COOLING
  TODAY           15                         4     11       11
  MONTH TO DATE  108                        63     45       62
  SINCE MAR 1    148                        81     67      110
  SINCE JAN 1    161                        87     74      111
..................................................................


WIND (MPH)
  HIGHEST WIND SPEED    17   HIGHEST WIND DIRECTION    SW (210)
  HIGHEST GUST SPEED    22   HIGHEST GUST DIRECTION    SW (210)
  AVERAGE WIND SPEED     8.5


SKY COVER
  POSSIBLE SUNSHINE  MM
  AVERAGE SKY COVER 0.3


WEATHER CONDITIONS
 THE FOLLOWING WEATHER WAS RECORDED TODAY.
  FOG


RELATIVE HUMIDITY (PERCENT)
 HIGHEST   100           400 AM
 LOWEST     50           100 PM
 AVERAGE    75

..........................................................


THE FLORENCE SC CLIMATE NORMALS FOR TOMORROW
                         NORMAL    RECORD    YEAR
 MAXIMUM TEMPERATURE (F)   79        91      1981
 MINIMUM TEMPERATURE (F)   54        38      1988


SUNRISE AND SUNSET
APRIL 28 2017.........SUNRISE   632 AM EDT   SUNSET   801 PM EDT
APRIL 29 2017.........SUNRISE   631 AM EDT   SUNSET   802 PM EDT


-  INDICATES NEGATIVE NUMBERS.
R  INDICATES RECORD WAS SET OR TIED.
MM INDICATES DATA IS MISSING.
T  INDICATES TRACE AMOUNT.




$$
