000
CDUS42 KILM 272141
CLIFLO


CLIMATE REPORT
NATIONAL WEATHER SERVICE WILMINGTON NC
441 PM EST TUE JAN 27 2015


...................................

...THE FLORENCE SC CLIMATE SUMMARY FOR JANUARY 27 2015...
VALID TODAY AS OF 0400 PM LOCAL TIME.

CLIMATE NORMAL PERIOD 1981 TO 2010
CLIMATE RECORD PERIOD 1948 TO 2015


WEATHER ITEM   OBSERVED TIME   RECORD YEAR NORMAL DEPARTURE LAST
                VALUE   (LST)  VALUE       VALUE  FROM      YEAR
                                                  NORMAL
..................................................................
TEMPERATURE (F)
 TODAY
  MAXIMUM         49    359 PM  81    1974  56     -7       70
  MINIMUM         32    731 AM  15    1985  35     -3       43
  AVERAGE         41                        46     -5       57

PRECIPITATION (IN)
  TODAY            0.00          1.19 1976   0.10  -0.10     0.00
  MONTH TO DATE    2.43                      2.82  -0.39     2.01
  SINCE DEC 1      5.63                      5.83  -0.20     6.34
  SINCE JAN 1      2.43                      2.82  -0.39     2.01

SNOWFALL (IN)
  TODAY           MM
  MONTH TO DATE   MM
  SINCE DEC 1     MM
  SINCE JUL 1     MM
  SNOW DEPTH      MM

DEGREE DAYS
 HEATING
  TODAY           24                        19      5        8
  MONTH TO DATE  526                       546    -20      606
  SINCE DEC 1    995                      1103   -108     1048
  SINCE JUL 1   1495                      1525    -30     1518

 COOLING
  TODAY            0                         0      0        0
  MONTH TO DATE    3                         0      3        0
  SINCE DEC 1      3                         4     -1       18
  SINCE JAN 1      3                         0      3        0
..................................................................


WIND (MPH)
  HIGHEST WIND SPEED    20   HIGHEST WIND DIRECTION     N (350)
  HIGHEST GUST SPEED    25   HIGHEST GUST DIRECTION     N (350)
  AVERAGE WIND SPEED    10.9


SKY COVER
  POSSIBLE SUNSHINE  MM
  AVERAGE SKY COVER 0.3


WEATHER CONDITIONS
 THE FOLLOWING WEATHER WAS RECORDED TODAY.
  NO SIGNIFICANT WEATHER WAS OBSERVED.


RELATIVE HUMIDITY (PERCENT)
 HIGHEST    69           700 AM
 LOWEST     23           300 PM
 AVERAGE    46

..........................................................


THE FLORENCE SC CLIMATE NORMALS FOR TOMORROW
                         NORMAL    RECORD    YEAR
 MAXIMUM TEMPERATURE (F)   56        82      1974
 MINIMUM TEMPERATURE (F)   35        12      1986


SUNRISE AND SUNSET
JANUARY 27 2015.......SUNRISE   720 AM EST   SUNSET   544 PM EST
JANUARY 28 2015.......SUNRISE   719 AM EST   SUNSET   545 PM EST


-  INDICATES NEGATIVE NUMBERS.
R  INDICATES RECORD WAS SET OR TIED.
MM INDICATES DATA IS MISSING.
T  INDICATES TRACE AMOUNT.




$$
