000
CDUS42 KILM 282141
CLIFLO


CLIMATE REPORT
NATIONAL WEATHER SERVICE WILMINGTON NC
441 PM EST FRI NOV 28 2014


...................................

...THE FLORENCE SC CLIMATE SUMMARY FOR NOVEMBER 28 2014...
VALID TODAY AS OF 0400 PM LOCAL TIME.

CLIMATE NORMAL PERIOD 1981 TO 2010
CLIMATE RECORD PERIOD 1948 TO 2014


WEATHER ITEM   OBSERVED TIME   RECORD YEAR NORMAL DEPARTURE LAST
                VALUE   (LST)  VALUE       VALUE  FROM      YEAR
                                                  NORMAL
..................................................................
TEMPERATURE (F)
 TODAY
  MAXIMUM         49    240 PM  84    1990  63    -14       48
  MINIMUM         29    705 AM  23    1956  40    -11       24
  AVERAGE         39                        52    -13       36

PRECIPITATION (IN)
  TODAY            0.00          1.53 1948   0.10  -0.10     0.00
  MONTH TO DATE    3.56                      2.49   1.07     2.16
  SINCE SEP 1     13.30                      9.24   4.06     3.88
  SINCE JAN 1     41.29                     39.72   1.57    50.34

SNOWFALL (IN)
  TODAY           MM
  MONTH TO DATE   MM
  SINCE SEP 1     MM
  SINCE JUL 1     MM
  SNOW DEPTH      MM

DEGREE DAYS
 HEATING
  TODAY           26                        14     12       29
  MONTH TO DATE  398                       277    121      342
  SINCE SEP 1    467                       394     73      424
  SINCE JUL 1    467                       394     73      424

 COOLING
  TODAY            0                         0      0        0
  MONTH TO DATE    6                        16    -10       16
  SINCE SEP 1    450                       388     62      419
  SINCE JAN 1   2282                      2058    224     2046
..................................................................


WIND (MPH)
  HIGHEST WIND SPEED    17   HIGHEST WIND DIRECTION     N (20)
  HIGHEST GUST SPEED    22   HIGHEST GUST DIRECTION    NE (30)
  AVERAGE WIND SPEED     7.2


SKY COVER
  POSSIBLE SUNSHINE  MM
  AVERAGE SKY COVER 0.0


WEATHER CONDITIONS
 THE FOLLOWING WEATHER WAS RECORDED TODAY.
  NO SIGNIFICANT WEATHER WAS OBSERVED.


RELATIVE HUMIDITY (PERCENT)
 HIGHEST    78           600 AM
 LOWEST     31           300 PM
 AVERAGE    55

..........................................................


THE FLORENCE SC CLIMATE NORMALS FOR TOMORROW
                         NORMAL    RECORD    YEAR
 MAXIMUM TEMPERATURE (F)   63        80      2001
 MINIMUM TEMPERATURE (F)   40        23      2002
                                             1955


SUNRISE AND SUNSET
NOVEMBER 28 2014......SUNRISE   704 AM EST   SUNSET   510 PM EST
NOVEMBER 29 2014......SUNRISE   705 AM EST   SUNSET   509 PM EST


-  INDICATES NEGATIVE NUMBERS.
R  INDICATES RECORD WAS SET OR TIED.
MM INDICATES DATA IS MISSING.
T  INDICATES TRACE AMOUNT.




$$
