000
CDUS42 KTBW 240831
CLIFMY


CLIMATE REPORT
NATIONAL WEATHER SERVICE TAMPA BAY FL
429 AM EDT MON APR 24 2017


...................................

...THE FORT MYERS CLIMATE SUMMARY FOR APRIL 23 2017...

CLIMATE NORMAL PERIOD 1981 TO 2010
CLIMATE RECORD PERIOD 1902 TO 2017


WEATHER ITEM   OBSERVED TIME   RECORD YEAR NORMAL DEPARTURE LAST
                VALUE   (LST)  VALUE       VALUE  FROM      YEAR
                                                  NORMAL
..................................................................
TEMPERATURE (F)
 YESTERDAY
  MAXIMUM         MM        MM  94    1944  86     MM       86
  MINIMUM         MM        MM  50    1993  64     MM       70
  AVERAGE         MM                        75     MM       78

PRECIPITATION (IN)
  YESTERDAY        2.10R         1.78 1935   0.06   2.04     0.00
  MONTH TO DATE    2.49                      1.69   0.80     0.39
  SINCE MAR 1      2.65                      4.57  -1.92     1.45
  SINCE JAN 1      4.90                      8.66  -3.76    16.56

DEGREE DAYS
 HEATING
  YESTERDAY       MM                         0     MM        0
  MONTH TO DATE    0                         0      0        0
  SINCE MAR 1     11                        24    -13        9
  SINCE JUL 1     76                       284   -208      204

 COOLING
  YESTERDAY       MM                        10     MM       13
  MONTH TO DATE  133                       194    -61      206
  SINCE MAR 1    376                       370      6      451
  SINCE JAN 1    718                       555    163      562
..................................................................


WIND (MPH)
  RESULTANT WIND SPEED   4   RESULTANT WIND DIRECTION   E (80)
  HIGHEST WIND SPEED     9   HIGHEST WIND DIRECTION    SE (120)
  HIGHEST GUST SPEED    MM   HIGHEST GUST DIRECTION    MM
  AVERAGE WIND SPEED     5.2


SKY COVER
  POSSIBLE SUNSHINE  MM
  AVERAGE SKY COVER 0.7


WEATHER CONDITIONS
 THE FOLLOWING WEATHER WAS RECORDED YESTERDAY.
  THUNDERSTORM
  HEAVY RAIN
  RAIN
  LIGHT RAIN
  FOG


RELATIVE HUMIDITY (PERCENT)
 HIGHEST   100           600 AM
 LOWEST     67           600 PM

..........................................................


THE FORT MYERS CLIMATE NORMALS FOR TODAY
                         NORMAL    RECORD    YEAR
 MAXIMUM TEMPERATURE (F)   86        92      2002
                                             1975
                                             1963
 MINIMUM TEMPERATURE (F)   64        51      1986


SUNRISE AND SUNSET
APRIL 24 2017.........SUNRISE   655 AM EDT   SUNSET   756 PM EDT
APRIL 25 2017.........SUNRISE   654 AM EDT   SUNSET   757 PM EDT


-  INDICATES NEGATIVE NUMBERS.
R  INDICATES RECORD WAS SET OR TIED.
MM INDICATES DATA IS MISSING.
T  INDICATES TRACE AMOUNT.




$$


&&
------------------------------------------------------------------
******************** SUPPLEMENTAL DATA ***************************

...GULF WATER TEMPERATURE AT FORT MYERS BEACH 77 DEGREES
