000
CDUS42 KTBW 160841
CLIFMY


CLIMATE REPORT
NATIONAL WEATHER SERVICE TAMPA BAY FL
438 AM EDT WED APR 16 2014


...................................

...THE FORT MYERS CLIMATE SUMMARY FOR APRIL 15 2014...

CLIMATE NORMAL PERIOD 1981 TO 2010
CLIMATE RECORD PERIOD 1902 TO 2014


WEATHER ITEM   OBSERVED TIME   RECORD YEAR NORMAL DEPARTURE LAST
                VALUE   (LST)  VALUE       VALUE  FROM      YEAR
                                                  NORMAL
..................................................................
TEMPERATURE (F)
 YESTERDAY
  MAXIMUM         86   1127 AM  91    2013  85      1       91
                                      1994
                                      1981
  MINIMUM         71   1159 PM  49    1963  63      8       66
  AVERAGE         79                        74      5       79

PRECIPITATION (IN)
  YESTERDAY        0.00          2.36 1930   0.07  -0.07     0.10
  MONTH TO DATE    0.92                      1.13  -0.21     1.44
  SINCE MAR 1      4.11                      4.01   0.10     2.22
  SINCE JAN 1      7.55                      8.10  -0.55     4.70

DEGREE DAYS
 HEATING
  YESTERDAY        0                         0      0        0
  MONTH TO DATE    0                         0      0        0
  SINCE MAR 1      9                        24    -15       85
  SINCE JUL 1    178                       284   -106      201

 COOLING
  YESTERDAY       14                         9      5       14
  MONTH TO DATE  139                       119     20      166
  SINCE MAR 1    300                       295      5      237
  SINCE JAN 1    561                       480     81      548
..................................................................


WIND (MPH)
  RESULTANT WIND SPEED   7   RESULTANT WIND DIRECTION  SW (220)
  HIGHEST WIND SPEED    20   HIGHEST WIND DIRECTION     W (250)
  HIGHEST GUST SPEED    28   HIGHEST GUST DIRECTION     S (180)
  AVERAGE WIND SPEED    11.0


SKY COVER
  POSSIBLE SUNSHINE  MM
  AVERAGE SKY COVER 0.5


WEATHER CONDITIONS
 THE FOLLOWING WEATHER WAS RECORDED YESTERDAY.
  NO SIGNIFICANT WEATHER WAS OBSERVED.


RELATIVE HUMIDITY (PERCENT)
 HIGHEST    93          1200 AM
 LOWEST     61          1100 AM

..........................................................


THE FORT MYERS CLIMATE NORMALS FOR TODAY
                         NORMAL    RECORD    YEAR
 MAXIMUM TEMPERATURE (F)   85        94      2013
 MINIMUM TEMPERATURE (F)   63        44      1950


SUNRISE AND SUNSET
APRIL 16 2014.........SUNRISE   703 AM EDT   SUNSET   752 PM EDT
APRIL 17 2014.........SUNRISE   702 AM EDT   SUNSET   752 PM EDT


-  INDICATES NEGATIVE NUMBERS.
R  INDICATES RECORD WAS SET OR TIED.
MM INDICATES DATA IS MISSING.
T  INDICATES TRACE AMOUNT.




$$


&&
------------------------------------------------------------------
******************** SUPPLEMENTAL DATA ***************************

...GULF WATER TEMPERATURE AT NAPLES 78 DEGREES
