000
CDUS42 KTBW 210932
CLIFMY


CLIMATE REPORT
NATIONAL WEATHER SERVICE TAMPA BAY FL
431 AM EST WED FEB 21 2018


...................................

...THE FORT MYERS CLIMATE SUMMARY FOR FEBRUARY 20 2018...

CLIMATE NORMAL PERIOD 1981 TO 2010
CLIMATE RECORD PERIOD 1902 TO 2018


WEATHER ITEM   OBSERVED TIME   RECORD YEAR NORMAL DEPARTURE LAST
                VALUE   (LST)  VALUE       VALUE  FROM      YEAR
                                                  NORMAL
..................................................................
TEMPERATURE (F)
 YESTERDAY
  MAXIMUM         88    255 PM  89    1989  78     10       87
  MINIMUM         72    627 AM  35    2015  57     15       60
  AVERAGE         80                        67     13       74

PRECIPITATION (IN)
  YESTERDAY        0.00          5.06 1902   0.08  -0.08     0.00
  MONTH TO DATE    0.74                      1.49  -0.75     0.10
  SINCE DEC 1      3.35                      5.14  -1.79     1.87
  SINCE JAN 1      1.90                      3.43  -1.53     1.63

DEGREE DAYS
 HEATING
  YESTERDAY        0                         2     -2        0
  MONTH TO DATE    0                        46    -46        1
  SINCE DEC 1    181                       229    -48       60
  SINCE JUL 1    186                       247    -61       65

 COOLING
  YESTERDAY       15                         4     11        9
  MONTH TO DATE  185                        70    115      118
  SINCE DEC 1    434                       274    160      547
  SINCE JAN 1    265                       153    112      271
..................................................................


WIND (MPH)
  RESULTANT WIND SPEED  10   RESULTANT WIND DIRECTION  SE (120)
  HIGHEST WIND SPEED    20   HIGHEST WIND DIRECTION    SE (120)
  HIGHEST GUST SPEED    28   HIGHEST GUST DIRECTION     E (100)
  AVERAGE WIND SPEED    10.1


SKY COVER
  POSSIBLE SUNSHINE  MM
  AVERAGE SKY COVER 0.5


WEATHER CONDITIONS
 THE FOLLOWING WEATHER WAS RECORDED YESTERDAY.
  NO SIGNIFICANT WEATHER WAS OBSERVED.


RELATIVE HUMIDITY (PERCENT)
 HIGHEST    93           300 AM
 LOWEST     46           300 PM

..........................................................


THE FORT MYERS CLIMATE NORMALS FOR TODAY
                         NORMAL    RECORD    YEAR
 MAXIMUM TEMPERATURE (F)   78        91      1944
 MINIMUM TEMPERATURE (F)   57        30      1958


SUNRISE AND SUNSET
FEBRUARY 21 2018......SUNRISE   658 AM EST   SUNSET   624 PM EST
FEBRUARY 22 2018......SUNRISE   658 AM EST   SUNSET   625 PM EST


-  INDICATES NEGATIVE NUMBERS.
R  INDICATES RECORD WAS SET OR TIED.
MM INDICATES DATA IS MISSING.
T  INDICATES TRACE AMOUNT.




$$


&&
------------------------------------------------------------------
******************** SUPPLEMENTAL DATA ***************************

...GULF WATER TEMPERATURE AT FORT MYERS BEACH 75 DEGREES
