000
CDUS42 KTBW 242121
CLIFMY


CLIMATE REPORT
NATIONAL WEATHER SERVICE TAMPA BAY FL
519 PM EDT SAT SEP 24 2016


...................................

...THE FORT MYERS CLIMATE SUMMARY FOR SEPTEMBER 24 2016...
VALID TODAY AS OF 0500 PM LOCAL TIME.

CLIMATE NORMAL PERIOD 1981 TO 2010
CLIMATE RECORD PERIOD 1902 TO 2016


WEATHER ITEM   OBSERVED TIME   RECORD YEAR NORMAL DEPARTURE LAST
                VALUE   (LST)  VALUE       VALUE  FROM      YEAR
                                                  NORMAL
..................................................................
TEMPERATURE (F)
 TODAY
  MAXIMUM         91   1232 PM  96    1988  90      1       89
  MINIMUM         75    548 AM  67    1916  74      1       74
  AVERAGE         83                        82      1       82

PRECIPITATION (IN)
  TODAY            0.01          2.46 2013   0.24  -0.23     0.35
  MONTH TO DATE    6.13                      7.06  -0.93     7.83
  SINCE SEP 1      6.13                      7.06  -0.93     7.83
  SINCE JAN 1     59.61                     48.13  11.48    49.16

DEGREE DAYS
 HEATING
  TODAY            0                         0      0        0
  MONTH TO DATE    0                         0      0        0
  SINCE SEP 1      0                         0      0        0
  SINCE JUL 1      0                         0      0        0

 COOLING
  TODAY           18                        17      1       17
  MONTH TO DATE  445                       424     21      425
  SINCE SEP 1    445                       424     21      425
  SINCE JAN 1   3290                      3148    142     3442
..................................................................


WIND (MPH)
  RESULTANT WIND SPEED   1   RESULTANT WIND DIRECTION   N (20)
  HIGHEST WIND SPEED    12   HIGHEST WIND DIRECTION    NW (310)
  HIGHEST GUST SPEED    14   HIGHEST GUST DIRECTION    NW (310)
  AVERAGE WIND SPEED     2.0


SKY COVER
  POSSIBLE SUNSHINE  MM
  AVERAGE SKY COVER 0.2


WEATHER CONDITIONS
 THE FOLLOWING WEATHER WAS RECORDED TODAY.
  THUNDERSTORM
  LIGHT RAIN


RELATIVE HUMIDITY (PERCENT)
 HIGHEST   100           700 AM
 LOWEST     56           400 PM

..........................................................


THE FORT MYERS CLIMATE NORMALS FOR TOMORROW
                         NORMAL    RECORD    YEAR
 MAXIMUM TEMPERATURE (F)   90        95      1988
                                             1986
                                             1972
 MINIMUM TEMPERATURE (F)   74        64      1916


SUNRISE AND SUNSET
SEPTEMBER 24 2016.....SUNRISE   717 AM EDT   SUNSET   721 PM EDT
SEPTEMBER 25 2016.....SUNRISE   717 AM EDT   SUNSET   720 PM EDT


-  INDICATES NEGATIVE NUMBERS.
R  INDICATES RECORD WAS SET OR TIED.
MM INDICATES DATA IS MISSING.
T  INDICATES TRACE AMOUNT.




$$


&&
------------------------------------------------------------------
******************** SUPPLEMENTAL DATA ***************************

...GULF WATER TEMPERATURE AT FORT MYERS BEACH 88 DEGREES
