000
CDUS42 KTBW 250848
CLIFMY


CLIMATE REPORT
NATIONAL WEATHER SERVICE TAMPA BAY FL
447 AM EDT SAT MAR 25 2017


...................................

...THE FORT MYERS CLIMATE SUMMARY FOR MARCH 24 2017...

CLIMATE NORMAL PERIOD 1981 TO 2010
CLIMATE RECORD PERIOD 1902 TO 2017


WEATHER ITEM   OBSERVED TIME   RECORD YEAR NORMAL DEPARTURE LAST
                VALUE   (LST)  VALUE       VALUE  FROM      YEAR
                                                  NORMAL
..................................................................
TEMPERATURE (F)
 YESTERDAY
  MAXIMUM         85    410 PM  92    1949  81      4       85
  MINIMUM         64    646 AM  40    1950  60      4       62
  AVERAGE         75                        71      4       74

PRECIPITATION (IN)
  YESTERDAY        0.00          1.92 1983   0.10  -0.10     0.06
  MONTH TO DATE    0.16                      2.27  -2.11     0.54
  SINCE MAR 1      0.16                      2.27  -2.11     0.54
  SINCE JAN 1      2.41                      6.36  -3.95    15.65

DEGREE DAYS
 HEATING
  YESTERDAY        0                         0      0        0
  MONTH TO DATE   11                        21    -10        9
  SINCE MAR 1     11                        21    -10        9
  SINCE JUL 1     76                       281   -205      204

 COOLING
  YESTERDAY       10                         6      4        9
  MONTH TO DATE  164                       130     34      166
  SINCE MAR 1    164                       130     34      166
  SINCE JAN 1    506                       315    191      277
..................................................................


WIND (MPH)
  RESULTANT WIND SPEED  12   RESULTANT WIND DIRECTION   E (80)
  HIGHEST WIND SPEED    22   HIGHEST WIND DIRECTION     E (90)
  HIGHEST GUST SPEED    27   HIGHEST GUST DIRECTION     E (100)
  AVERAGE WIND SPEED    12.0


SKY COVER
  POSSIBLE SUNSHINE  MM
  AVERAGE SKY COVER 0.1


WEATHER CONDITIONS
 THE FOLLOWING WEATHER WAS RECORDED YESTERDAY.
  NO SIGNIFICANT WEATHER WAS OBSERVED.


RELATIVE HUMIDITY (PERCENT)
 HIGHEST    93           300 AM
 LOWEST     40           100 PM

..........................................................


THE FORT MYERS CLIMATE NORMALS FOR TODAY
                         NORMAL    RECORD    YEAR
 MAXIMUM TEMPERATURE (F)   81        92      1949
                                             1907
 MINIMUM TEMPERATURE (F)   61        42      1968


SUNRISE AND SUNSET
MARCH 25 2017.........SUNRISE   726 AM EDT   SUNSET   741 PM EDT
MARCH 26 2017.........SUNRISE   725 AM EDT   SUNSET   742 PM EDT


-  INDICATES NEGATIVE NUMBERS.
R  INDICATES RECORD WAS SET OR TIED.
MM INDICATES DATA IS MISSING.
T  INDICATES TRACE AMOUNT.




$$


&&
------------------------------------------------------------------
******************** SUPPLEMENTAL DATA ***************************

...GULF WATER TEMPERATURE AT FORT MYERS BEACH 70 DEGREES
