649
CDUS42 KTBW 070932
CLIFMY


CLIMATE REPORT
NATIONAL WEATHER SERVICE TAMPA BAY FL
429 AM EST SUN FEB 7 2016


...................................

...THE FORT MYERS CLIMATE SUMMARY FOR FEBRUARY 6 2016...

CLIMATE NORMAL PERIOD 1981 TO 2010
CLIMATE RECORD PERIOD 1902 TO 2016


WEATHER ITEM   OBSERVED TIME   RECORD YEAR NORMAL DEPARTURE LAST
                VALUE   (LST)  VALUE       VALUE  FROM      YEAR
                                                  NORMAL
..................................................................
TEMPERATURE (F)
 YESTERDAY
  MAXIMUM         68    101 PM  86    1989  76     -8       74
  MINIMUM         52    518 AM  33    1947  55     -3       52
                                      1917
  AVERAGE         60                        66     -6       63

PRECIPITATION (IN)
  YESTERDAY        0.67          1.30 1895   0.07   0.60     0.00
  MONTH TO DATE    1.08                      0.42   0.66     0.70
  SINCE DEC 1     17.66                      4.07  13.59     1.32
  SINCE JAN 1     14.06                      2.36  11.70     1.27

DEGREE DAYS
 HEATING
  YESTERDAY        5                         3      2        2
  MONTH TO DATE   12                        18     -6        6
  SINCE DEC 1    119                       201    -82      109
  SINCE JUL 1    119                       219   -100      150

 COOLING
  YESTERDAY        0                         3     -3        0
  MONTH TO DATE   37                        18     19        4
  SINCE DEC 1    359                       222    137      242
  SINCE JAN 1     81                       101    -20      104
..................................................................


WIND (MPH)
  RESULTANT WIND SPEED   7   RESULTANT WIND DIRECTION   N (10)
  HIGHEST WIND SPEED    18   HIGHEST WIND DIRECTION     N (340)
  HIGHEST GUST SPEED    25   HIGHEST GUST DIRECTION    NW (320)
  AVERAGE WIND SPEED     9.1


SKY COVER
  POSSIBLE SUNSHINE  MM
  AVERAGE SKY COVER 1.0


WEATHER CONDITIONS
 THE FOLLOWING WEATHER WAS RECORDED YESTERDAY.
  HEAVY RAIN
  RAIN
  LIGHT RAIN
  FOG


RELATIVE HUMIDITY (PERCENT)
 HIGHEST   100           700 PM
 LOWEST     71          1200 AM

..........................................................


THE FORT MYERS CLIMATE NORMALS FOR TODAY
                         NORMAL    RECORD    YEAR
 MAXIMUM TEMPERATURE (F)   76        86      1994
                                             1986
 MINIMUM TEMPERATURE (F)   55        33      1978


SUNRISE AND SUNSET
FEBRUARY  7 2016......SUNRISE   709 AM EST   SUNSET   614 PM EST
FEBRUARY  8 2016......SUNRISE   709 AM EST   SUNSET   615 PM EST


-  INDICATES NEGATIVE NUMBERS.
R  INDICATES RECORD WAS SET OR TIED.
MM INDICATES DATA IS MISSING.
T  INDICATES TRACE AMOUNT.




$$


&&
------------------------------------------------------------------
******************** SUPPLEMENTAL DATA ***************************

...GULF WATER TEMPERATURE AT FORT MYERS BEACH 65 DEGREES
