000
CDUS43 KDTX 262037
CLIFNT


CLIMATE REPORT
NATIONAL WEATHER SERVICE DETROIT/PONTIAC MI
436 PM EDT TUE SEP 26 2017


...................................

...THE FLINT MI CLIMATE SUMMARY FOR SEPTEMBER 26 2017...
VALID TODAY AS OF 0400 PM LOCAL TIME.

CLIMATE NORMAL PERIOD 1981 TO 2010
CLIMATE RECORD PERIOD 1921 TO 2017


WEATHER ITEM   OBSERVED TIME   RECORD YEAR NORMAL DEPARTURE LAST
                VALUE   (LST)  VALUE       VALUE  FROM      YEAR
                                                  NORMAL
..................................................................
TEMPERATURE (F)
 TODAY
  MAXIMUM         93R   246 PM  90    1998  68     25       67
  MINIMUM         59    550 AM  30    1926  46     13       51
  AVERAGE         76                        57     19       59

PRECIPITATION (IN)
  TODAY            0.00          1.79 1986   0.12  -0.12     0.11
  MONTH TO DATE    0.63                      3.29  -2.66     2.77
  SINCE SEP 1      0.63                      3.29  -2.66     2.77
  SINCE JAN 1     26.32                     23.85   2.47    22.32

SNOWFALL (IN)
  TODAY            0.0           0.0    MM   0.0    0.0      0.0
  MONTH TO DATE    0.0                       0.0    0.0      0.0
  SINCE SEP 1      0.0                       0.0    0.0      0.0
  SINCE JUL 1      0.0                       0.0    0.0      0.0
  SNOW DEPTH       0

DEGREE DAYS
 HEATING
  TODAY            0                         9     -9        6
  MONTH TO DATE   95                       126    -31       42
  SINCE SEP 1     95                       126    -31       42
  SINCE JUL 1    127                       170    -43       42

 COOLING
  TODAY           11                         1     10        0
  MONTH TO DATE   95                        45     50       72
  SINCE SEP 1     95                        45     50       72
  SINCE JAN 1    552                       522     30     1011
..................................................................


WIND (MPH)
  HIGHEST WIND SPEED    15   HIGHEST WIND DIRECTION     W (270)
  HIGHEST GUST SPEED    21   HIGHEST GUST DIRECTION     W (270)
  AVERAGE WIND SPEED     3.7


SKY COVER
  POSSIBLE SUNSHINE  MM
  AVERAGE SKY COVER 0.1


WEATHER CONDITIONS
 THE FOLLOWING WEATHER WAS RECORDED TODAY.
  FOG
  HAZE


RELATIVE HUMIDITY (PERCENT)
 HIGHEST   100           700 AM
 LOWEST     32           300 PM
 AVERAGE    66

..........................................................


THE FLINT MI CLIMATE NORMALS FOR TOMORROW
                         NORMAL    RECORD    YEAR
 MAXIMUM TEMPERATURE (F)   68        86      1999
                                             1998
                                             1946
 MINIMUM TEMPERATURE (F)   45        27      1957


SUNRISE AND SUNSET
SEPTEMBER 26 2017.....SUNRISE   727 AM EDT   SUNSET   725 PM EDT
SEPTEMBER 27 2017.....SUNRISE   728 AM EDT   SUNSET   723 PM EDT


-  INDICATES NEGATIVE NUMBERS.
R  INDICATES RECORD WAS SET OR TIED.
MM INDICATES DATA IS MISSING.
T  INDICATES TRACE AMOUNT.




$$
