000
CDUS43 KDTX 232140
CLIFNT


CLIMATE REPORT
NATIONAL WEATHER SERVICE DETROIT/PONTIAC MI
440 PM EST TUE JAN 23 2018


...................................

...THE FLINT MI CLIMATE SUMMARY FOR JANUARY 23 2018...
VALID TODAY AS OF 0400 PM LOCAL TIME.

CLIMATE NORMAL PERIOD 1981 TO 2010
CLIMATE RECORD PERIOD 1921 TO 2018


WEATHER ITEM   OBSERVED TIME   RECORD YEAR NORMAL DEPARTURE LAST
                VALUE   (LST)  VALUE       VALUE  FROM      YEAR
                                                  NORMAL
..................................................................
TEMPERATURE (F)
 TODAY
  MAXIMUM         47    136 AM  56    1967  29     18       41
  MINIMUM         30    359 PM -13    1963  15     15       38
  AVERAGE         39                        22     17       40

PRECIPITATION (IN)
  TODAY            0.04          0.33 1965   0.05  -0.01     0.03
  MONTH TO DATE    1.46                      1.25   0.21     2.64
  SINCE DEC 1      2.84                      3.17  -0.33     4.23
  SINCE JAN 1      1.46                      1.25   0.21     2.64

SNOWFALL (IN)
  TODAY            T             4.6  1965   0.4   -0.4      0.0
  MONTH TO DATE   10.1                       9.8    0.3      5.7
  SINCE DEC 1     33.4                      21.6   11.8     25.9
  SINCE JUL 1     33.8                      24.5    9.3     25.9
  SNOW DEPTH       T

DEGREE DAYS
 HEATING
  TODAY           26                        43    -17       25
  MONTH TO DATE 1023                       978     45      832
  SINCE DEC 1   2331                      2142    189     1980
  SINCE JUL 1   3629                      3623      6     3021

 COOLING
  TODAY            0                         0      0        0
  MONTH TO DATE    0                         0      0        0
  SINCE DEC 1      0                         0      0        0
  SINCE JAN 1      0                         0      0        0
..................................................................


WIND (MPH)
  HIGHEST WIND SPEED    24   HIGHEST WIND DIRECTION     W (260)
  HIGHEST GUST SPEED    32   HIGHEST GUST DIRECTION     W (260)
  AVERAGE WIND SPEED    11.6


SKY COVER
  POSSIBLE SUNSHINE  MM
  AVERAGE SKY COVER 0.6


WEATHER CONDITIONS
 THE FOLLOWING WEATHER WAS RECORDED TODAY.
  LIGHT RAIN
  LIGHT SNOW
  FOG


RELATIVE HUMIDITY (PERCENT)
 HIGHEST   100          1200 AM
 LOWEST     70          1200 PM
 AVERAGE    85

..........................................................


THE FLINT MI CLIMATE NORMALS FOR TOMORROW
                         NORMAL    RECORD    YEAR
 MAXIMUM TEMPERATURE (F)   29        57      1967
 MINIMUM TEMPERATURE (F)   15       -13      1963


SUNRISE AND SUNSET
JANUARY 23 2018.......SUNRISE   758 AM EST   SUNSET   536 PM EST
JANUARY 24 2018.......SUNRISE   757 AM EST   SUNSET   537 PM EST


-  INDICATES NEGATIVE NUMBERS.
R  INDICATES RECORD WAS SET OR TIED.
MM INDICATES DATA IS MISSING.
T  INDICATES TRACE AMOUNT.




$$
