000
CDUS43 KFSD 050631
CLIFSD


CLIMATE REPORT
NATIONAL WEATHER SERVICE SIOUX FALLS SD
130 AM CDT SAT SEP 5 2015


...................................

...THE SIOUX FALLS SD CLIMATE SUMMARY FOR SEPTEMBER 4 2015...

CLIMATE NORMAL PERIOD 1981 TO 2010
CLIMATE RECORD PERIOD 1893 TO 2015


WEATHER ITEM   OBSERVED TIME   RECORD YEAR NORMAL DEPARTURE LAST
                VALUE   (LST)  VALUE       VALUE  FROM      YEAR
                                                  NORMAL
..................................................................
TEMPERATURE (F)
 YESTERDAY
  MAXIMUM         83    254 PM 104    1913  78      5       78
  MINIMUM         73   1205 PM  36    1974  55     18       59
                                      1902
  AVERAGE         78                        66     12       69

PRECIPITATION (IN)
  YESTERDAY        0.07          1.60 1971   0.10  -0.03      T
  MONTH TO DATE    0.09                      0.39  -0.30     0.05
  SINCE SEP 1      0.09                      0.39  -0.30     0.05
  SINCE JAN 1     21.69                     19.78   1.91    24.48

SNOWFALL (IN)
  YESTERDAY        0.0           0.0    MM   0.0    0.0      0.0
  MONTH TO DATE    0.0                       0.0    0.0      0.0
  SINCE SEP 1      0.0                       0.0    0.0      0.0
  SINCE JUL 1      0.0                       0.0    0.0       T
  SNOW DEPTH       0

DEGREE DAYS
 HEATING
  YESTERDAY        0                         2     -2        0
  MONTH TO DATE    0                         8     -8        0
  SINCE SEP 1      0                         8     -8        0
  SINCE JUL 1     40                        39      1       18

 COOLING
  YESTERDAY       13                         4      9        4
  MONTH TO DATE   45                        16     29       17
  SINCE SEP 1     45                        16     29       17
  SINCE JAN 1    620                       641    -21      568
..................................................................


WIND (MPH)
  HIGHEST WIND SPEED    21   HIGHEST WIND DIRECTION    SE (140)
  HIGHEST GUST SPEED    29   HIGHEST GUST DIRECTION    SE (140)
  AVERAGE WIND SPEED    12.6


SKY COVER
  POSSIBLE SUNSHINE  MM
  AVERAGE SKY COVER 0.5


WEATHER CONDITIONS
 THE FOLLOWING WEATHER WAS RECORDED YESTERDAY.
  THUNDERSTORM
  LIGHT RAIN


RELATIVE HUMIDITY (PERCENT)
 HIGHEST    84           400 AM
 LOWEST     69           300 PM
 AVERAGE    77

..........................................................


THE SIOUX FALLS SD CLIMATE NORMALS FOR TODAY
                         NORMAL    RECORD    YEAR
 MAXIMUM TEMPERATURE (F)   77       104      1913
 MINIMUM TEMPERATURE (F)   54        34      1909


SUNRISE AND SUNSET
SEPTEMBER  5 2015.....SUNRISE   655 AM CDT   SUNSET   756 PM CDT
SEPTEMBER  6 2015.....SUNRISE   656 AM CDT   SUNSET   754 PM CDT


-  INDICATES NEGATIVE NUMBERS.
R  INDICATES RECORD WAS SET OR TIED.
MM INDICATES DATA IS MISSING.
T  INDICATES TRACE AMOUNT.




$$
