000
CDUS43 KFSD 010636
CLIFSD


CLIMATE REPORT
NATIONAL WEATHER SERVICE SIOUX FALLS SD
134 AM CDT SAT OCT 1 2016


...................................

...THE SIOUX FALLS SD CLIMATE SUMMARY FOR SEPTEMBER 30 2016...

CLIMATE NORMAL PERIOD 1981 TO 2010
CLIMATE RECORD PERIOD 1893 TO 2016


WEATHER ITEM   OBSERVED TIME   RECORD YEAR NORMAL DEPARTURE LAST
                VALUE   (LST)  VALUE       VALUE  FROM      YEAR
                                                  NORMAL
..................................................................
TEMPERATURE (F)
 YESTERDAY
  MAXIMUM         75    243 PM  90    1976  67      8       67
                                      1952
  MINIMUM         41    554 AM  20    1895  42     -1       49
  AVERAGE         58                        55      3       58

PRECIPITATION (IN)
  YESTERDAY        0.00          2.71 1977   0.08  -0.08     0.00
  MONTH TO DATE    7.55                      2.77   4.78     3.24
  SINCE SEP 1      7.55                      2.77   4.78     3.24
  SINCE JAN 1     25.41                     22.16   3.25    24.84

SNOWFALL (IN)
  YESTERDAY        0.0           T    1985   0.0    0.0      0.0
                                      1961
                                      1947
  MONTH TO DATE    0.0                       T      0.0      0.0
  SINCE SEP 1      0.0                       T      0.0      0.0
  SINCE JUL 1      0.0                       T      0.0      0.0
  SNOW DEPTH       0

DEGREE DAYS
 HEATING
  YESTERDAY        7                        11     -4        7
  MONTH TO DATE   70                       173   -103       63
  SINCE SEP 1     70                       173   -103       63
  SINCE JUL 1     78                       204   -126      103

 COOLING
  YESTERDAY        0                         0      0        0
  MONTH TO DATE   97                        60     37      133
  SINCE SEP 1     97                        60     37      133
  SINCE JAN 1    877                       685    192      708
..................................................................


WIND (MPH)
  HIGHEST WIND SPEED    16   HIGHEST WIND DIRECTION    SE (120)
  HIGHEST GUST SPEED    24   HIGHEST GUST DIRECTION     S (160)
  AVERAGE WIND SPEED     5.5


SKY COVER
  POSSIBLE SUNSHINE  MM
  AVERAGE SKY COVER 0.4


WEATHER CONDITIONS
 THE FOLLOWING WEATHER WAS RECORDED YESTERDAY.
  FOG


RELATIVE HUMIDITY (PERCENT)
 HIGHEST    93           100 AM
 LOWEST     38           400 PM
 AVERAGE    66

..........................................................


THE SIOUX FALLS SD CLIMATE NORMALS FOR TODAY
                         NORMAL    RECORD    YEAR
 MAXIMUM TEMPERATURE (F)   67        91      1963
 MINIMUM TEMPERATURE (F)   42        23      1974


SUNRISE AND SUNSET
OCTOBER  1 2016.......SUNRISE   725 AM CDT   SUNSET   707 PM CDT
OCTOBER  2 2016.......SUNRISE   726 AM CDT   SUNSET   705 PM CDT


-  INDICATES NEGATIVE NUMBERS.
R  INDICATES RECORD WAS SET OR TIED.
MM INDICATES DATA IS MISSING.
T  INDICATES TRACE AMOUNT.




$$
