000
CDUS44 KTSA 160843
CLIFSM

CLIMATE REPORT
NATIONAL WEATHER SERVICE TULSA OK
343 AM CDT WED AUG 16 2017


...................................

...THE FORT SMITH ARKANSAS CLIMATE SUMMARY FOR AUGUST 15 2017...

CLIMATE NORMAL PERIOD 1981 TO 2010
CLIMATE RECORD PERIOD 1882 TO 2017


WEATHER ITEM   OBSERVED TIME   RECORD YEAR NORMAL DEPARTURE LAST
                VALUE   (LST)  VALUE       VALUE  FROM      YEAR
                                                  NORMAL
..................................................................
TEMPERATURE (F)
 YESTERDAY
  MAXIMUM         93    405 PM 106    1956  94     -1       78
  MINIMUM         74    247 AM  55    1992  71      3       70
  AVERAGE         84                        83      1       74

PRECIPITATION (IN)
  YESTERDAY        1.01          2.22 1884   0.07   0.94     0.04
  MONTH TO DATE    5.60                      1.31   4.29     1.64
  SINCE JUN 1     18.63                      8.89   9.74     7.20
  SINCE JAN 1     40.71                     28.08  12.63    24.41

DEGREE DAYS
 COOLING
  YESTERDAY       19                        18      1        9
  MONTH TO DATE  218                       270    -52      308
  SINCE JUN 1   1198                      1191      7     1418
  SINCE JAN 1   1516                      1435     81     1603
..................................................................


WIND (MPH)
  HIGHEST WIND SPEED    24   HIGHEST WIND DIRECTION     N (350)
  HIGHEST GUST SPEED    30   HIGHEST GUST DIRECTION     N (350)
  AVERAGE WIND SPEED     5.0


SKY COVER
  POSSIBLE SUNSHINE  MM
  AVERAGE SKY COVER 0.5


WEATHER CONDITIONS
 THE FOLLOWING WEATHER WAS RECORDED YESTERDAY.
  THUNDERSTORM
  HEAVY RAIN
  RAIN
  LIGHT RAIN
  FOG


RELATIVE HUMIDITY (PERCENT)
 HIGHEST   100          1200 AM
 LOWEST     52           500 PM
 AVERAGE    76

..........................................................


THE FORT SMITH ARKANSAS CLIMATE NORMALS FOR TODAY
                         NORMAL    RECORD    YEAR
 MAXIMUM TEMPERATURE (F)   94       109      1956
 MINIMUM TEMPERATURE (F)   71        53      1992


SUNRISE AND SUNSET
AUGUST 16 2017........SUNRISE   638 AM CDT   SUNSET   805 PM CDT
AUGUST 17 2017........SUNRISE   639 AM CDT   SUNSET   804 PM CDT


-  INDICATES NEGATIVE NUMBERS.
R  INDICATES RECORD WAS SET OR TIED.
MM INDICATES DATA IS MISSING.
T  INDICATES TRACE AMOUNT.




$$

&&
...........................................................

THE ARKANSAS RIVER AT VAN BUREN

                   OBSERVED      24 HOUR     24 HOUR
                    VALUE        CHANGE      FORECAST

 STAGE (FEET)
  THIS MORNING       20.1         -0.1

 MEAN FLOW (CFS)
  TODAY                                        3219
...........................................................
ALL DATA MEASURED AT THE FORT SMITH REGIONAL AIRPORT
