000
CDUS44 KTSA 310811
CLIFSM

CLIMATE REPORT
NATIONAL WEATHER SERVICE TULSA OK
303 AM CDT THU JUL 31 2014


...................................

...THE FORT SMITH ARKANSAS CLIMATE SUMMARY FOR JULY 30 2014...

CLIMATE NORMAL PERIOD 1981 TO 2010
CLIMATE RECORD PERIOD 1882 TO 2014


WEATHER ITEM   OBSERVED TIME   RECORD YEAR NORMAL DEPARTURE LAST
                VALUE   (LST)  VALUE       VALUE  FROM      YEAR
                                                  NORMAL
..................................................................
TEMPERATURE (F)
 YESTERDAY
  MAXIMUM         74   1242 AM 109    1986  94    -20       89
  MINIMUM         69   1159 PM  58    1965  72     -3       75
  AVERAGE         72                        83    -11       82

PRECIPITATION (IN)
  YESTERDAY        0.77          3.26 1996   0.11   0.66     0.12
  MONTH TO DATE    2.49                      3.20  -0.71     3.95
  SINCE JUN 1      6.94                      7.48  -0.54    10.05
  SINCE JAN 1     21.68                     26.67  -4.99    31.03

DEGREE DAYS
 COOLING
  YESTERDAY        7                        18    -11       17
  MONTH TO DATE  414                       520   -106      513
  SINCE JUN 1    852                       905    -53      966
  SINCE JAN 1   1130                      1149    -19     1240
..................................................................


WIND (MPH)
  HIGHEST WIND SPEED     9   HIGHEST WIND DIRECTION     E (80)
  HIGHEST GUST SPEED    12   HIGHEST GUST DIRECTION     E (70)
  AVERAGE WIND SPEED     5.8


SKY COVER
  POSSIBLE SUNSHINE  MM
  AVERAGE SKY COVER 0.8


WEATHER CONDITIONS
 THE FOLLOWING WEATHER WAS RECORDED YESTERDAY.
  RAIN
  LIGHT RAIN
  FOG


RELATIVE HUMIDITY (PERCENT)
 HIGHEST    97           800 PM
 LOWEST     79           400 AM
 AVERAGE    88

..........................................................


THE FORT SMITH ARKANSAS CLIMATE NORMALS FOR TODAY
                         NORMAL    RECORD    YEAR
 MAXIMUM TEMPERATURE (F)   94       109      1986
 MINIMUM TEMPERATURE (F)   72        53      1971


SUNRISE AND SUNSET
JULY 31 2014..........SUNRISE   625 AM CDT   SUNSET   822 PM CDT
AUGUST  1 2014........SUNRISE   626 AM CDT   SUNSET   821 PM CDT


-  INDICATES NEGATIVE NUMBERS.
R  INDICATES RECORD WAS SET OR TIED.
MM INDICATES DATA IS MISSING.
T  INDICATES TRACE AMOUNT.




$$

&&
...........................................................

THE ARKANSAS RIVER AT VAN BUREN

                   OBSERVED      24 HOUR     24 HOUR
                    VALUE        CHANGE      FORECAST

 STAGE (FEET)
  THIS MORNING       19.4         -0.4

MEAN FLOW (CFS)
  TODAY                                        7400
...........................................................
ALL DATA MEASURED AT THE FORT SMITH REGIONAL AIRPORT
