000
CDUS44 KTSA 010802
CLIFSM

CLIMATE REPORT
NATIONAL WEATHER SERVICE TULSA OK
147 AM CDT WED JUL 1 2015


...................................

...THE FORT SMITH ARKANSAS CLIMATE SUMMARY FOR JUNE 30 2015...

CLIMATE NORMAL PERIOD 1981 TO 2010
CLIMATE RECORD PERIOD 1882 TO 2015


WEATHER ITEM   OBSERVED TIME   RECORD YEAR NORMAL DEPARTURE LAST
                VALUE   (LST)  VALUE       VALUE  FROM      YEAR
                                                  NORMAL
..................................................................
TEMPERATURE (F)
 YESTERDAY
  MAXIMUM         95    416 PM 104    2012  91      4       95
  MINIMUM         69    451 AM  56    1950  71     -2       73
  AVERAGE         82                        81      1       84

PRECIPITATION (IN)
  YESTERDAY        0.00          3.43 1900   0.13  -0.13     0.00
  MONTH TO DATE    3.13                      4.28  -1.15     4.45
  SINCE JUN 1      3.13                      4.28  -1.15     4.45
  SINCE JAN 1     36.38                     23.47  12.91    19.19

DEGREE DAYS
 COOLING
  YESTERDAY       17                        16      1       19
  MONTH TO DATE  483                       385     98      438
  SINCE JUN 1    483                       385     98      438
  SINCE JAN 1    723                       629     94      716
..................................................................


WIND (MPH)
  HIGHEST WIND SPEED    14   HIGHEST WIND DIRECTION    NW (300)
  HIGHEST GUST SPEED    19   HIGHEST GUST DIRECTION     W (290)
  AVERAGE WIND SPEED     5.5


SKY COVER
  POSSIBLE SUNSHINE  MM
  AVERAGE SKY COVER 0.0


WEATHER CONDITIONS
 THE FOLLOWING WEATHER WAS RECORDED YESTERDAY.
  NO SIGNIFICANT WEATHER WAS OBSERVED.


RELATIVE HUMIDITY (PERCENT)
 HIGHEST    90           500 AM
 LOWEST     39           300 PM
 AVERAGE    65

..........................................................


THE FORT SMITH ARKANSAS CLIMATE NORMALS FOR TODAY
                         NORMAL    RECORD    YEAR
 MAXIMUM TEMPERATURE (F)   92       104      1894
 MINIMUM TEMPERATURE (F)   71        58      1891


SUNRISE AND SUNSET
JULY  1 2015..........SUNRISE   606 AM CDT   SUNSET   836 PM CDT
JULY  2 2015..........SUNRISE   607 AM CDT   SUNSET   836 PM CDT


-  INDICATES NEGATIVE NUMBERS.
R  INDICATES RECORD WAS SET OR TIED.
MM INDICATES DATA IS MISSING.
T  INDICATES TRACE AMOUNT.




$$

&&
...........................................................

THE ARKANSAS RIVER AT VAN BUREN

                   OBSERVED      24 HOUR     24 HOUR
                    VALUE        CHANGE      FORECAST

 STAGE (FEET)
  THIS MORNING       21.0         +0.8

MEAN FLOW (CFS)
  TODAY                                        109400
...........................................................
ALL DATA MEASURED AT THE FORT SMITH REGIONAL AIRPORT
