000
CDUS44 KTSA 190915
CLIFSM

CLIMATE REPORT
NATIONAL WEATHER SERVICE TULSA OK
1247 AM CST THU JAN 19 2017


...................................

...THE FORT SMITH ARKANSAS CLIMATE SUMMARY FOR JANUARY 18 2017...

CLIMATE NORMAL PERIOD 1981 TO 2010
CLIMATE RECORD PERIOD 1882 TO 2017


WEATHER ITEM   OBSERVED TIME   RECORD YEAR NORMAL DEPARTURE LAST
                VALUE   (LST)  VALUE       VALUE  FROM      YEAR
                                                  NORMAL
..................................................................
TEMPERATURE (F)
 YESTERDAY
  MAXIMUM         48    356 PM  72    1974  50     -2       40
                                      1951
                                      1907
  MINIMUM         40    512 AM  -9    1930  29     11       22
  AVERAGE         44                        39      5       31

PRECIPITATION (IN)
  YESTERDAY        0.01          1.36 1996   0.10  -0.09     0.00
  MONTH TO DATE    1.30                      1.60  -0.30     0.37
  SINCE DEC 1      2.07                      4.89  -2.82    11.18
  SINCE JAN 1      1.30                      1.60  -0.30     0.37

SNOWFALL (IN)
  YESTERDAY       MM                                         0.0
  MONTH TO DATE    2.0                                        T
  SINCE DEC 1      2.0                                        T
  SINCE JUL 1      2.0                                        T

DEGREE DAYS
 HEATING
  YESTERDAY       21                        26     -5       34
  MONTH TO DATE  413                       468    -55      475
  SINCE DEC 1   1106                      1202    -96      952
  SINCE JUL 1   1392                      1767   -375     1309
..................................................................


WIND (MPH)
  HIGHEST WIND SPEED    15   HIGHEST WIND DIRECTION     E (80)
  HIGHEST GUST SPEED    17   HIGHEST GUST DIRECTION     E (70)
  AVERAGE WIND SPEED     6.1


SKY COVER
  POSSIBLE SUNSHINE  MM
  AVERAGE SKY COVER 0.7


WEATHER CONDITIONS
 THE FOLLOWING WEATHER WAS RECORDED YESTERDAY.
  LIGHT RAIN
  FOG
  HAZE


RELATIVE HUMIDITY (PERCENT)
 HIGHEST    92           300 AM
 LOWEST     82          1200 AM
 AVERAGE    87

..........................................................


THE FORT SMITH ARKANSAS CLIMATE NORMALS FOR TODAY
                         NORMAL    RECORD    YEAR
 MAXIMUM TEMPERATURE (F)   50        81      1952
 MINIMUM TEMPERATURE (F)   29        -2      1940
                                             1892


SUNRISE AND SUNSET
JANUARY 19 2017.......SUNRISE   724 AM CST   SUNSET   533 PM CST
JANUARY 20 2017.......SUNRISE   724 AM CST   SUNSET   534 PM CST


-  INDICATES NEGATIVE NUMBERS.
R  INDICATES RECORD WAS SET OR TIED.
MM INDICATES DATA IS MISSING.
T  INDICATES TRACE AMOUNT.




$$

&&
...........................................................

THE ARKANSAS RIVER AT VAN BUREN

                   OBSERVED      24 HOUR     24 HOUR
                    VALUE        CHANGE      FORECAST

 STAGE (FEET)
  THIS MORNING       19.2         -0.2

MEAN FLOW (CFS)
  TODAY                                        -99
...........................................................
ALL DATA MEASURED AT THE FORT SMITH REGIONAL AIRPORT
