000
CDUS44 KTSA 252125
CLIFSM

CLIMATE REPORT
NATIONAL WEATHER SERVICE TULSA OK
418 PM CDT SUN JUN 25 2017


...................................

...THE FORT SMITH ARKANSAS CLIMATE SUMMARY FOR JUNE 25 2017...
VALID TODAY AS OF 0400 PM LOCAL TIME.

CLIMATE NORMAL PERIOD 1981 TO 2010
CLIMATE RECORD PERIOD 1882 TO 2017


WEATHER ITEM   OBSERVED TIME   RECORD YEAR NORMAL DEPARTURE LAST
                VALUE   (LST)  VALUE       VALUE  FROM      YEAR
                                                  NORMAL
..................................................................
TEMPERATURE (F)
 TODAY
  MAXIMUM         88    248 PM 105    2012  91     -3       96
  MINIMUM         67    527 AM  49    1974  70     -3       74
  AVERAGE         78                        80     -2       85

PRECIPITATION (IN)
  TODAY            0.00          3.30 1958   0.13  -0.13     0.00
  MONTH TO DATE    5.75                      3.63   2.12     1.82
  SINCE JUN 1      5.75                      3.63   2.12     1.82
  SINCE JAN 1     27.83                     22.82   5.01    19.03

DEGREE DAYS
 COOLING
  TODAY           13                        15     -2       20
  MONTH TO DATE  331                       308     23      411
  SINCE JUN 1    331                       308     23      411
  SINCE JAN 1    649                       552     97      596
..................................................................


WIND (MPH)
  HIGHEST WIND SPEED    13   HIGHEST WIND DIRECTION     E (80)
  HIGHEST GUST SPEED    16   HIGHEST GUST DIRECTION    NE (60)
  AVERAGE WIND SPEED     4.4


SKY COVER
  POSSIBLE SUNSHINE  MM
  AVERAGE SKY COVER 0.3


WEATHER CONDITIONS
 THE FOLLOWING WEATHER WAS RECORDED TODAY.
  NO SIGNIFICANT WEATHER WAS OBSERVED.


RELATIVE HUMIDITY (PERCENT)
 HIGHEST    81           400 AM
 LOWEST     31           200 PM
 AVERAGE    56

..........................................................


THE FORT SMITH ARKANSAS CLIMATE NORMALS FOR TOMORROW
                         NORMAL    RECORD    YEAR
 MAXIMUM TEMPERATURE (F)   91       104      2012
 MINIMUM TEMPERATURE (F)   70        51      1974


SUNRISE AND SUNSET
JUNE 25 2017..........SUNRISE   604 AM CDT   SUNSET   836 PM CDT
JUNE 26 2017..........SUNRISE   604 AM CDT   SUNSET   836 PM CDT


-  INDICATES NEGATIVE NUMBERS.
R  INDICATES RECORD WAS SET OR TIED.
MM INDICATES DATA IS MISSING.
T  INDICATES TRACE AMOUNT.




$$

&&
...........................................................

THE ARKANSAS RIVER AT VAN BUREN

                   OBSERVED      24 HOUR     24 HOUR
                    VALUE        CHANGE      FORECAST

 STAGE (FEET)
  THIS AFTERNOON     19.9         +0.1

 MEAN FLOW (CFS)
  TODAY                                        3545
...........................................................
ALL DATA MEASURED AT THE FORT SMITH REGIONAL AIRPORT
