000
CDUS42 KFFC 100948
CLIFTY


CLIMATE REPORT
NATIONAL WEATHER SERVICE PEACHTREE CITY GA
448 AM EST SAT DEC 10 2016


...................................

...THE FULTON COUNTY AIRPORT CLIMATE SUMMARY FOR DECEMBER 9 2016...

CLIMATE NORMAL PERIOD 1981 TO 2010
CLIMATE RECORD PERIOD 9999 TO 9999


WEATHER ITEM   OBSERVED TIME   RECORD YEAR NORMAL DEPARTURE LAST
                VALUE   (LST)  VALUE       VALUE  FROM      YEAR
                                                  NORMAL
..................................................................
TEMPERATURE (F)
 YESTERDAY
  MAXIMUM         42        MM  MM      MM  56    -14       65
  MINIMUM         27        MM  MM      MM  36     -9       33
  AVERAGE         35                        46    -11       49

PRECIPITATION (IN)
  YESTERDAY        0.00         MM      MM   0.14  -0.14     0.00
  MONTH TO DATE    1.68                      1.41   0.27     0.11
  SINCE DEC 1      1.68                      1.41   0.27     0.11
  SINCE JAN 1     31.18                     48.59 -17.41    44.47

SNOWFALL (IN)
  YESTERDAY        0.0          MM      MM  MM     MM        0.0
  MONTH TO DATE    0.0                      MM     MM        0.0
  SINCE DEC 1      0.0                      MM     MM        0.0
  SINCE JUL 1      0.0                      MM     MM        0.1
  SNOW DEPTH       0

DEGREE DAYS
 HEATING
  YESTERDAY       30                        19     11       16
  MONTH TO DATE  145                       162    -17      134
  SINCE DEC 1    145                       162    -17      134
  SINCE JUL 1    465                       672   -207      491
..................................................................


WIND (MPH)
  RESULTANT WIND SPEED   8   RESULTANT WIND DIRECTION  NW (330)
  HIGHEST WIND SPEED    16   HIGHEST WIND DIRECTION    NW (320)
  HIGHEST GUST SPEED    23   HIGHEST GUST DIRECTION    NW (300)
  AVERAGE WIND SPEED     7.6


SKY COVER
  AVERAGE SKY COVER 0.0


WEATHER CONDITIONS
 THE FOLLOWING WEATHER WAS RECORDED YESTERDAY.
  NO SIGNIFICANT WEATHER WAS OBSERVED.


RELATIVE HUMIDITY (PERCENT)
 HIGHEST    63           800 AM
 LOWEST     30           400 PM
 AVERAGE    47

..........................................................


THE FULTON COUNTY AIRPORT CLIMATE NORMALS FOR TODAY
                         NORMAL    RECORD    YEAR
 MAXIMUM TEMPERATURE (F)   56        MM        MM
 MINIMUM TEMPERATURE (F)   36        MM        MM


SUNRISE AND SUNSET
DECEMBER 10 2016......SUNRISE   732 AM EST   SUNSET   530 PM EST
DECEMBER 11 2016......SUNRISE   733 AM EST   SUNSET   530 PM EST


-  INDICATES NEGATIVE NUMBERS.
R  INDICATES RECORD WAS SET OR TIED.
MM INDICATES DATA IS MISSING.
T  INDICATES TRACE AMOUNT.




$$
