348
CDUS42 KFFC 220821
CLIFTY


CLIMATE REPORT
NATIONAL WEATHER SERVICE PEACHTREE CITY GA
421 AM EDT FRI MAY 22 2015


...................................

...THE FULTON COUNTY AIRPORT CLIMATE SUMMARY FOR MAY 21 2015...

CLIMATE NORMAL PERIOD 1981 TO 2010
CLIMATE RECORD PERIOD 9999 TO 9999


WEATHER ITEM   OBSERVED TIME   RECORD YEAR NORMAL DEPARTURE LAST
                VALUE   (LST)  VALUE       VALUE  FROM      YEAR
                                                  NORMAL
..................................................................
TEMPERATURE (F)
 YESTERDAY
  MAXIMUM         78    258 PM  MM      MM  82     -4       86
  MINIMUM         57   1159 PM  MM      MM  60     -3       58
  AVERAGE         68                        71     -3       72

PRECIPITATION (IN)
  YESTERDAY        0.00         MM      MM   0.12  -0.12     0.00
  MONTH TO DATE    0.68                      2.60  -1.92     2.28
  SINCE MAR 1     10.43                     11.15  -0.72    11.56
  SINCE JAN 1     17.22                     20.32  -3.10    17.23

DEGREE DAYS
 COOLING
  YESTERDAY        3                         6     -3        7
  MONTH TO DATE  136                        85     51       82
  SINCE MAR 1    202                       124     78      114
  SINCE JAN 1    202                       124     78      114
..................................................................


WIND (MPH)
  RESULTANT WIND SPEED  11   RESULTANT WIND DIRECTION  NW (300)
  HIGHEST WIND SPEED    20   HIGHEST WIND DIRECTION    NW (320)
  HIGHEST GUST SPEED    31   HIGHEST GUST DIRECTION     W (290)
  AVERAGE WIND SPEED    11.8


SKY COVER
  AVERAGE SKY COVER 0.7


WEATHER CONDITIONS
 THE FOLLOWING WEATHER WAS RECORDED YESTERDAY.
  NO SIGNIFICANT WEATHER WAS OBSERVED.


RELATIVE HUMIDITY (PERCENT)
 HIGHEST    79          1200 AM
 LOWEST     50           200 PM
 AVERAGE    65

..........................................................


THE FULTON COUNTY AIRPORT CLIMATE NORMALS FOR TODAY
                         NORMAL    RECORD    YEAR
 MAXIMUM TEMPERATURE (F)   82        MM        MM
 MINIMUM TEMPERATURE (F)   60        MM        MM


SUNRISE AND SUNSET
MAY 22 2015...........SUNRISE   633 AM EDT   SUNSET   837 PM EDT
MAY 23 2015...........SUNRISE   632 AM EDT   SUNSET   838 PM EDT


-  INDICATES NEGATIVE NUMBERS.
R  INDICATES RECORD WAS SET OR TIED.
MM INDICATES DATA IS MISSING.
T  INDICATES TRACE AMOUNT.




$$
