000
CDUS42 KFFC 280818
CLIFTY


CLIMATE REPORT
NATIONAL WEATHER SERVICE PEACHTREE CITY GA
416 AM EDT TUE JUL 28 2015


...................................

...THE FULTON COUNTY AIRPORT CLIMATE SUMMARY FOR JULY 27 2015...

CLIMATE NORMAL PERIOD 1981 TO 2010
CLIMATE RECORD PERIOD 9999 TO 9999


WEATHER ITEM   OBSERVED TIME   RECORD YEAR NORMAL DEPARTURE LAST
                VALUE   (LST)  VALUE       VALUE  FROM      YEAR
                                                  NORMAL
..................................................................
TEMPERATURE (F)
 YESTERDAY
  MAXIMUM         94    305 PM  MM      MM  89      5       93
  MINIMUM         71    545 AM  MM      MM  71      0       70
  AVERAGE         83                        80      3       82

PRECIPITATION (IN)
  YESTERDAY        0.31         MM      MM   0.10   0.21     0.00
  MONTH TO DATE    3.20                      4.61  -1.41     5.32
  SINCE JUN 1      4.20                      8.74  -4.54     8.04
  SINCE JAN 1     23.58                     30.23  -6.65    26.84

DEGREE DAYS
 COOLING
  YESTERDAY       18                        15      3       17
  MONTH TO DATE  430                       399     31      349
  SINCE JUN 1    856                       749    107      727
  SINCE JAN 1   1131                       949    182      943
..................................................................


WIND (MPH)
  RESULTANT WIND SPEED   1   RESULTANT WIND DIRECTION   W (270)
  HIGHEST WIND SPEED    28   HIGHEST WIND DIRECTION     E (70)
  HIGHEST GUST SPEED    33   HIGHEST GUST DIRECTION    NE (60)
  AVERAGE WIND SPEED     2.0


SKY COVER
  AVERAGE SKY COVER 0.1


WEATHER CONDITIONS
 THE FOLLOWING WEATHER WAS RECORDED YESTERDAY.
  THUNDERSTORM
  HEAVY RAIN
  RAIN
  LIGHT RAIN
  FOG
  HAZE


RELATIVE HUMIDITY (PERCENT)
 HIGHEST    94          1000 PM
 LOWEST     46           100 PM
 AVERAGE    70

..........................................................


THE FULTON COUNTY AIRPORT CLIMATE NORMALS FOR TODAY
                         NORMAL    RECORD    YEAR
 MAXIMUM TEMPERATURE (F)   89        MM        MM
 MINIMUM TEMPERATURE (F)   71        MM        MM


SUNRISE AND SUNSET
JULY 28 2015..........SUNRISE   647 AM EDT   SUNSET   842 PM EDT
JULY 29 2015..........SUNRISE   648 AM EDT   SUNSET   841 PM EDT


-  INDICATES NEGATIVE NUMBERS.
R  INDICATES RECORD WAS SET OR TIED.
MM INDICATES DATA IS MISSING.
T  INDICATES TRACE AMOUNT.




$$
