000
CDUS42 KFFC 030825
CLIFTY


CLIMATE REPORT
NATIONAL WEATHER SERVICE PEACHTREE CITY GA
424 AM EDT FRI JUL 3 2015


...................................

...THE FULTON COUNTY AIRPORT CLIMATE SUMMARY FOR JULY 2 2015...

CLIMATE NORMAL PERIOD 1981 TO 2010
CLIMATE RECORD PERIOD 9999 TO 9999


WEATHER ITEM   OBSERVED TIME   RECORD YEAR NORMAL DEPARTURE LAST
                VALUE   (LST)  VALUE       VALUE  FROM      YEAR
                                                  NORMAL
..................................................................
TEMPERATURE (F)
 YESTERDAY
  MAXIMUM         88    411 PM  MM      MM  89     -1       94
  MINIMUM         68    641 AM  MM      MM  69     -1       71
  AVERAGE         78                        79     -1       83

PRECIPITATION (IN)
  YESTERDAY        T            MM      MM   0.19  -0.19     0.00
  MONTH TO DATE    0.25                      0.39  -0.14     0.00
  SINCE JUN 1      1.25                      4.52  -3.27     2.72
  SINCE JAN 1     20.63                     26.01  -5.38    21.52

DEGREE DAYS
 COOLING
  YESTERDAY       13                        14     -1       18
  MONTH TO DATE   25                        28     -3       34
  SINCE JUN 1    451                       378     73      412
  SINCE JAN 1    726                       578    148      628
..................................................................


WIND (MPH)
  RESULTANT WIND SPEED   7   RESULTANT WIND DIRECTION  SW (240)
  HIGHEST WIND SPEED    18   HIGHEST WIND DIRECTION     W (270)
  HIGHEST GUST SPEED    24   HIGHEST GUST DIRECTION     W (290)
  AVERAGE WIND SPEED     7.6


SKY COVER
  AVERAGE SKY COVER 0.2


WEATHER CONDITIONS
 THE FOLLOWING WEATHER WAS RECORDED YESTERDAY.
  NO SIGNIFICANT WEATHER WAS OBSERVED.


RELATIVE HUMIDITY (PERCENT)
 HIGHEST    93           400 AM
 LOWEST     50           400 PM
 AVERAGE    72

..........................................................


THE FULTON COUNTY AIRPORT CLIMATE NORMALS FOR TODAY
                         NORMAL    RECORD    YEAR
 MAXIMUM TEMPERATURE (F)   89        MM        MM
 MINIMUM TEMPERATURE (F)   69        MM        MM


SUNRISE AND SUNSET
JULY  3 2015..........SUNRISE   632 AM EDT   SUNSET   853 PM EDT
JULY  4 2015..........SUNRISE   632 AM EDT   SUNSET   852 PM EDT


-  INDICATES NEGATIVE NUMBERS.
R  INDICATES RECORD WAS SET OR TIED.
MM INDICATES DATA IS MISSING.
T  INDICATES TRACE AMOUNT.




$$
