000
CDUS46 KSGX 120017
CLIFUL


CLIMATE REPORT
NATIONAL WEATHER SERVICE SAN DIEGO, CA
417 PM PST THU FEB 11 2016


...................................

...THE FULLERTON AIRPORT CA CLIMATE SUMMARY FOR FEBRUARY 11 2016...
VALID TODAY AS OF 0400 PM LOCAL TIME.

CLIMATE NORMAL PERIOD 1981 TO 2010
CLIMATE RECORD PERIOD 1998 TO 2016


WEATHER ITEM   OBSERVED TIME   RECORD YEAR NORMAL DEPARTURE LAST
                VALUE   (LST)  VALUE       VALUE  FROM      YEAR
                                                  NORMAL
..................................................................
TEMPERATURE (F)
 TODAY
  MAXIMUM         85    125 PM  88    2015  68     17       88
  MINIMUM         50    635 AM  37    1999  47      3       50
  AVERAGE         68                        58     10       69

PRECIPITATION (IN)
  TODAY            0.00          1.33 2005   0.13  -0.13     0.00
  MONTH TO DATE    0.00                      1.08  -1.08      T
  SINCE OCT 1      3.71                      8.01  -4.30     4.69
  SINCE JAN 1      2.66                      4.11  -1.45     0.87

DEGREE DAYS
 HEATING
  TODAY            0                         8     -8        0
  MONTH TO DATE   49                        88    -39        8
  SINCE DEC 1    555                       641    -86      297
  SINCE JUL 1    660                       805   -145      321

 COOLING
  TODAY            3                         0      3        4
  MONTH TO DATE   29                         0     29       12
  SINCE DEC 1     30                         5     25       35
  SINCE JAN 1     29                         4     25       31
..................................................................


WIND (MPH)
  RESULTANT WIND SPEED   1   RESULTANT WIND DIRECTION   S (180)
  HIGHEST WIND SPEED     9   HIGHEST WIND DIRECTION     S (200)
  HIGHEST GUST SPEED    12   HIGHEST GUST DIRECTION     S (200)
  AVERAGE WIND SPEED     0.8


SKY COVER
  POSSIBLE SUNSHINE  MM
  AVERAGE SKY COVER 0.0


WEATHER CONDITIONS
 THE FOLLOWING WEATHER WAS RECORDED TODAY.
  NO SIGNIFICANT WEATHER WAS OBSERVED.


RELATIVE HUMIDITY (PERCENT)
 HIGHEST    59           300 AM
 LOWEST     17           200 PM
 AVERAGE    38

..........................................................


THE FULLERTON AIRPORT CA CLIMATE NORMALS FOR TOMORROW
                         NORMAL    RECORD    YEAR
 MAXIMUM TEMPERATURE (F)   68        90      2015
 MINIMUM TEMPERATURE (F)   47        41      2004


SUNRISE AND SUNSET
FEBRUARY 11 2016......SUNRISE   641 AM PST   SUNSET   532 PM PST
FEBRUARY 12 2016......SUNRISE   640 AM PST   SUNSET   533 PM PST


-  INDICATES NEGATIVE NUMBERS.
R  INDICATES RECORD WAS SET OR TIED.
MM INDICATES DATA IS MISSING.
T  INDICATES TRACE AMOUNT.




$$
