000
CDUS46 KSGX 011420
CLIFUL


CLIMATE REPORT
NATIONAL WEATHER SERVICE SAN DIEGO, CA
720 AM PDT SAT AUG 1 2015


...................................

...THE FULLERTON AIRPORT CA CLIMATE SUMMARY FOR JULY 31 2015...

CLIMATE NORMAL PERIOD 1981 TO 2010
CLIMATE RECORD PERIOD 1998 TO 2015


WEATHER ITEM   OBSERVED TIME   RECORD YEAR NORMAL DEPARTURE LAST
                VALUE   (LST)  VALUE       VALUE  FROM      YEAR
                                                  NORMAL
..................................................................
TEMPERATURE (F)
 YESTERDAY
  MAXIMUM         88    321 PM  92    2000  84      4       90
  MINIMUM         70    534 AM  61    1998  65      5       69
  AVERAGE         79                        75      4       80

PRECIPITATION (IN)
  YESTERDAY        0.00          T    2011   0.00   0.00     0.00
  MONTH TO DATE    0.48                      0.04   0.44      T
  SINCE OCT 1      6.83                     13.59  -6.76     4.77
  SINCE JAN 1      3.01                      9.69  -6.68     3.46

DEGREE DAYS
 HEATING
  YESTERDAY        0                         0      0        0
  MONTH TO DATE    0                         0      0        0
  SINCE JUN 1      0                         2     -2        0
  SINCE JUL 1      0                         0      0        0

 COOLING
  YESTERDAY       14                        10      4       15
  MONTH TO DATE  349                       274     75      395
  SINCE JUN 1    603                       419    184      612
  SINCE JAN 1    945                       542    403      970
..................................................................


WIND (MPH)
  RESULTANT WIND SPEED   3   RESULTANT WIND DIRECTION   S (190)
  HIGHEST WIND SPEED    10   HIGHEST WIND DIRECTION     S (200)
  HIGHEST GUST SPEED    15   HIGHEST GUST DIRECTION     S (190)
  AVERAGE WIND SPEED     4.5


SKY COVER
  POSSIBLE SUNSHINE  MM
  AVERAGE SKY COVER 0.4


WEATHER CONDITIONS
 THE FOLLOWING WEATHER WAS RECORDED YESTERDAY.
  HAZE


RELATIVE HUMIDITY (PERCENT)
 HIGHEST    84          1200 AM
 LOWEST     48           500 PM
 AVERAGE    66

..........................................................


THE FULLERTON AIRPORT CA CLIMATE NORMALS FOR TODAY
                         NORMAL    RECORD    YEAR
 MAXIMUM TEMPERATURE (F)   84        90      2011
 MINIMUM TEMPERATURE (F)   65        61      1998


SUNRISE AND SUNSET
AUGUST  1 2015........SUNRISE   603 AM PDT   SUNSET   752 PM PDT
AUGUST  2 2015........SUNRISE   604 AM PDT   SUNSET   752 PM PDT


-  INDICATES NEGATIVE NUMBERS.
R  INDICATES RECORD WAS SET OR TIED.
MM INDICATES DATA IS MISSING.
T  INDICATES TRACE AMOUNT.




$$
