000
CDUS46 KSGX 240025
CLIFUL


CLIMATE REPORT
NATIONAL WEATHER SERVICE SAN DIEGO, CA
524 PM PDT FRI JUN 23 2017


...................................

...THE FULLERTON AIRPORT CA CLIMATE SUMMARY FOR JUNE 23 2017...
VALID TODAY AS OF 0500 PM LOCAL TIME.

CLIMATE NORMAL PERIOD 1981 TO 2010
CLIMATE RECORD PERIOD 1998 TO 2017


WEATHER ITEM   OBSERVED TIME   RECORD YEAR NORMAL DEPARTURE LAST
                VALUE   (LST)  VALUE       VALUE  FROM      YEAR
                                                  NORMAL
..................................................................
TEMPERATURE (F)
 TODAY
  MAXIMUM         83    309 PM  87    2015  80      3       83
                                      2001
  MINIMUM         64    112 AM  58    1999  62      2       66
  AVERAGE         74                        71      3       75

PRECIPITATION (IN)
  TODAY            0.00          T    2004   0.01  -0.01     0.00
  MONTH TO DATE    0.01                      0.08  -0.07      T
  SINCE OCT 1     16.92                     13.54   3.38     5.26
  SINCE JAN 1     11.01                      9.64   1.37     4.21

DEGREE DAYS
 HEATING
  TODAY            0                         0      0        0
  MONTH TO DATE    0                         0      0        0
  SINCE JUN 1      0                         0      0        0
  SINCE JUL 1    795                      1224   -429      770

 COOLING
  TODAY            9                         6      3       10
  MONTH TO DATE  144                        98     46      181
  SINCE JUN 1    144                        98     46      181
  SINCE JAN 1    383                       221    162      417
..................................................................


WIND (MPH)
  RESULTANT WIND SPEED   1   RESULTANT WIND DIRECTION   S (190)
  HIGHEST WIND SPEED    13   HIGHEST WIND DIRECTION    SW (210)
  HIGHEST GUST SPEED    20   HIGHEST GUST DIRECTION    SW (230)
  AVERAGE WIND SPEED     3.7


SKY COVER
  POSSIBLE SUNSHINE  MM
  AVERAGE SKY COVER 0.6


WEATHER CONDITIONS
 THE FOLLOWING WEATHER WAS RECORDED TODAY.
  FOG
  HAZE


RELATIVE HUMIDITY (PERCENT)
 HIGHEST    87          1200 AM
 LOWEST     51           300 PM
 AVERAGE    69

..........................................................


THE FULLERTON AIRPORT CA CLIMATE NORMALS FOR TOMORROW
                         NORMAL    RECORD    YEAR
 MAXIMUM TEMPERATURE (F)   80        85      2015
                                             2012
                                             2006
 MINIMUM TEMPERATURE (F)   62        58      2005


SUNRISE AND SUNSET
JUNE 23 2017..........SUNRISE   542 AM PDT   SUNSET   806 PM PDT
JUNE 24 2017..........SUNRISE   542 AM PDT   SUNSET   807 PM PDT


-  INDICATES NEGATIVE NUMBERS.
R  INDICATES RECORD WAS SET OR TIED.
MM INDICATES DATA IS MISSING.
T  INDICATES TRACE AMOUNT.




$$
