000
CDUS41 KCAR 200548
CLIFVE


CLIMATE REPORT
NATIONAL WEATHER SERVICE CARIBOU, ME
148 AM EDT SUN APR 20 2014


...................................

...THE FRENCHVILLE ME CLIMATE SUMMARY FOR APRIL 19 2014...

CLIMATE NORMAL PERIOD 1981 TO 2010
CLIMATE RECORD PERIOD 9999 TO 9999


WEATHER ITEM   OBSERVED TIME   RECORD YEAR NORMAL DEPARTURE LAST
                VALUE   (LST)  VALUE       VALUE  FROM      YEAR
                                                  NORMAL
..................................................................
TEMPERATURE (F)
 YESTERDAY
  MAXIMUM         38    256 PM              47     -9
  MINIMUM         30   1159 PM              31     -1
  AVERAGE         34                        39     -5

PRECIPITATION (IN)
  YESTERDAY        0.04         MM      MM   0.09  -0.05     0.00
  MONTH TO DATE    1.61                      1.78  -0.17     0.69
  SINCE MAR 1      2.64                      3.26  -0.62     1.63
  SINCE JAN 1      5.56                      5.83  -0.27     3.85

SNOWFALL (IN)
  YESTERDAY       MM            MM      MM  MM     MM       MM
  MONTH TO DATE    0.0                      MM     MM       MM
  SINCE MAR 1      0.0                      MM     MM       MM
  SINCE JUL 1      0.0                      MM     MM       MM
  SNOW DEPTH      MM

DEGREE DAYS
 HEATING
  YESTERDAY       31                                5
  MONTH TO DATE  609                               24
  SINCE JUL 1   9125                              249

 COOLING
  YESTERDAY        0                                0
  MONTH TO DATE    0                                0
  SINCE JAN 1      0                                0
..................................................................


WIND (MPH)
  HIGHEST WIND SPEED    26   HIGHEST WIND DIRECTION    NW (310)
  HIGHEST GUST SPEED    36   HIGHEST GUST DIRECTION    NW (320)
  AVERAGE WIND SPEED    11.2




..........................................................


THE FRENCHVILLE ME CLIMATE NORMALS FOR TODAY
                         NORMAL
 MAXIMUM TEMPERATURE (F)   48
 MINIMUM TEMPERATURE (F)   31


SUNRISE AND SUNSET
APRIL 20 2014.........SUNRISE   536 AM EDT   SUNSET   729 PM EDT
APRIL 21 2014.........SUNRISE   534 AM EDT   SUNSET   731 PM EDT


-  INDICATES NEGATIVE NUMBERS.
R  INDICATES RECORD WAS SET OR TIED.
MM INDICATES DATA IS MISSING.
T  INDICATES TRACE AMOUNT.




$$
