000
CDUS41 KCAR 170529
CLIFVE

CLIMATE REPORT
NATIONAL WEATHER SERVICE CARIBOU, ME
126 AM EDT THU AUG 17 2017


...................................

...THE FRENCHVILLE ME CLIMATE SUMMARY FOR AUGUST 16 2017...

CLIMATE NORMAL PERIOD 1981 TO 2010
CLIMATE RECORD PERIOD 9999 TO 9999


WEATHER ITEM   OBSERVED TIME   RECORD YEAR NORMAL DEPARTURE LAST
                VALUE   (LST)  VALUE       VALUE  FROM      YEAR
                                                  NORMAL
..................................................................
TEMPERATURE (F)
 YESTERDAY
  MAXIMUM         64        252 PM          72     -8
  MINIMUM         47        1159 PM         53     -6
  AVERAGE         56                        63     -7

PRECIPITATION (IN)
  YESTERDAY        T            MM      MM   0.12  -0.12     0.26
  MONTH TO DATE    1.12                      1.99  -0.87     1.10
  SINCE JUN 1      8.91                     10.15  -1.24    10.93
  SINCE JAN 1     20.60                     20.05   0.55    21.02

SNOWFALL (IN)
  YESTERDAY       MM            MM      MM  MM     MM       MM
  MONTH TO DATE   MM                        MM     MM       MM
  SINCE JUN 1     MM                        MM     MM       MM
  SINCE JUL 1     MM                        MM     MM       MM
  SNOW DEPTH      MM

DEGREE DAYS
 HEATING
  YESTERDAY        9                                5
  MONTH TO DATE   47                                1
  SINCE JUL 1    130                               14

 COOLING
  YESTERDAY        0                               -1
  MONTH TO DATE   16                              -14
  SINCE JAN 1     80                              -32
..................................................................


WIND (MPH)
  HIGHEST WIND SPEED    20   HIGHEST WIND DIRECTION    NW (330)
  HIGHEST GUST SPEED    31   HIGHEST GUST DIRECTION    NW (320)
  AVERAGE WIND SPEED    10.7




..........................................................


THE FRENCHVILLE ME CLIMATE NORMALS FOR TODAY
                         NORMAL
 MAXIMUM TEMPERATURE (F)   72
 MINIMUM TEMPERATURE (F)   53


SUNRISE AND SUNSET
AUGUST 17 2017........SUNRISE   533 AM EDT   SUNSET   741 PM EDT
AUGUST 18 2017........SUNRISE   534 AM EDT   SUNSET   739 PM EDT


-  INDICATES NEGATIVE NUMBERS.
R  INDICATES RECORD WAS SET OR TIED.
MM INDICATES DATA IS MISSING.
T  INDICATES TRACE AMOUNT.




$$
