565
CDUS43 KIWX 222035
CLIFWA


CLIMATE REPORT
NATIONAL WEATHER SERVICE NORTHERN INDIANA
435 PM EDT SAT JUL 22 2017


...................................

...THE FORT WAYNE CLIMATE SUMMARY FOR JULY 22 2017...
VALID TODAY AS OF 0400 PM LOCAL TIME.

CLIMATE NORMAL PERIOD 1981 TO 2010
CLIMATE RECORD PERIOD 1897 TO 2017


WEATHER ITEM   OBSERVED TIME   RECORD YEAR NORMAL DEPARTURE LAST
                VALUE   (LST)  VALUE       VALUE  FROM      YEAR
                                                  NORMAL
..................................................................
TEMPERATURE (F)
 TODAY
  MAXIMUM         84    252 PM 106    1934  84      0       89
  MINIMUM         70    622 AM  48    1947  63      7       73
  AVERAGE         77                        73      4       81

PRECIPITATION (IN)
  TODAY            0.95          2.56 1998   0.14   0.81     0.00
  MONTH TO DATE    4.22                      3.04   1.18     0.66
  SINCE JUN 1     11.53                      7.20   4.33     6.10
  SINCE JAN 1     34.98                     22.00  12.98    20.29

DEGREE DAYS
 HEATING
  TODAY            0                         0      0        0
  MONTH TO DATE    0                         0      0        3
  SINCE JUN 1      6                        29    -23       14
  SINCE JUL 1      0                         0      0        3

 COOLING
  TODAY           12                         8      4       16
  MONTH TO DATE  213                       197     16      195
  SINCE JUN 1    428                       379     49      401
  SINCE JAN 1    492                       436     56      475
..................................................................


WIND (MPH)
  HIGHEST WIND SPEED    21   HIGHEST WIND DIRECTION     S (200)
  HIGHEST GUST SPEED    26   HIGHEST GUST DIRECTION    SW (210)
  AVERAGE WIND SPEED     9.3


SKY COVER
  POSSIBLE SUNSHINE  MM
  AVERAGE SKY COVER 1.0


WEATHER CONDITIONS
 THE FOLLOWING WEATHER WAS RECORDED TODAY.
  THUNDERSTORM
  HEAVY RAIN
  RAIN
  LIGHT RAIN
  FOG


RELATIVE HUMIDITY (PERCENT)
 HIGHEST    93           200 AM
 LOWEST     65           300 PM
 AVERAGE    79

..........................................................


THE FORT WAYNE CLIMATE NORMALS FOR TOMORROW
                         NORMAL    RECORD    YEAR
 MAXIMUM TEMPERATURE (F)   84        98      1934
                                             1933
 MINIMUM TEMPERATURE (F)   63        46      1904


SUNRISE AND SUNSET
JULY 22 2017..........SUNRISE   628 AM EDT   SUNSET   906 PM EDT
JULY 23 2017..........SUNRISE   629 AM EDT   SUNSET   905 PM EDT


-  INDICATES NEGATIVE NUMBERS.
R  INDICATES RECORD WAS SET OR TIED.
MM INDICATES DATA IS MISSING.
T  INDICATES TRACE AMOUNT.




$$
