000
CDUS43 KIWX 060523
CLIFWA


CLIMATE REPORT
NATIONAL WEATHER SERVICE NORTHERN INDIANA
123 AM EDT MON JUL 6 2015


...................................

...THE FORT WAYNE CLIMATE SUMMARY FOR JULY 5 2015...

CLIMATE NORMAL PERIOD 1981 TO 2010
CLIMATE RECORD PERIOD 1897 TO 2015


WEATHER ITEM   OBSERVED TIME   RECORD YEAR NORMAL DEPARTURE LAST
                VALUE   (LST)  VALUE       VALUE  FROM      YEAR
                                                  NORMAL
..................................................................
TEMPERATURE (F)
 YESTERDAY
  MAXIMUM         82    333 PM 101    2012  85     -3       80
  MINIMUM         59    611 AM  48    1997  63     -4       53
                                      1979
                                      1967
  AVERAGE         71                        74     -3       67

PRECIPITATION (IN)
  YESTERDAY        0.00          1.06 1904   0.13  -0.13     0.00
  MONTH TO DATE    0.00                      0.65  -0.65     0.56
  SINCE JUN 1     11.98                      4.81   7.17     6.37
  SINCE JAN 1     26.11                     19.61   6.50    23.07

SNOWFALL (IN)
  YESTERDAY        0.0           0.0  2002   0.0    0.0      0.0
                                      2001
  MONTH TO DATE    0.0                       0.0    0.0       T
  SINCE JUN 1      0.0                       0.0    0.0       T
  SINCE JUL 1      0.0                       0.0    0.0       T
  SNOW DEPTH       0

DEGREE DAYS
 HEATING
  YESTERDAY        0                         0      0        0
  MONTH TO DATE    0                         0      0        0
  SINCE JUN 1     28                        29     -1       14
  SINCE JUL 1      0                         0      0        0

 COOLING
  YESTERDAY        6                         9     -3        2
  MONTH TO DATE   16                        45    -29       19
  SINCE JUN 1    192                       227    -35      249
  SINCE JAN 1    288                       284      4      330
..................................................................


WIND (MPH)
  HIGHEST WIND SPEED     9   HIGHEST WIND DIRECTION    SE (130)
  HIGHEST GUST SPEED    12   HIGHEST GUST DIRECTION     E (110)
  AVERAGE WIND SPEED     1.4


SKY COVER
  AVERAGE SKY COVER 0.6


WEATHER CONDITIONS
 THE FOLLOWING WEATHER WAS RECORDED YESTERDAY.
  LIGHT RAIN
  FOG
  HAZE


RELATIVE HUMIDITY (PERCENT)
 HIGHEST    97           300 AM
 LOWEST     45           200 PM
 AVERAGE    71

..........................................................


THE FORT WAYNE CLIMATE NORMALS FOR TODAY
                         NORMAL    RECORD    YEAR
 MAXIMUM TEMPERATURE (F)   85       101      2012
 MINIMUM TEMPERATURE (F)   63        45      2001


SUNRISE AND SUNSET
JULY  6 2015..........SUNRISE   615 AM EDT   SUNSET   916 PM EDT
JULY  7 2015..........SUNRISE   616 AM EDT   SUNSET   915 PM EDT


-  INDICATES NEGATIVE NUMBERS.
R  INDICATES RECORD WAS SET OR TIED.
MM INDICATES DATA IS MISSING.
T  INDICATES TRACE AMOUNT.




$$
