000
CDUS43 KIWX 030523
CLIFWA


CLIMATE REPORT
NATIONAL WEATHER SERVICE NORTHERN INDIANA
123 AM EDT THU SEP 3 2015


...................................

...THE FORT WAYNE CLIMATE SUMMARY FOR SEPTEMBER 2 2015...

CLIMATE NORMAL PERIOD 1981 TO 2010
CLIMATE RECORD PERIOD 1897 TO 2015


WEATHER ITEM   OBSERVED TIME   RECORD YEAR NORMAL DEPARTURE LAST
                VALUE   (LST)  VALUE       VALUE  FROM      YEAR
                                                  NORMAL
..................................................................
TEMPERATURE (F)
 YESTERDAY
  MAXIMUM         89    405 PM 100    1953  81      8       78
  MINIMUM         66    604 AM  39    1909  58      8       63
  AVERAGE         78                        69      9       71

PRECIPITATION (IN)
  YESTERDAY        T             0.85 1984   0.11  -0.11     0.17
  MONTH TO DATE    T                         0.21  -0.21     0.19
  SINCE SEP 1      T                         0.21  -0.21     0.19
  SINCE JAN 1     35.65                     27.05   8.60    30.74

SNOWFALL (IN)
  YESTERDAY        0.0           0.0  2002   0.0    0.0      0.0
                                      2001
  MONTH TO DATE    0.0                       0.0    0.0      0.0
  SINCE SEP 1      0.0                       0.0    0.0      0.0
  SINCE JUL 1      0.0                       0.0    0.0       T
  SNOW DEPTH       0

DEGREE DAYS
 HEATING
  YESTERDAY        0                         1     -1        0
  MONTH TO DATE    0                         2     -2        0
  SINCE SEP 1      0                         2     -2        0
  SINCE JUL 1      9                        14     -5       24

 COOLING
  YESTERDAY       13                         5      8        6
  MONTH TO DATE   25                        10     15       16
  SINCE SEP 1     25                        10     15       16
  SINCE JAN 1    697                       727    -30      690
..................................................................


WIND (MPH)
  HIGHEST WIND SPEED    16   HIGHEST WIND DIRECTION    SW (240)
  HIGHEST GUST SPEED    20   HIGHEST GUST DIRECTION     W (260)
  AVERAGE WIND SPEED     6.1


SKY COVER
  AVERAGE SKY COVER 0.4


WEATHER CONDITIONS
 THE FOLLOWING WEATHER WAS RECORDED YESTERDAY.
  FOG
  HAZE


RELATIVE HUMIDITY (PERCENT)
 HIGHEST    93           600 AM
 LOWEST     53           400 PM
 AVERAGE    73

..........................................................


THE FORT WAYNE CLIMATE NORMALS FOR TODAY
                         NORMAL    RECORD    YEAR
 MAXIMUM TEMPERATURE (F)   80        95      2011
                                             1898
 MINIMUM TEMPERATURE (F)   58        38      1908


SUNRISE AND SUNSET
SEPTEMBER  3 2015.....SUNRISE   709 AM EDT   SUNSET   810 PM EDT
SEPTEMBER  4 2015.....SUNRISE   710 AM EDT   SUNSET   809 PM EDT


-  INDICATES NEGATIVE NUMBERS.
R  INDICATES RECORD WAS SET OR TIED.
MM INDICATES DATA IS MISSING.
T  INDICATES TRACE AMOUNT.




$$
