000
CDUS43 KIWX 220541
CLIFWA


CLIMATE REPORT
NATIONAL WEATHER SERVICE NORTHERN INDIANA
1240 AM EST WED NOV 22 2017


...................................

...THE FORT WAYNE CLIMATE SUMMARY FOR NOVEMBER 21 2017...

CLIMATE NORMAL PERIOD 1981 TO 2010
CLIMATE RECORD PERIOD 1897 TO 2017


WEATHER ITEM   OBSERVED TIME   RECORD YEAR NORMAL DEPARTURE LAST
                VALUE   (LST)  VALUE       VALUE  FROM      YEAR
                                                  NORMAL
..................................................................
TEMPERATURE (F)
 YESTERDAY
  MAXIMUM         50   1209 PM  70    1913  47      3       43
  MINIMUM         35   1159 PM   9    2014  31      4       27
  AVERAGE         43                        39      4       35

PRECIPITATION (IN)
  YESTERDAY        0.05          2.44 2007   0.10  -0.05     0.00
  MONTH TO DATE    5.41                      2.12   3.29     0.79
  SINCE SEP 1      9.32                      7.76   1.56     9.88
  SINCE JAN 1     47.60                     34.60  13.00    33.69

SNOWFALL (IN)
  YESTERDAY        0.0           4.1  2015   0.1   -0.1      0.0
  MONTH TO DATE    T                         0.9   -0.9      0.4
  SINCE SEP 1      T                         1.2   -1.2      0.4
  SINCE JUL 1      T                         1.2   -1.2      0.4

DEGREE DAYS
 HEATING
  YESTERDAY       22                        26     -4       30
  MONTH TO DATE  474                       454     20      346
  SINCE SEP 1    831                       951   -120      619
  SINCE JUL 1    846                       963   -117      622

 COOLING
  YESTERDAY        0                         0      0        0
  MONTH TO DATE    0                         0      0        4
  SINCE SEP 1    148                        92     56      178
  SINCE JAN 1    836                       809     27     1104
..................................................................


WIND (MPH)
  HIGHEST WIND SPEED    28   HIGHEST WIND DIRECTION     W (250)
  HIGHEST GUST SPEED    33   HIGHEST GUST DIRECTION     W (250)
  AVERAGE WIND SPEED    16.0


SKY COVER
  AVERAGE SKY COVER 0.8


WEATHER CONDITIONS
 THE FOLLOWING WEATHER WAS RECORDED YESTERDAY.
  LIGHT RAIN


RELATIVE HUMIDITY (PERCENT)
 HIGHEST    85           600 PM
 LOWEST     56          1100 AM
 AVERAGE    71

..........................................................


THE FORT WAYNE CLIMATE NORMALS FOR TODAY
                         NORMAL    RECORD    YEAR
 MAXIMUM TEMPERATURE (F)   47        70      1931
                                             1913
                                             1908
 MINIMUM TEMPERATURE (F)   31        10      1964


SUNRISE AND SUNSET
NOVEMBER 22 2017......SUNRISE   737 AM EST   SUNSET   517 PM EST
NOVEMBER 23 2017......SUNRISE   738 AM EST   SUNSET   516 PM EST


-  INDICATES NEGATIVE NUMBERS.
R  INDICATES RECORD WAS SET OR TIED.
MM INDICATES DATA IS MISSING.
T  INDICATES TRACE AMOUNT.




$$
