000
CDUS43 KIWX 070529
CLIFWA


CLIMATE REPORT
NATIONAL WEATHER SERVICE NORTHERN INDIANA
1228 AM EST WED DEC 7 2016


...................................

...THE FORT WAYNE CLIMATE SUMMARY FOR DECEMBER 6 2016...

CLIMATE NORMAL PERIOD 1981 TO 2010
CLIMATE RECORD PERIOD 1897 TO 2016


WEATHER ITEM   OBSERVED TIME   RECORD YEAR NORMAL DEPARTURE LAST
                VALUE   (LST)  VALUE       VALUE  FROM      YEAR
                                                  NORMAL
..................................................................
TEMPERATURE (F)
 YESTERDAY
  MAXIMUM         39    558 PM  69    1998  39      0       51
  MINIMUM         26    151 AM  -5    1964  25      1       25
  AVERAGE         33                        32      1       38

PRECIPITATION (IN)
  YESTERDAY        0.02          1.40 1932   0.09  -0.07     0.00
  MONTH TO DATE    0.37                      0.57  -0.20     0.07
  SINCE DEC 1      0.37                      0.57  -0.20     0.07
  SINCE JAN 1     35.43                     36.14  -0.71    42.31

SNOWFALL (IN)
  YESTERDAY        0.0           1.9  1984   0.2   -0.2      0.0
  MONTH TO DATE    2.7                       1.1    1.6      0.2
  SINCE DEC 1      2.7                       1.1    1.6      0.2
  SINCE JUL 1      3.1                       3.2   -0.1      4.4
  SNOW DEPTH       0

DEGREE DAYS
 HEATING
  YESTERDAY       32                        33     -1       27
  MONTH TO DATE  180                       191    -11      168
  SINCE DEC 1    180                       191    -11      168
  SINCE JUL 1   1025                      1408   -383     1137

 COOLING
  YESTERDAY        0                         0      0        0
  MONTH TO DATE    0                         0      0        0
  SINCE DEC 1      0                         0      0        0
  SINCE JAN 1   1104                       809    295      811
..................................................................


WIND (MPH)
  HIGHEST WIND SPEED    23   HIGHEST WIND DIRECTION     W (280)
  HIGHEST GUST SPEED    28   HIGHEST GUST DIRECTION     W (290)
  AVERAGE WIND SPEED    11.0


SKY COVER
  AVERAGE SKY COVER 0.9


WEATHER CONDITIONS
 THE FOLLOWING WEATHER WAS RECORDED YESTERDAY.
  LIGHT RAIN
  FOG
  HAZE


RELATIVE HUMIDITY (PERCENT)
 HIGHEST    92           100 AM
 LOWEST     72          1100 PM
 AVERAGE    82

..........................................................


THE FORT WAYNE CLIMATE NORMALS FOR TODAY
                         NORMAL    RECORD    YEAR
 MAXIMUM TEMPERATURE (F)   39        63      1951
 MINIMUM TEMPERATURE (F)   25        -1      1977
                                             1964


SUNRISE AND SUNSET
DECEMBER  7 2016......SUNRISE   753 AM EST   SUNSET   512 PM EST
DECEMBER  8 2016......SUNRISE   753 AM EST   SUNSET   512 PM EST


-  INDICATES NEGATIVE NUMBERS.
R  INDICATES RECORD WAS SET OR TIED.
MM INDICATES DATA IS MISSING.
T  INDICATES TRACE AMOUNT.




$$
