000
CDUS43 KIWX 230526
CLIFWA


CLIMATE REPORT
NATIONAL WEATHER SERVICE NORTHERN INDIANA
125 AM EDT SAT AUG 23 2014


...................................

...THE FORT WAYNE CLIMATE SUMMARY FOR AUGUST 22 2014...

CLIMATE NORMAL PERIOD 1981 TO 2010
CLIMATE RECORD PERIOD 1897 TO 2014


WEATHER ITEM   OBSERVED TIME   RECORD YEAR NORMAL DEPARTURE LAST
                VALUE   (LST)  VALUE       VALUE  FROM      YEAR
                                                  NORMAL
..................................................................
TEMPERATURE (F)
 YESTERDAY
  MAXIMUM         85    444 PM  98    1936  82      3       76
  MINIMUM         68    440 AM  46    1923  60      8       68
                                      1909
                                      1907
  AVERAGE         77                        71      6       72

PRECIPITATION (IN)
  YESTERDAY        2.33R         2.09 2001   0.11   2.22     0.81
  MONTH TO DATE    5.79                      2.63   3.16     5.07
  SINCE JUN 1     13.60                     11.03   2.57    14.66
  SINCE JAN 1     30.14                     25.83   4.31    32.33

SNOWFALL (IN)
  YESTERDAY        0.0           0.0  2002   0.0    0.0      0.0
                                      2001
  MONTH TO DATE    0.0                       0.0    0.0      0.0
  SINCE JUN 1      T                         0.0    0.0      0.0
  SINCE JUL 1      T                         0.0    0.0      0.0
  SNOW DEPTH       0

DEGREE DAYS
 HEATING
  YESTERDAY        0                         0      0        0
  MONTH TO DATE   10                         0     10       10
  SINCE JUN 1     38                        32      6       39
  SINCE JUL 1     24                         3     21       20

 COOLING
  YESTERDAY       12                         6      6        7
  MONTH TO DATE  126                       158    -32      107
  SINCE JUN 1    506                       607   -101      535
  SINCE JAN 1    587                       664    -77      640
..................................................................


WIND (MPH)
  HIGHEST WIND SPEED    17   HIGHEST WIND DIRECTION     N (10)
  HIGHEST GUST SPEED    24   HIGHEST GUST DIRECTION     N (360)
  AVERAGE WIND SPEED     6.5


SKY COVER
  AVERAGE SKY COVER 0.8


WEATHER CONDITIONS
 THE FOLLOWING WEATHER WAS RECORDED YESTERDAY.
  THUNDERSTORM
  HEAVY RAIN
  RAIN
  LIGHT RAIN
  FOG


RELATIVE HUMIDITY (PERCENT)
 HIGHEST   100           400 AM
 LOWEST     70           500 PM
 AVERAGE    85

..........................................................


THE FORT WAYNE CLIMATE NORMALS FOR TODAY
                         NORMAL    RECORD    YEAR
 MAXIMUM TEMPERATURE (F)   82        95      1936
 MINIMUM TEMPERATURE (F)   60        44      1902


SUNRISE AND SUNSET
AUGUST 23 2014........SUNRISE   659 AM EDT   SUNSET   828 PM EDT
AUGUST 24 2014........SUNRISE   700 AM EDT   SUNSET   826 PM EDT


-  INDICATES NEGATIVE NUMBERS.
R  INDICATES RECORD WAS SET OR TIED.
MM INDICATES DATA IS MISSING.
T  INDICATES TRACE AMOUNT.




$$
