000
CDUS43 KIWX 262026
CLIFWA


CLIMATE REPORT
NATIONAL WEATHER SERVICE NORTHERN INDIANA
425 PM EDT FRI MAY 26 2017


...................................

...THE FORT WAYNE CLIMATE SUMMARY FOR MAY 26 2017...
VALID TODAY AS OF 0400 PM LOCAL TIME.

CLIMATE NORMAL PERIOD 1981 TO 2010
CLIMATE RECORD PERIOD 1897 TO 2017


WEATHER ITEM   OBSERVED TIME   RECORD YEAR NORMAL DEPARTURE LAST
                VALUE   (LST)  VALUE       VALUE  FROM      YEAR
                                                  NORMAL
..................................................................
TEMPERATURE (F)
 TODAY
  MAXIMUM         72   1251 PM  97    1911  75     -3       82
  MINIMUM         52    516 AM  35    1961  53     -1       65
  AVERAGE         62                        64     -2       74

PRECIPITATION (IN)
  TODAY            0.00          1.98 1913   0.16  -0.16     0.00
  MONTH TO DATE    7.50                      3.44   4.06     4.13
  SINCE MAR 1     15.26                      9.67   5.59    11.14
  SINCE JAN 1     21.73                     13.97   7.76    14.19

DEGREE DAYS
 HEATING
  TODAY            3                         4     -1        0
  MONTH TO DATE  196                       175     21      198
  SINCE MAR 1   1285                      1459   -174     1289
  SINCE JUL 1   4979                      6057  -1078     5116

 COOLING
  TODAY            0                         3     -3        9
  MONTH TO DATE   35                        34      1       21
  SINCE MAR 1     55                        42     13       21
  SINCE JAN 1     55                        42     13       21
..................................................................


WIND (MPH)
  HIGHEST WIND SPEED    14   HIGHEST WIND DIRECTION     W (270)
  HIGHEST GUST SPEED    22   HIGHEST GUST DIRECTION     W (280)
  AVERAGE WIND SPEED     7.4


SKY COVER
  POSSIBLE SUNSHINE  MM
  AVERAGE SKY COVER 0.6


WEATHER CONDITIONS
 THE FOLLOWING WEATHER WAS RECORDED TODAY.
  FOG


RELATIVE HUMIDITY (PERCENT)
 HIGHEST    96           400 AM
 LOWEST     53           200 PM
 AVERAGE    75

..........................................................


THE FORT WAYNE CLIMATE NORMALS FOR TOMORROW
                         NORMAL    RECORD    YEAR
 MAXIMUM TEMPERATURE (F)   75        99      1911
 MINIMUM TEMPERATURE (F)   53        31      1961


SUNRISE AND SUNSET
MAY 26 2017...........SUNRISE   614 AM EDT   SUNSET   902 PM EDT
MAY 27 2017...........SUNRISE   613 AM EDT   SUNSET   903 PM EDT


-  INDICATES NEGATIVE NUMBERS.
R  INDICATES RECORD WAS SET OR TIED.
MM INDICATES DATA IS MISSING.
T  INDICATES TRACE AMOUNT.




$$
