000
CDUS44 KTSA 260808 RRA
CLIFYV

CLIMATE REPORT
NATIONAL WEATHER SERVICE TULSA OK
147 AM CDT TUE JUL 26 2016


...................................

...THE FAYETTEVILLE ARKANSAS CLIMATE SUMMARY FOR JULY 25 2016...

CLIMATE NORMAL PERIOD 1981 TO 2010
CLIMATE RECORD PERIOD 1905 TO 2016


WEATHER ITEM   OBSERVED TIME   RECORD YEAR NORMAL DEPARTURE LAST
                VALUE   (LST)  VALUE       VALUE  FROM      YEAR
                                                  NORMAL
..................................................................
TEMPERATURE (F)
 YESTERDAY
  MAXIMUM         85    543 PM 102    1977  89     -4       93
  MINIMUM         72   1017 AM  54    2000  67      5       72
  AVERAGE         79                        78      1       83

PRECIPITATION (IN)
  YESTERDAY        0.51                      0.10   0.41     0.00
  MONTH TO DATE    5.45                      2.90   2.55     8.04
  SINCE JUN 1      8.32                      7.88   0.44    14.81
  SINCE JAN 1     22.58                     28.09  -5.51    38.27

DEGREE DAYS
 COOLING
  YESTERDAY       14                        13      1       18
  MONTH TO DATE  355                       312     43      335
  SINCE JUN 1    692                       557    135      653
  SINCE JAN 1    759                       670     89      750
..................................................................


WIND (MPH)
  HIGHEST WIND SPEED    15   HIGHEST WIND DIRECTION    NW (330)
  HIGHEST GUST SPEED    20   HIGHEST GUST DIRECTION    NW (330)
  AVERAGE WIND SPEED     3.5


SKY COVER
  POSSIBLE SUNSHINE  MM
  AVERAGE SKY COVER 0.3


WEATHER CONDITIONS
 THE FOLLOWING WEATHER WAS RECORDED YESTERDAY.
  THUNDERSTORM
  HEAVY RAIN
  RAIN
  LIGHT RAIN
  FOG


RELATIVE HUMIDITY (PERCENT)
 HIGHEST   100           300 AM
 LOWEST     74           600 PM
 AVERAGE    87

..........................................................


THE FAYETTEVILLE ARKANSAS CLIMATE NORMALS FOR TODAY
                         NORMAL    RECORD    YEAR
 MAXIMUM TEMPERATURE (F)   90       100      2011
                                             1986
 MINIMUM TEMPERATURE (F)   67        56      1996


SUNRISE AND SUNSET
JULY 26 2016..........SUNRISE   620 AM CDT   SUNSET   826 PM CDT
JULY 27 2016..........SUNRISE   621 AM CDT   SUNSET   825 PM CDT


-  INDICATES NEGATIVE NUMBERS.
R  INDICATES RECORD WAS SET OR TIED.
MM INDICATES DATA IS MISSING.
T  INDICATES TRACE AMOUNT.




$$
