000
CDUS44 KTSA 300805
CLIFYV

CLIMATE REPORT
NATIONAL WEATHER SERVICE TULSA OK
302 AM CDT THU OCT 30 2014


...................................

...THE FAYETTEVILLE ARKANSAS CLIMATE SUMMARY FOR OCTOBER 29 2014...

CLIMATE NORMAL PERIOD 1981 TO 2010
CLIMATE RECORD PERIOD 1905 TO 2014


WEATHER ITEM   OBSERVED TIME   RECORD YEAR NORMAL DEPARTURE LAST
                VALUE   (LST)  VALUE       VALUE  FROM      YEAR
                                                  NORMAL
..................................................................
TEMPERATURE (F)
 YESTERDAY
  MAXIMUM         67    328 PM  87    1950  66      1       69
  MINIMUM         37    700 AM  17    1952  42     -5       59
  AVERAGE         52                        54     -2       64

PRECIPITATION (IN)
  YESTERDAY        0.00                      0.14  -0.14     0.06
  MONTH TO DATE    7.23                      4.06   3.17     4.78
  SINCE SEP 1     10.81                      8.88   1.93     8.45
  SINCE JAN 1     33.94                     40.77  -6.83    39.52

SNOWFALL (IN)
  YESTERDAY        0.0                                       0.0
  MONTH TO DATE    0.0                                       0.0
  SINCE SEP 1      0.0                                       0.0
  SINCE JUL 1      0.0                                       0.0

DEGREE DAYS
 HEATING
  YESTERDAY       13                        11      2        1
  MONTH TO DATE  163                       225    -62      253
  SINCE SEP 1    195                       276    -81      265
  SINCE JUL 1    199                       277    -78      265

 COOLING
  YESTERDAY        0                         0      0        0
  MONTH TO DATE   45                        18     27       44
  SINCE SEP 1    202                       176     26      261
  SINCE JAN 1   1237                      1301    -64     1390
..................................................................


WIND (MPH)
  HIGHEST WIND SPEED    12   HIGHEST WIND DIRECTION    NW (330)
  HIGHEST GUST SPEED    14   HIGHEST GUST DIRECTION    NW (330)
  AVERAGE WIND SPEED     1.5


SKY COVER
  POSSIBLE SUNSHINE  MM
  AVERAGE SKY COVER 0.0


WEATHER CONDITIONS
 THE FOLLOWING WEATHER WAS RECORDED YESTERDAY.
  NO SIGNIFICANT WEATHER WAS OBSERVED.


RELATIVE HUMIDITY (PERCENT)
 HIGHEST   100          1200 AM
 LOWEST     28          1200 PM
 AVERAGE    64

..........................................................


THE FAYETTEVILLE ARKANSAS CLIMATE NORMALS FOR TODAY
                         NORMAL    RECORD    YEAR
 MAXIMUM TEMPERATURE (F)   66        85      1968
 MINIMUM TEMPERATURE (F)   42        17      1998


SUNRISE AND SUNSET
OCTOBER 30 2014.......SUNRISE   737 AM CDT   SUNSET   623 PM CDT
OCTOBER 31 2014.......SUNRISE   738 AM CDT   SUNSET   622 PM CDT


-  INDICATES NEGATIVE NUMBERS.
R  INDICATES RECORD WAS SET OR TIED.
MM INDICATES DATA IS MISSING.
T  INDICATES TRACE AMOUNT.




$$
