000
CDUS44 KTSA 180903
CLIFYV

CLIMATE REPORT
NATIONAL WEATHER SERVICE TULSA OK
302 AM CST THU DEC 18 2014


...................................

...THE FAYETTEVILLE ARKANSAS CLIMATE SUMMARY FOR DECEMBER 17 2014...

CLIMATE NORMAL PERIOD 1981 TO 2010
CLIMATE RECORD PERIOD 1905 TO 2014


WEATHER ITEM   OBSERVED TIME   RECORD YEAR NORMAL DEPARTURE LAST
                VALUE   (LST)  VALUE       VALUE  FROM      YEAR
                                                  NORMAL
..................................................................
TEMPERATURE (F)
 YESTERDAY
  MAXIMUM         37   1159 PM  70    1976  47    -10       60
  MINIMUM         25    539 AM   4    1979  26     -1       28
  AVERAGE         31                        37     -6       44

PRECIPITATION (IN)
  YESTERDAY        0.71                      0.09   0.62     0.00
  MONTH TO DATE    2.30                      1.87   0.43     1.90
  SINCE DEC 1      2.30                      1.87   0.43     1.90
  SINCE JAN 1     38.74                     47.14  -8.40    44.43

SNOWFALL (IN)
  YESTERDAY        T                                         0.0
  MONTH TO DATE    T                                         7.0
  SINCE DEC 1      T                                         7.0
  SINCE JUL 1      T                                         7.0

DEGREE DAYS
 HEATING
  YESTERDAY       34                        28      6       21
  MONTH TO DATE  378                       447    -69      538
  SINCE DEC 1    378                       447    -69      538
  SINCE JUL 1   1303                      1276     27     1427
..................................................................


WIND (MPH)
  HIGHEST WIND SPEED    10   HIGHEST WIND DIRECTION     E (70)
  HIGHEST GUST SPEED    13   HIGHEST GUST DIRECTION     E (70)
  AVERAGE WIND SPEED     0.9


SKY COVER
  POSSIBLE SUNSHINE  MM
  AVERAGE SKY COVER 0.7


WEATHER CONDITIONS
 THE FOLLOWING WEATHER WAS RECORDED YESTERDAY.
  RAIN
  LIGHT RAIN
  FOG


RELATIVE HUMIDITY (PERCENT)
 HIGHEST   100          1200 AM
 LOWEST     82          1000 AM
 AVERAGE    91

..........................................................


THE FAYETTEVILLE ARKANSAS CLIMATE NORMALS FOR TODAY
                         NORMAL    RECORD    YEAR
 MAXIMUM TEMPERATURE (F)   47        70      1962
 MINIMUM TEMPERATURE (F)   26         2      1964


SUNRISE AND SUNSET
DECEMBER 18 2014......SUNRISE   722 AM CST   SUNSET   505 PM CST
DECEMBER 19 2014......SUNRISE   722 AM CST   SUNSET   505 PM CST


-  INDICATES NEGATIVE NUMBERS.
R  INDICATES RECORD WAS SET OR TIED.
MM INDICATES DATA IS MISSING.
T  INDICATES TRACE AMOUNT.




$$
