000
CDUS44 KTSA 042121
CLIFYV

CLIMATE REPORT
NATIONAL WEATHER SERVICE TULSA OK
418 PM CDT TUE AUG 4 2015


...................................

...THE FAYETTEVILLE ARKANSAS CLIMATE SUMMARY FOR AUGUST 4 2015...
VALID TODAY AS OF 0400 PM LOCAL TIME.

CLIMATE NORMAL PERIOD 1981 TO 2010
CLIMATE RECORD PERIOD 1905 TO 2015


WEATHER ITEM   OBSERVED TIME   RECORD YEAR NORMAL DEPARTURE LAST
                VALUE   (LST)  VALUE       VALUE  FROM      YEAR
                                                  NORMAL
..................................................................
TEMPERATURE (F)
 TODAY
  MAXIMUM         86   1123 AM 106    1964  90     -4       88
  MINIMUM         65    549 AM  49    1974  66     -1       60
  AVERAGE         76                        78     -2       74

PRECIPITATION (IN)
  TODAY            0.00                      0.11  -0.11     0.00
  MONTH TO DATE    0.00                      0.39  -0.39     0.01
  SINCE JUN 1     14.82                      8.83   5.99     6.54
  SINCE JAN 1     38.28                     29.04   9.24    21.06

DEGREE DAYS
 COOLING
  TODAY           11                        13     -2        9
  MONTH TO DATE   45                        52     -7       36
  SINCE JUN 1    792                       688    104      550
  SINCE JAN 1    889                       801     88      698
..................................................................


WIND (MPH)
  HIGHEST WIND SPEED    14   HIGHEST WIND DIRECTION     S (170)
  HIGHEST GUST SPEED    19   HIGHEST GUST DIRECTION     S (170)
  AVERAGE WIND SPEED     3.5


SKY COVER
  POSSIBLE SUNSHINE  MM
  AVERAGE SKY COVER 0.2


WEATHER CONDITIONS
 THE FOLLOWING WEATHER WAS RECORDED TODAY.
  FOG


RELATIVE HUMIDITY (PERCENT)
 HIGHEST   100          1200 AM
 LOWEST     61          1100 AM
 AVERAGE    81

..........................................................


THE FAYETTEVILLE ARKANSAS CLIMATE NORMALS FOR TOMORROW
                         NORMAL    RECORD    YEAR
 MAXIMUM TEMPERATURE (F)   90       107      2011
 MINIMUM TEMPERATURE (F)   66        51      1974


SUNRISE AND SUNSET
AUGUST  4 2015........SUNRISE   626 AM CDT   SUNSET   819 PM CDT
AUGUST  5 2015........SUNRISE   627 AM CDT   SUNSET   818 PM CDT


-  INDICATES NEGATIVE NUMBERS.
R  INDICATES RECORD WAS SET OR TIED.
MM INDICATES DATA IS MISSING.
T  INDICATES TRACE AMOUNT.




$$
