000
CDUS44 KTSA 260802 RRA
CLIFYV

CLIMATE REPORT
NATIONAL WEATHER SERVICE TULSA OK
147 AM CDT WED APR 26 2017


...................................

...THE FAYETTEVILLE ARKANSAS CLIMATE SUMMARY FOR APRIL 25 2017...

CLIMATE NORMAL PERIOD 1981 TO 2010
CLIMATE RECORD PERIOD 1905 TO 2017


WEATHER ITEM   OBSERVED TIME   RECORD YEAR NORMAL DEPARTURE LAST
                VALUE   (LST)  VALUE       VALUE  FROM      YEAR
                                                  NORMAL
..................................................................
TEMPERATURE (F)
 YESTERDAY
  MAXIMUM         79    224 PM  85    1989  72      7       79
  MINIMUM         48   1227 AM  27    2013  48      0       57
  AVERAGE         64                        60      4       68

PRECIPITATION (IN)
  YESTERDAY        T                         0.17  -0.17     0.00
  MONTH TO DATE    4.66                      3.71   0.95     0.95
  SINCE MAR 1     10.61                      7.66   2.95     4.66
  SINCE JAN 1     14.11                     13.31   0.80     5.81

SNOWFALL (IN)
  YESTERDAY       MM                                         0.0
  MONTH TO DATE    0.0                                       0.0
  SINCE MAR 1      0.2                                       0.0
  SINCE JUL 1      1.0                                        T

DEGREE DAYS
 HEATING
  YESTERDAY        1                         6     -5        0
  MONTH TO DATE  129                       240   -111      204
  SINCE MAR 1    516                       766   -250      628
  SINCE JUL 1   3087                      4069   -982     3444

 COOLING
  YESTERDAY        0                         1     -1        3
  MONTH TO DATE   15                        22     -7        4
  SINCE MAR 1     28                        26      2        6
  SINCE JAN 1     33                        26      7        6
..................................................................


WIND (MPH)
  HIGHEST WIND SPEED    26   HIGHEST WIND DIRECTION     S (180)
  HIGHEST GUST SPEED    37   HIGHEST GUST DIRECTION     S (190)
  AVERAGE WIND SPEED    11.9


SKY COVER
  POSSIBLE SUNSHINE  MM
  AVERAGE SKY COVER 0.1


WEATHER CONDITIONS
 THE FOLLOWING WEATHER WAS RECORDED YESTERDAY.
  LIGHT RAIN


RELATIVE HUMIDITY (PERCENT)
 HIGHEST    84          1100 PM
 LOWEST     54           100 PM
 AVERAGE    69

..........................................................


THE FAYETTEVILLE ARKANSAS CLIMATE NORMALS FOR TODAY
                         NORMAL    RECORD    YEAR
 MAXIMUM TEMPERATURE (F)   72        88      1987
 MINIMUM TEMPERATURE (F)   48        32      1977


SUNRISE AND SUNSET
APRIL 26 2017.........SUNRISE   629 AM CDT   SUNSET   800 PM CDT
APRIL 27 2017.........SUNRISE   628 AM CDT   SUNSET   801 PM CDT


-  INDICATES NEGATIVE NUMBERS.
R  INDICATES RECORD WAS SET OR TIED.
MM INDICATES DATA IS MISSING.
T  INDICATES TRACE AMOUNT.




$$
