000
CDUS44 KTSA 270817
CLIFYV

CLIMATE REPORT
NATIONAL WEATHER SERVICE TULSA OK
315 AM CDT TUE SEP 27 2016

...................................

...THE FAYETTEVILLE ARKANSAS CLIMATE SUMMARY FOR SEPTEMBER 26 2016...

CLIMATE NORMAL PERIOD 1981 TO 2010
CLIMATE RECORD PERIOD 1905 TO 2016


WEATHER ITEM   OBSERVED TIME   RECORD YEAR NORMAL DEPARTURE LAST
                VALUE   (LST)  VALUE       VALUE  FROM      YEAR
                                                  NORMAL
..................................................................
TEMPERATURE (F)
 YESTERDAY
  MAXIMUM         73    348 PM  92    1953  76     -3       82
  MINIMUM         47   1159 PM  35    1975  52     -5       50
  AVERAGE         60                        64     -4       66

PRECIPITATION (IN)
  YESTERDAY        0.01                      0.18  -0.17     0.00
  MONTH TO DATE    2.64                      4.16  -1.52     1.75
  SINCE SEP 1      2.64                      4.16  -1.52     1.75
  SINCE JAN 1     27.74                     36.05  -8.31    44.44

DEGREE DAYS
 HEATING
  YESTERDAY        5                         4      1        0
  MONTH TO DATE    7                        32    -25       13
  SINCE SEP 1      7                        32    -25       13
  SINCE JUL 1      7                        33    -26       14

 COOLING
  YESTERDAY        0                         3     -3        1
  MONTH TO DATE  208                       148     60      174
  SINCE SEP 1    208                       148     60      174
  SINCE JAN 1   1427                      1273    154     1299
..................................................................


WIND (MPH)
  HIGHEST WIND SPEED    14   HIGHEST WIND DIRECTION     E (70)
  HIGHEST GUST SPEED    18   HIGHEST GUST DIRECTION    NE (60)
  AVERAGE WIND SPEED     3.9


SKY COVER
  POSSIBLE SUNSHINE  MM
  AVERAGE SKY COVER 0.4


WEATHER CONDITIONS
 THE FOLLOWING WEATHER WAS RECORDED YESTERDAY.
  LIGHT RAIN
  FOG


RELATIVE HUMIDITY (PERCENT)
 HIGHEST   100          1200 AM
 LOWEST     35           300 PM
 AVERAGE    68

..........................................................


THE FAYETTEVILLE ARKANSAS CLIMATE NORMALS FOR TODAY
                         NORMAL    RECORD    YEAR
 MAXIMUM TEMPERATURE (F)   76        96      1953
 MINIMUM TEMPERATURE (F)   52        35      1985


SUNRISE AND SUNSET
SEPTEMBER 27 2016.....SUNRISE   709 AM CDT   SUNSET   705 PM CDT
SEPTEMBER 28 2016.....SUNRISE   710 AM CDT   SUNSET   704 PM CDT


-  INDICATES NEGATIVE NUMBERS.
R  INDICATES RECORD WAS SET OR TIED.
MM INDICATES DATA IS MISSING.
T  INDICATES TRACE AMOUNT.




$$
