000
CDUS44 KTSA 032221
CLIFYV

CLIMATE REPORT
NATIONAL WEATHER SERVICE TULSA OK
420 PM CST TUE MAR 3 2015


...................................

...THE FAYETTEVILLE ARKANSAS CLIMATE SUMMARY FOR MARCH 3 2015...
VALID TODAY AS OF 0400 PM LOCAL TIME.

CLIMATE NORMAL PERIOD 1981 TO 2010
CLIMATE RECORD PERIOD 1905 TO 2015


WEATHER ITEM   OBSERVED TIME   RECORD YEAR NORMAL DEPARTURE LAST
                VALUE   (LST)  VALUE       VALUE  FROM      YEAR
                                                  NORMAL
..................................................................
TEMPERATURE (F)
 TODAY
  MAXIMUM         52    259 PM  77    1983  56     -4       25
  MINIMUM         37    310 AM   1    2002  33      4        3
  AVERAGE         45                        44      1       14

PRECIPITATION (IN)
  TODAY            0.01                      0.11  -0.10     0.02
  MONTH TO DATE    0.06                      0.33  -0.27     1.38
  SINCE MAR 1      0.06                      0.33  -0.27     1.38
  SINCE JAN 1      3.12                      5.98  -2.86     3.86

SNOWFALL (IN)
  TODAY            0.0                                        T
  MONTH TO DATE    0.0                                       3.0
  SINCE MAR 1      0.0                                       3.0
  SINCE JUL 1      5.3                                      17.1

DEGREE DAYS
 HEATING
  TODAY           20                        21     -1       51
  MONTH TO DATE   85                        63     22      114
  SINCE MAR 1     85                        63     22      114
  SINCE JUL 1   3571                      3366    205     3834

 COOLING
  TODAY            0                         0      0        0
  MONTH TO DATE    0                         0      0        0
  SINCE MAR 1      0                         0      0        0
  SINCE JAN 1      0                         0      0        0
..................................................................


WIND (MPH)
  HIGHEST WIND SPEED    22   HIGHEST WIND DIRECTION    SW (220)
  HIGHEST GUST SPEED    31   HIGHEST GUST DIRECTION    SW (210)
  AVERAGE WIND SPEED    12.1


SKY COVER
  POSSIBLE SUNSHINE  MM
  AVERAGE SKY COVER 1.0


WEATHER CONDITIONS
 THE FOLLOWING WEATHER WAS RECORDED TODAY.
  LIGHT RAIN
  FOG


RELATIVE HUMIDITY (PERCENT)
 HIGHEST   100           200 AM
 LOWEST     92          1200 AM
 AVERAGE    96

..........................................................


THE FAYETTEVILLE ARKANSAS CLIMATE NORMALS FOR TOMORROW
                         NORMAL    RECORD    YEAR
 MAXIMUM TEMPERATURE (F)   56        78      1955
 MINIMUM TEMPERATURE (F)   33         0      2002


SUNRISE AND SUNSET
MARCH  3 2015.........SUNRISE   644 AM CST   SUNSET   613 PM CST
MARCH  4 2015.........SUNRISE   643 AM CST   SUNSET   614 PM CST


-  INDICATES NEGATIVE NUMBERS.
R  INDICATES RECORD WAS SET OR TIED.
MM INDICATES DATA IS MISSING.
T  INDICATES TRACE AMOUNT.




$$
