028
CDUS44 KTSA 100943
CLIFYV

CLIMATE REPORT
NATIONAL WEATHER SERVICE TULSA OK
343 AM CST WED FEB 10 2016


...................................

...THE FAYETTEVILLE ARKANSAS CLIMATE SUMMARY FOR FEBRUARY 9 2016...

CLIMATE NORMAL PERIOD 1981 TO 2010
CLIMATE RECORD PERIOD 1905 TO 2016


WEATHER ITEM   OBSERVED TIME   RECORD YEAR NORMAL DEPARTURE LAST
                VALUE   (LST)  VALUE       VALUE  FROM      YEAR
                                                  NORMAL
..................................................................
TEMPERATURE (F)
 YESTERDAY
  MAXIMUM         40    141 PM  75    1957  50    -10       52
  MINIMUM         23   1159 PM -10    1971  27     -4       32
  AVERAGE         32                        38     -6       42

PRECIPITATION (IN)
  YESTERDAY        0.00                      0.10  -0.10     0.00
  MONTH TO DATE    0.01                      0.81  -0.80     0.33
  SINCE DEC 1     11.47                      6.89   4.58     4.08
  SINCE JAN 1      0.52                      3.65  -3.13     1.44

SNOWFALL (IN)
  YESTERDAY        0.0                                       0.0
  MONTH TO DATE    0.0                                       0.0
  SINCE DEC 1      T                                          T
  SINCE JUL 1      T                                          T

DEGREE DAYS
 HEATING
  YESTERDAY       33                        27      6       23
  MONTH TO DATE  243                       248     -5      228
  SINCE DEC 1   1774                      2013   -239     1900
  SINCE JUL 1   2416                      2842   -426     2825
..................................................................


WIND (MPH)
  HIGHEST WIND SPEED    28   HIGHEST WIND DIRECTION    NW (320)
  HIGHEST GUST SPEED    36   HIGHEST GUST DIRECTION    NW (320)
  AVERAGE WIND SPEED    13.7


SKY COVER
  POSSIBLE SUNSHINE  MM
  AVERAGE SKY COVER 0.0


WEATHER CONDITIONS
 THE FOLLOWING WEATHER WAS RECORDED YESTERDAY.
  NO SIGNIFICANT WEATHER WAS OBSERVED.


RELATIVE HUMIDITY (PERCENT)
 HIGHEST    69           800 AM
 LOWEST     27           100 PM
 AVERAGE    48

..........................................................


THE FAYETTEVILLE ARKANSAS CLIMATE NORMALS FOR TODAY
                         NORMAL    RECORD    YEAR
 MAXIMUM TEMPERATURE (F)   50        83      1954
 MINIMUM TEMPERATURE (F)   27       -18      2011


SUNRISE AND SUNSET
FEBRUARY 10 2016......SUNRISE   710 AM CST   SUNSET   553 PM CST
FEBRUARY 11 2016......SUNRISE   709 AM CST   SUNSET   554 PM CST


-  INDICATES NEGATIVE NUMBERS.
R  INDICATES RECORD WAS SET OR TIED.
MM INDICATES DATA IS MISSING.
T  INDICATES TRACE AMOUNT.




$$
