000
CDUS44 KTSA 220808
CLIFYV

CLIMATE REPORT
NATIONAL WEATHER SERVICE TULSA OK
302 AM CDT TUE JUL 22 2014


...................................

...THE FAYETTEVILLE ARKANSAS CLIMATE SUMMARY FOR JULY 21 2014...

CLIMATE NORMAL PERIOD 1981 TO 2010
CLIMATE RECORD PERIOD 1905 TO 2014


WEATHER ITEM   OBSERVED TIME   RECORD YEAR NORMAL DEPARTURE LAST
                VALUE   (LST)  VALUE       VALUE  FROM      YEAR
                                                  NORMAL
..................................................................
TEMPERATURE (F)
 YESTERDAY
  MAXIMUM         88    431 PM 102    1974  89     -1       86
  MINIMUM         57    508 AM  52    1971  67    -10       68
  AVERAGE         73                        78     -5       77

PRECIPITATION (IN)
  YESTERDAY        0.00                      0.11  -0.11     0.01
  MONTH TO DATE    0.82                      2.49  -1.67     1.17
  SINCE JUN 1      4.92                      7.47  -2.55     2.54
  SINCE JAN 1     19.44                     27.68  -8.24    26.64

DEGREE DAYS
 COOLING
  YESTERDAY        8                        13     -5       12
  MONTH TO DATE  158                       260   -102      236
  SINCE JUN 1    420                       505    -85      526
  SINCE JAN 1    568                       618    -50      662
..................................................................


WIND (MPH)
  HIGHEST WIND SPEED    10   HIGHEST WIND DIRECTION     S (180)
  HIGHEST GUST SPEED    40   HIGHEST GUST DIRECTION    NE (30)
  AVERAGE WIND SPEED     2.8


SKY COVER
  POSSIBLE SUNSHINE  MM
  AVERAGE SKY COVER 0.2


WEATHER CONDITIONS
 THE FOLLOWING WEATHER WAS RECORDED YESTERDAY.
  FOG


RELATIVE HUMIDITY (PERCENT)
 HIGHEST   100          1200 AM
 LOWEST     55           300 PM
 AVERAGE    78

..........................................................


THE FAYETTEVILLE ARKANSAS CLIMATE NORMALS FOR TODAY
                         NORMAL    RECORD    YEAR
 MAXIMUM TEMPERATURE (F)   89       104      1974
                                             1954
 MINIMUM TEMPERATURE (F)   67        47      1970


SUNRISE AND SUNSET
JULY 22 2014..........SUNRISE   616 AM CDT   SUNSET   829 PM CDT
JULY 23 2014..........SUNRISE   617 AM CDT   SUNSET   829 PM CDT


-  INDICATES NEGATIVE NUMBERS.
R  INDICATES RECORD WAS SET OR TIED.
MM INDICATES DATA IS MISSING.
T  INDICATES TRACE AMOUNT.




$$
