000
CDUS44 KTSA 010805
CLIFYV

CLIMATE REPORT
NATIONAL WEATHER SERVICE TULSA OK
303 AM CDT FRI AUG 1 2014


...................................

...THE FAYETTEVILLE ARKANSAS CLIMATE SUMMARY FOR JULY 31 2014...

CLIMATE NORMAL PERIOD 1981 TO 2010
CLIMATE RECORD PERIOD 1905 TO 2014


WEATHER ITEM   OBSERVED TIME   RECORD YEAR NORMAL DEPARTURE LAST
                VALUE   (LST)  VALUE       VALUE  FROM      YEAR
                                                  NORMAL
..................................................................
TEMPERATURE (F)
 YESTERDAY
  MAXIMUM         73    447 PM 104    1980  90    -17       90
  MINIMUM         64   1159 PM  47    1971  67     -3       71
  AVERAGE         69                        78     -9       81

PRECIPITATION (IN)
  YESTERDAY        0.16                      0.09   0.07     0.00
  MONTH TO DATE    2.43                      3.46  -1.03     2.78
  SINCE JUN 1      6.53                      8.44  -1.91     4.15
  SINCE JAN 1     21.05                     28.65  -7.60    28.25

DEGREE DAYS
 COOLING
  YESTERDAY        4                        13     -9       16
  MONTH TO DATE  252                       391   -139      355
  SINCE JUN 1    514                       636   -122      645
  SINCE JAN 1    662                       749    -87      781
..................................................................


WIND (MPH)
  HIGHEST WIND SPEED    10   HIGHEST WIND DIRECTION     S (170)
  HIGHEST GUST SPEED    14   HIGHEST GUST DIRECTION     S (200)
  AVERAGE WIND SPEED     1.3


SKY COVER
  POSSIBLE SUNSHINE  MM
  AVERAGE SKY COVER 0.9


WEATHER CONDITIONS
 THE FOLLOWING WEATHER WAS RECORDED YESTERDAY.
  HEAVY RAIN
  RAIN
  LIGHT RAIN
  FOG


RELATIVE HUMIDITY (PERCENT)
 HIGHEST   100           200 AM
 LOWEST     79           200 PM
 AVERAGE    90

..........................................................


THE FAYETTEVILLE ARKANSAS CLIMATE NORMALS FOR TODAY
                         NORMAL    RECORD    YEAR
 MAXIMUM TEMPERATURE (F)   90       105      2011
 MINIMUM TEMPERATURE (F)   67        51      1971


SUNRISE AND SUNSET
AUGUST  1 2014........SUNRISE   624 AM CDT   SUNSET   821 PM CDT
AUGUST  2 2014........SUNRISE   625 AM CDT   SUNSET   821 PM CDT


-  INDICATES NEGATIVE NUMBERS.
R  INDICATES RECORD WAS SET OR TIED.
MM INDICATES DATA IS MISSING.
T  INDICATES TRACE AMOUNT.




$$
