147
CDUS43 KUNR 200850
CLIGCC


CLIMATE REPORT
NATIONAL WEATHER SERVICE RAPID CITY SD
148 AM MST FRI JAN 20 2017


...................................

...THE GILLETTE AIRPORT WY CLIMATE SUMMARY FOR JANUARY 19 2017...

CLIMATE NORMAL PERIOD 1981 TO 2010
CLIMATE RECORD PERIOD 9999 TO 9999


WEATHER ITEM   OBSERVED TIME   NORMAL DEPARTURE LAST
                VALUE   (LST)  VALUE  FROM      YEAR
                                      NORMAL
......................................................
TEMPERATURE (F)
 YESTERDAY
  MAXIMUM         47    104 PM  37     10       39
  MINIMUM         28   1157 PM  15     13       16
  AVERAGE         38            26     12       28

PRECIPITATION (IN)
  YESTERDAY        0.00          0.02  -0.02     0.00
  MONTH TO DATE    0.13          0.20  -0.07     0.18
  SINCE DEC 1      0.98          0.60   0.38     0.66
  SINCE JAN 1      0.13          0.20  -0.07     0.18

DEGREE DAYS
 HEATING
  YESTERDAY       27            39    -12       37
  MONTH TO DATE  715           746    -31      740
  SINCE DEC 1   1984          2012    -28     1940
  SINCE JUL 1   3377          3887   -510     3500

 COOLING
  YESTERDAY        0             0      0        0
  MONTH TO DATE    0             0      0        0
  SINCE DEC 1      0             0      0        0
  SINCE JAN 1      0             0      0        0
......................................................


WIND (MPH)
  HIGHEST WIND SPEED    31   HIGHEST WIND DIRECTION    SW (230)
  HIGHEST GUST SPEED    38   HIGHEST GUST DIRECTION    SW (220)
  AVERAGE WIND SPEED    14.5


SKY COVER
  AVERAGE SKY COVER 0.0


WEATHER CONDITIONS
 THE FOLLOWING WEATHER WAS RECORDED YESTERDAY.
  NO SIGNIFICANT WEATHER WAS OBSERVED.


RELATIVE HUMIDITY (PERCENT)
 HIGHEST    78          1000 PM
 LOWEST     42           100 PM
 AVERAGE    60

..........................................................




SUNRISE AND SUNSET
JANUARY 20 2017.......SUNRISE   731 AM MST   SUNSET   456 PM MST
JANUARY 21 2017.......SUNRISE   730 AM MST   SUNSET   457 PM MST


-  INDICATES NEGATIVE NUMBERS.
R  INDICATES RECORD WAS SET OR TIED.
MM INDICATES DATA IS MISSING.
T  INDICATES TRACE AMOUNT.




$$
