000
CDUS43 KUNR 190832
CLIGCC


CLIMATE REPORT
NATIONAL WEATHER SERVICE RAPID CITY SD
232 AM MDT SAT APR 19 2014


...................................

...THE GILLETTE AIRPORT WY CLIMATE SUMMARY FOR APRIL 18 2014...

CLIMATE NORMAL PERIOD 1981 TO 2010
CLIMATE RECORD PERIOD 9999 TO 9999


WEATHER ITEM   OBSERVED TIME   NORMAL DEPARTURE LAST
                VALUE   (LST)  VALUE  FROM      YEAR
                                      NORMAL
......................................................
TEMPERATURE (F)
 YESTERDAY
  MAXIMUM         74    239 PM  56     18       40
  MINIMUM         36   1159 PM  30      6        9
  AVERAGE         55            43     12       25

PRECIPITATION (IN)
  YESTERDAY        0.00          0.05  -0.05     0.00
  MONTH TO DATE    0.33          0.69  -0.36     1.06
  SINCE MAR 1      1.42          1.65  -0.23     1.34
  SINCE JAN 1      2.70          2.43   0.27     2.47

DEGREE DAYS
 HEATING
  YESTERDAY       10            22    -12       40
  MONTH TO DATE  416           436    -20      575
  SINCE MAR 1   1380          1375      5     1539
  SINCE JUL 1   7025          6783    242     6662

 COOLING
  YESTERDAY        0             0      0        0
  MONTH TO DATE    0             0      0        0
  SINCE MAR 1      0             0      0        0
  SINCE JAN 1      0             0      0        0
......................................................


WIND (MPH)
  HIGHEST WIND SPEED    36   HIGHEST WIND DIRECTION    SW (240)
  HIGHEST GUST SPEED    43   HIGHEST GUST DIRECTION    SW (240)
  AVERAGE WIND SPEED    16.7


SKY COVER
  AVERAGE SKY COVER 0.1


WEATHER CONDITIONS
 THE FOLLOWING WEATHER WAS RECORDED YESTERDAY.
  NO SIGNIFICANT WEATHER WAS OBSERVED.


RELATIVE HUMIDITY (PERCENT)
 HIGHEST    85           900 PM
 LOWEST     22           200 PM
 AVERAGE    54

..........................................................




SUNRISE AND SUNSET
APRIL 19 2014.........SUNRISE   612 AM MDT   SUNSET   752 PM MDT
APRIL 20 2014.........SUNRISE   610 AM MDT   SUNSET   753 PM MDT


-  INDICATES NEGATIVE NUMBERS.
R  INDICATES RECORD WAS SET OR TIED.
MM INDICATES DATA IS MISSING.
T  INDICATES TRACE AMOUNT.




$$
