000
CDUS43 KUNR 290833
CLIGCC


CLIMATE REPORT
NATIONAL WEATHER SERVICE RAPID CITY SD
231 AM MDT TUE JUL 29 2014


...................................

...THE GILLETTE AIRPORT WY CLIMATE SUMMARY FOR JULY 28 2014...

CLIMATE NORMAL PERIOD 1981 TO 2010
CLIMATE RECORD PERIOD 9999 TO 9999


WEATHER ITEM   OBSERVED TIME   NORMAL DEPARTURE LAST
                VALUE   (LST)  VALUE  FROM      YEAR
                                      NORMAL
......................................................
TEMPERATURE (F)
 YESTERDAY
  MAXIMUM         89    401 PM  88      1       85
  MINIMUM         51    220 AM  57     -6       56
  AVERAGE         70            72     -2       71

PRECIPITATION (IN)
  YESTERDAY        0.00          0.05  -0.05     0.51
  MONTH TO DATE    0.16          1.51  -1.35     2.89
  SINCE JUN 1      3.29          3.72  -0.43     5.40
  SINCE JAN 1     12.89          9.38   3.51    12.44

DEGREE DAYS
 HEATING
  YESTERDAY        0             0      0        0
  MONTH TO DATE   13            14     -1        0
  SINCE JUN 1    205           156     49      117
  SINCE JUL 1     13            14     -1        0

 COOLING
  YESTERDAY        5             8     -3        6
  MONTH TO DATE  169           192    -23      211
  SINCE JUN 1    184           252    -68      257
  SINCE JAN 1    192           260    -68      265
......................................................


WIND (MPH)
  HIGHEST WIND SPEED    21   HIGHEST WIND DIRECTION     S (160)
  HIGHEST GUST SPEED    25   HIGHEST GUST DIRECTION     S (160)
  AVERAGE WIND SPEED     8.4


SKY COVER
  AVERAGE SKY COVER 0.0


WEATHER CONDITIONS
 THE FOLLOWING WEATHER WAS RECORDED YESTERDAY.
  NO SIGNIFICANT WEATHER WAS OBSERVED.


RELATIVE HUMIDITY (PERCENT)
 HIGHEST    71           100 AM
 LOWEST     24           300 PM
 AVERAGE    48

..........................................................




SUNRISE AND SUNSET
JULY 29 2014..........SUNRISE   546 AM MDT   SUNSET   830 PM MDT
JULY 30 2014..........SUNRISE   547 AM MDT   SUNSET   829 PM MDT


-  INDICATES NEGATIVE NUMBERS.
R  INDICATES RECORD WAS SET OR TIED.
MM INDICATES DATA IS MISSING.
T  INDICATES TRACE AMOUNT.




$$
