000
CDUS43 KUNR 141114
CLIGCC


CLIMATE REPORT
NATIONAL WEATHER SERVICE RAPID CITY SD
413 AM MST SUN FEB 14 2016


...................................

...THE GILLETTE AIRPORT WY CLIMATE SUMMARY FOR FEBRUARY 13 2016...

CLIMATE NORMAL PERIOD 1981 TO 2010
CLIMATE RECORD PERIOD 9999 TO 9999


WEATHER ITEM   OBSERVED TIME   NORMAL DEPARTURE LAST
                VALUE   (LST)  VALUE  FROM      YEAR
                                      NORMAL
......................................................
TEMPERATURE (F)
 YESTERDAY
  MAXIMUM         61    126 PM  37     24       59
  MINIMUM         26   1027 PM  16     10       30
  AVERAGE         44            27     17       45

PRECIPITATION (IN)
  YESTERDAY        0.04          0.02   0.02     0.00
  MONTH TO DATE    0.41          0.20   0.21     0.05
  SINCE DEC 1      1.29          0.99   0.30     0.73
  SINCE JAN 1      0.81          0.59   0.22     0.33

DEGREE DAYS
 HEATING
  YESTERDAY       21            38    -17       20
  MONTH TO DATE  436           505    -69      362
  SINCE DEC 1   2747          2985   -238     2657
  SINCE JUL 1   4307          4860   -553     4440

 COOLING
  YESTERDAY        0             0      0        0
  MONTH TO DATE    0             0      0        0
  SINCE DEC 1      0             0      0        0
  SINCE JAN 1      0             0      0        0
......................................................


WIND (MPH)
  HIGHEST WIND SPEED    49   HIGHEST WIND DIRECTION    NW (320)
  HIGHEST GUST SPEED    61   HIGHEST GUST DIRECTION    NW (320)
  AVERAGE WIND SPEED    13.4


SKY COVER
  AVERAGE SKY COVER 0.3


WEATHER CONDITIONS
 THE FOLLOWING WEATHER WAS RECORDED YESTERDAY.
  HEAVY SNOW
  SNOW
  LIGHT SNOW
  FOG
  FOG W/VISIBILITY <= 1/4 MILE


RELATIVE HUMIDITY (PERCENT)
 HIGHEST    92          1200 AM
 LOWEST     29           100 PM
 AVERAGE    61

..........................................................




SUNRISE AND SUNSET
FEBRUARY 14 2016......SUNRISE   704 AM MST   SUNSET   529 PM MST
FEBRUARY 15 2016......SUNRISE   702 AM MST   SUNSET   531 PM MST


-  INDICATES NEGATIVE NUMBERS.
R  INDICATES RECORD WAS SET OR TIED.
MM INDICATES DATA IS MISSING.
T  INDICATES TRACE AMOUNT.




$$
