000
CDUS43 KUNR 010832
CLIGCC


CLIMATE REPORT
NATIONAL WEATHER SERVICE RAPID CITY SD
230 AM MDT SAT AUG 1 2015


...................................

...THE GILLETTE AIRPORT WY CLIMATE SUMMARY FOR JULY 31 2015...

CLIMATE NORMAL PERIOD 1981 TO 2010
CLIMATE RECORD PERIOD 9999 TO 9999


WEATHER ITEM   OBSERVED TIME   NORMAL DEPARTURE LAST
                VALUE   (LST)  VALUE  FROM      YEAR
                                      NORMAL
......................................................
TEMPERATURE (F)
 YESTERDAY
  MAXIMUM         93    435 PM  88      5       88
  MINIMUM         51    205 AM  57     -6       52
  AVERAGE         72            72      0       70

PRECIPITATION (IN)
  YESTERDAY        0.00          0.05  -0.05     0.00
  MONTH TO DATE    1.04          1.66  -0.62     0.38
  SINCE JUN 1      4.15          3.87   0.28     3.51
  SINCE JAN 1     11.27          9.53   1.74    13.11

DEGREE DAYS
 HEATING
  YESTERDAY        0             0      0        0
  MONTH TO DATE   22            14      8       13
  SINCE JUN 1     61           161   -100      205
  SINCE JUL 1     22            19      3       13

 COOLING
  YESTERDAY        7             8     -1        5
  MONTH TO DATE  164           214    -50      179
  SINCE JUN 1    238           274    -36      194
  SINCE JAN 1    238           282    -44      202
......................................................


WIND (MPH)
  HIGHEST WIND SPEED    17   HIGHEST WIND DIRECTION    SE (140)
  HIGHEST GUST SPEED    20   HIGHEST GUST DIRECTION    SE (140)
  AVERAGE WIND SPEED     7.4


SKY COVER
  AVERAGE SKY COVER 0.0


WEATHER CONDITIONS
 THE FOLLOWING WEATHER WAS RECORDED YESTERDAY.
  NO SIGNIFICANT WEATHER WAS OBSERVED.


RELATIVE HUMIDITY (PERCENT)
 HIGHEST    64          1200 AM
 LOWEST     15           400 PM
 AVERAGE    40

..........................................................




SUNRISE AND SUNSET
AUGUST  1 2015........SUNRISE   549 AM MDT   SUNSET   827 PM MDT
AUGUST  2 2015........SUNRISE   550 AM MDT   SUNSET   826 PM MDT


-  INDICATES NEGATIVE NUMBERS.
R  INDICATES RECORD WAS SET OR TIED.
MM INDICATES DATA IS MISSING.
T  INDICATES TRACE AMOUNT.




$$
