000
CDUS43 KUNR 280839
CLIGCC


CLIMATE REPORT
NATIONAL WEATHER SERVICE RAPID CITY SD
136 AM MST SAT FEB 28 2015


...................................

...THE GILLETTE AIRPORT WY CLIMATE SUMMARY FOR FEBRUARY 27 2015...

CLIMATE NORMAL PERIOD 1981 TO 2010
CLIMATE RECORD PERIOD 9999 TO 9999


WEATHER ITEM   OBSERVED TIME   NORMAL DEPARTURE LAST
                VALUE   (LST)  VALUE  FROM      YEAR
                                      NORMAL
......................................................
TEMPERATURE (F)
 YESTERDAY
  MAXIMUM         24    418 PM  41    -17       44
  MINIMUM          1    413 AM  19    -18        2
  AVERAGE         13            30    -17       23

PRECIPITATION (IN)
  YESTERDAY        0.00          0.02  -0.02     0.00
  MONTH TO DATE    0.57          0.38   0.19     0.83
  SINCE DEC 1      1.25          1.17   0.08     1.89
  SINCE JAN 1      0.85          0.77   0.08     1.22

DEGREE DAYS
 HEATING
  YESTERDAY       52            35     17       42
  MONTH TO DATE  958          1019    -61     1295
  SINCE DEC 1   3253          3499   -246     3886
  SINCE JUL 1   5036          5374   -338     5598

 COOLING
  YESTERDAY        0             0      0        0
  MONTH TO DATE    0             0      0        0
  SINCE DEC 1      0             0      0        0
  SINCE JAN 1      0             0      0        0
......................................................


WIND (MPH)
  HIGHEST WIND SPEED    29   HIGHEST WIND DIRECTION     S (170)
  HIGHEST GUST SPEED    34   HIGHEST GUST DIRECTION     S (160)
  AVERAGE WIND SPEED    15.0


SKY COVER
  AVERAGE SKY COVER 0.1


WEATHER CONDITIONS
 THE FOLLOWING WEATHER WAS RECORDED YESTERDAY.
  HAZE


RELATIVE HUMIDITY (PERCENT)
 HIGHEST    87           600 AM
 LOWEST     59           300 PM
 AVERAGE    73

..........................................................




SUNRISE AND SUNSET
FEBRUARY 28 2015......SUNRISE   641 AM MST   SUNSET   549 PM MST
MARCH  1 2015.........SUNRISE   640 AM MST   SUNSET   550 PM MST


-  INDICATES NEGATIVE NUMBERS.
R  INDICATES RECORD WAS SET OR TIED.
MM INDICATES DATA IS MISSING.
T  INDICATES TRACE AMOUNT.




$$
