000
CDUS43 KUNR 280832
CLIGCC


CLIMATE REPORT
NATIONAL WEATHER SERVICE RAPID CITY SD
232 AM MDT FRI APR 28 2017


...................................

...THE GILLETTE AIRPORT WY CLIMATE SUMMARY FOR APRIL 27 2017...

CLIMATE NORMAL PERIOD 1981 TO 2010
CLIMATE RECORD PERIOD 9999 TO 9999


WEATHER ITEM   OBSERVED TIME   NORMAL DEPARTURE LAST
                VALUE   (LST)  VALUE  FROM      YEAR
                                      NORMAL
......................................................
TEMPERATURE (F)
 YESTERDAY
  MAXIMUM         41   1034 AM  60    -19       36
  MINIMUM         29   1213 AM  34     -5       30
  AVERAGE         35            46    -11       33

PRECIPITATION (IN)
  YESTERDAY        0.88          0.08   0.80     0.20
  MONTH TO DATE    3.62          1.24   2.38     2.47
  SINCE MAR 1      4.41          2.20   2.21     3.58
  SINCE JAN 1      5.25          2.98   2.27     5.09

DEGREE DAYS
 HEATING
  YESTERDAY       30            18     12       32
  MONTH TO DATE  555           615    -60      525
  SINCE MAR 1   1260          1554   -294     1313
  SINCE JUL 1   6017          6962   -945     6044

 COOLING
  YESTERDAY        0             0      0        0
  MONTH TO DATE    0             0      0        0
  SINCE MAR 1      0             0      0        0
  SINCE JAN 1      0             0      0        0
......................................................


WIND (MPH)
  HIGHEST WIND SPEED    14   HIGHEST WIND DIRECTION    SE (120)
  HIGHEST GUST SPEED    17   HIGHEST GUST DIRECTION    SE (130)
  AVERAGE WIND SPEED     6.9


SKY COVER
  AVERAGE SKY COVER 0.6


WEATHER CONDITIONS
 THE FOLLOWING WEATHER WAS RECORDED YESTERDAY.
  RAIN
  LIGHT RAIN
  SNOW
  LIGHT SNOW


RELATIVE HUMIDITY (PERCENT)
 HIGHEST   100          1200 AM
 LOWEST     85          1000 AM
 AVERAGE    93

..........................................................




SUNRISE AND SUNSET
APRIL 28 2017.........SUNRISE   557 AM MDT   SUNSET   803 PM MDT
APRIL 29 2017.........SUNRISE   555 AM MDT   SUNSET   804 PM MDT


-  INDICATES NEGATIVE NUMBERS.
R  INDICATES RECORD WAS SET OR TIED.
MM INDICATES DATA IS MISSING.
T  INDICATES TRACE AMOUNT.




$$
