000
CDUS43 KUNR 170834
CLIGCC


CLIMATE REPORT
NATIONAL WEATHER SERVICE RAPID CITY SD
134 AM MST SUN DEC 17 2017


...................................

...THE GILLETTE AIRPORT WY CLIMATE SUMMARY FOR DECEMBER 16 2017...

CLIMATE NORMAL PERIOD 1981 TO 2010
CLIMATE RECORD PERIOD 9999 TO 9999


WEATHER ITEM   OBSERVED TIME   NORMAL DEPARTURE LAST
                VALUE   (LST)  VALUE  FROM      YEAR
                                      NORMAL
......................................................
TEMPERATURE (F)
 YESTERDAY
  MAXIMUM         37    123 AM  34      3       11
  MINIMUM         26   1159 PM  13     13       -9
  AVERAGE         32            23      9        1

PRECIPITATION (IN)
  YESTERDAY        0.22          0.01   0.21     0.30
  MONTH TO DATE    0.42          0.23   0.19     0.54
  SINCE DEC 1      0.42          0.23   0.19     0.54
  SINCE JAN 1     13.76         13.72   0.04    13.93

DEGREE DAYS
 HEATING
  YESTERDAY       33            42     -9       64
  MONTH TO DATE  486           651   -165      850
  SINCE DEC 1    486           651   -165      850
  SINCE JUL 1   2257          2526   -269     2243

 COOLING
  YESTERDAY        0             0      0        0
  MONTH TO DATE    0             0      0        0
  SINCE DEC 1      0             0      0        0
  SINCE JAN 1    617           502    115      569
......................................................


WIND (MPH)
  HIGHEST WIND SPEED    16   HIGHEST WIND DIRECTION    NE (30)
  HIGHEST GUST SPEED    19   HIGHEST GUST DIRECTION     N (20)
  AVERAGE WIND SPEED     6.4


SKY COVER
  AVERAGE SKY COVER 0.8


WEATHER CONDITIONS
 THE FOLLOWING WEATHER WAS RECORDED YESTERDAY.
  LIGHT SNOW
  FOG
  HAZE


RELATIVE HUMIDITY (PERCENT)
 HIGHEST   100           700 PM
 LOWEST     52           100 AM
 AVERAGE    76

..........................................................




SUNRISE AND SUNSET
DECEMBER 17 2017......SUNRISE   733 AM MST   SUNSET   424 PM MST
DECEMBER 18 2017......SUNRISE   733 AM MST   SUNSET   425 PM MST


-  INDICATES NEGATIVE NUMBERS.
R  INDICATES RECORD WAS SET OR TIED.
MM INDICATES DATA IS MISSING.
T  INDICATES TRACE AMOUNT.




$$
