000
CDUS43 KUNR 240857
CLIGCC


CLIMATE REPORT
NATIONAL WEATHER SERVICE RAPID CITY SD
241 AM MDT TUE MAY 24 2016


...................................

...THE GILLETTE AIRPORT WY CLIMATE SUMMARY FOR MAY 23 2016...

CLIMATE NORMAL PERIOD 1981 TO 2010
CLIMATE RECORD PERIOD 9999 TO 9999


WEATHER ITEM   OBSERVED TIME   NORMAL DEPARTURE LAST
                VALUE   (LST)  VALUE  FROM      YEAR
                                      NORMAL
......................................................
TEMPERATURE (F)
 YESTERDAY
  MAXIMUM         70    302 PM  68      2       61
  MINIMUM         32   1159 PM  42    -10       46
  AVERAGE         51            55     -4       54

PRECIPITATION (IN)
  YESTERDAY        0.00          0.08  -0.08     0.00
  MONTH TO DATE    0.31          1.77  -1.46     3.00
  SINCE MAR 1      3.97          4.20  -0.23     4.65
  SINCE JAN 1      5.48          4.98   0.50     5.50

DEGREE DAYS
 HEATING
  YESTERDAY       14            10      4       11
  MONTH TO DATE  323           311     12      396
  SINCE MAR 1   1718          1919   -201     1705
  SINCE JUL 1   6449          7327   -878     6795

 COOLING
  YESTERDAY        0             0      0        0
  MONTH TO DATE    0             0      0        0
  SINCE MAR 1      0             0      0        0
  SINCE JAN 1      0             0      0        0
......................................................


WIND (MPH)
  HIGHEST WIND SPEED    25   HIGHEST WIND DIRECTION     W (250)
  HIGHEST GUST SPEED    35   HIGHEST GUST DIRECTION     W (250)
  AVERAGE WIND SPEED    11.0


SKY COVER
  AVERAGE SKY COVER 0.1


WEATHER CONDITIONS
 THE FOLLOWING WEATHER WAS RECORDED YESTERDAY.
  NO SIGNIFICANT WEATHER WAS OBSERVED.


RELATIVE HUMIDITY (PERCENT)
 HIGHEST    89          1100 PM
 LOWEST     19          1200 PM
 AVERAGE    54

..........................................................




SUNRISE AND SUNSET
MAY 24 2016...........SUNRISE   526 AM MDT   SUNSET   833 PM MDT
MAY 25 2016...........SUNRISE   525 AM MDT   SUNSET   834 PM MDT


-  INDICATES NEGATIVE NUMBERS.
R  INDICATES RECORD WAS SET OR TIED.
MM INDICATES DATA IS MISSING.
T  INDICATES TRACE AMOUNT.




$$
