000
CDUS43 KUNR 290842
CLIGCC


CLIMATE REPORT
NATIONAL WEATHER SERVICE RAPID CITY SD
238 AM MDT SUN MAR 29 2015


...................................

...THE GILLETTE AIRPORT WY CLIMATE SUMMARY FOR MARCH 28 2015...

CLIMATE NORMAL PERIOD 1981 TO 2010
CLIMATE RECORD PERIOD 9999 TO 9999


WEATHER ITEM   OBSERVED TIME   NORMAL DEPARTURE LAST
                VALUE   (LST)  VALUE  FROM      YEAR
                                      NORMAL
......................................................
TEMPERATURE (F)
 YESTERDAY
  MAXIMUM         77    235 PM  51     26       45
  MINIMUM         35   1220 AM  25     10       26
  AVERAGE         56            38     18       36

PRECIPITATION (IN)
  YESTERDAY        0.00          0.04  -0.04     0.04
  MONTH TO DATE    0.45          0.85  -0.40     0.88
  SINCE MAR 1      0.45          0.85  -0.40     0.88
  SINCE JAN 1      1.30          1.63  -0.33     2.16

DEGREE DAYS
 HEATING
  YESTERDAY        9            27    -18       29
  MONTH TO DATE  658           857   -199      880
  SINCE MAR 1    658           857   -199      880
  SINCE JUL 1   5748          6265   -517     6525

 COOLING
  YESTERDAY        0             0      0        0
  MONTH TO DATE    0             0      0        0
  SINCE MAR 1      0             0      0        0
  SINCE JAN 1      0             0      0        0
......................................................


WIND (MPH)
  HIGHEST WIND SPEED    45   HIGHEST WIND DIRECTION    NW (320)
  HIGHEST GUST SPEED    55   HIGHEST GUST DIRECTION    NW (320)
  AVERAGE WIND SPEED    16.7


SKY COVER
  AVERAGE SKY COVER 0.2


WEATHER CONDITIONS
 THE FOLLOWING WEATHER WAS RECORDED YESTERDAY.
  HAZE


RELATIVE HUMIDITY (PERCENT)
 HIGHEST    82          1200 AM
 LOWEST     14           100 PM
 AVERAGE    48

..........................................................




SUNRISE AND SUNSET
MARCH 29 2015.........SUNRISE   649 AM MDT   SUNSET   726 PM MDT
MARCH 30 2015.........SUNRISE   647 AM MDT   SUNSET   727 PM MDT


-  INDICATES NEGATIVE NUMBERS.
R  INDICATES RECORD WAS SET OR TIED.
MM INDICATES DATA IS MISSING.
T  INDICATES TRACE AMOUNT.




$$
