000
CDUS43 KUNR 030835
CLIGCC


CLIMATE REPORT
NATIONAL WEATHER SERVICE RAPID CITY SD
235 AM MDT TUE MAY 3 2016


...................................

...THE GILLETTE AIRPORT WY CLIMATE SUMMARY FOR MAY 2 2016...

CLIMATE NORMAL PERIOD 1981 TO 2010
CLIMATE RECORD PERIOD 9999 TO 9999


WEATHER ITEM   OBSERVED TIME   NORMAL DEPARTURE LAST
                VALUE   (LST)  VALUE  FROM      YEAR
                                      NORMAL
......................................................
TEMPERATURE (F)
 YESTERDAY
  MAXIMUM         62    428 PM  61      1       76
  MINIMUM         31    138 AM  36     -5       41
  AVERAGE         47            48     -1       59

PRECIPITATION (IN)
  YESTERDAY        0.00          0.07  -0.07     0.00
  MONTH TO DATE    0.00          0.14  -0.14     0.00
  SINCE MAR 1      3.66          2.57   1.09     1.65
  SINCE JAN 1      5.17          3.35   1.82     2.50

DEGREE DAYS
 HEATING
  YESTERDAY       18            17      1        6
  MONTH TO DATE   42            34      8       16
  SINCE MAR 1   1437          1642   -205     1325
  SINCE JUL 1   6168          7050   -882     6415

 COOLING
  YESTERDAY        0             0      0        0
  MONTH TO DATE    0             0      0        0
  SINCE MAR 1      0             0      0        0
  SINCE JAN 1      0             0      0        0
......................................................


WIND (MPH)
  HIGHEST WIND SPEED    23   HIGHEST WIND DIRECTION     N (360)
  HIGHEST GUST SPEED    29   HIGHEST GUST DIRECTION     N (340)
  AVERAGE WIND SPEED    12.9


SKY COVER
  AVERAGE SKY COVER 0.1


WEATHER CONDITIONS
 THE FOLLOWING WEATHER WAS RECORDED YESTERDAY.
  NO SIGNIFICANT WEATHER WAS OBSERVED.


RELATIVE HUMIDITY (PERCENT)
 HIGHEST    89           100 AM
 LOWEST     36           100 PM
 AVERAGE    63

..........................................................




SUNRISE AND SUNSET
MAY  3 2016...........SUNRISE   549 AM MDT   SUNSET   809 PM MDT
MAY  4 2016...........SUNRISE   548 AM MDT   SUNSET   811 PM MDT


-  INDICATES NEGATIVE NUMBERS.
R  INDICATES RECORD WAS SET OR TIED.
MM INDICATES DATA IS MISSING.
T  INDICATES TRACE AMOUNT.




$$
