000
CDUS43 KUNR 160831
CLIGCC


CLIMATE REPORT
NATIONAL WEATHER SERVICE RAPID CITY SD
230 AM MDT WED AUG 16 2017


...................................

...THE GILLETTE AIRPORT WY CLIMATE SUMMARY FOR AUGUST 15 2017...

CLIMATE NORMAL PERIOD 1981 TO 2010
CLIMATE RECORD PERIOD 9999 TO 9999


WEATHER ITEM   OBSERVED TIME   NORMAL DEPARTURE LAST
                VALUE   (LST)  VALUE  FROM      YEAR
                                      NORMAL
......................................................
TEMPERATURE (F)
 YESTERDAY
  MAXIMUM         69    513 PM  86    -17       85
  MINIMUM         48   1110 PM  54     -6       51
  AVERAGE         59            70    -11       68

PRECIPITATION (IN)
  YESTERDAY        0.08          0.03   0.05     0.00
  MONTH TO DATE    0.28          0.53  -0.25     0.98
  SINCE JUN 1      2.82          4.40  -1.58     2.74
  SINCE JAN 1     10.01         10.06  -0.05     8.58

DEGREE DAYS
 HEATING
  YESTERDAY        6             1      5        0
  MONTH TO DATE   33            12     21        1
  SINCE JUN 1    123           173    -50       42
  SINCE JUL 1     33            31      2        8

 COOLING
  YESTERDAY        0             6     -6        3
  MONTH TO DATE   34           105    -71       86
  SINCE JUN 1    446           379     67      480
  SINCE JAN 1    450           387     63      480
......................................................


WIND (MPH)
  HIGHEST WIND SPEED    17   HIGHEST WIND DIRECTION    NW (320)
  HIGHEST GUST SPEED    21   HIGHEST GUST DIRECTION    NW (330)
  AVERAGE WIND SPEED     7.6


SKY COVER
  AVERAGE SKY COVER 0.5


WEATHER CONDITIONS
 THE FOLLOWING WEATHER WAS RECORDED YESTERDAY.
  LIGHT RAIN
  FOG


RELATIVE HUMIDITY (PERCENT)
 HIGHEST   100           500 AM
 LOWEST     51           500 PM
 AVERAGE    76

..........................................................




SUNRISE AND SUNSET
AUGUST 16 2017........SUNRISE   607 AM MDT   SUNSET   805 PM MDT
AUGUST 17 2017........SUNRISE   608 AM MDT   SUNSET   803 PM MDT


-  INDICATES NEGATIVE NUMBERS.
R  INDICATES RECORD WAS SET OR TIED.
MM INDICATES DATA IS MISSING.
T  INDICATES TRACE AMOUNT.




$$
