000
CDUS43 KUNR 020854
CLIGCC


CLIMATE REPORT
NATIONAL WEATHER SERVICE RAPID CITY SD
252 AM MDT TUE JUN 2 2015


...................................

...THE GILLETTE AIRPORT WY CLIMATE SUMMARY FOR JUNE 1 2015...

CLIMATE NORMAL PERIOD 1981 TO 2010
CLIMATE RECORD PERIOD 9999 TO 9999


WEATHER ITEM   OBSERVED TIME   NORMAL DEPARTURE LAST
                VALUE   (LST)  VALUE  FROM      YEAR
                                      NORMAL
......................................................
TEMPERATURE (F)
 YESTERDAY
  MAXIMUM         86    315 PM  71     15       63
  MINIMUM         50    405 AM  44      6       42
  AVERAGE         68            57     11       53

PRECIPITATION (IN)
  YESTERDAY        T             0.10  -0.10     0.02
  MONTH TO DATE    T             0.10  -0.10     0.02
  SINCE JUN 1      T             0.10  -0.10     0.02
  SINCE JAN 1      7.12          5.76   1.36     9.62

DEGREE DAYS
 HEATING
  YESTERDAY        0             8     -8       12
  MONTH TO DATE    0             8     -8       12
  SINCE JUN 1      0             8     -8       12
  SINCE JUL 1   6876          7410   -534     7644

 COOLING
  YESTERDAY        3             1      2        0
  MONTH TO DATE    3             1      2        0
  SINCE JUN 1      3             1      2        0
  SINCE JAN 1      3             9     -6        8
......................................................


WIND (MPH)
  HIGHEST WIND SPEED    51   HIGHEST WIND DIRECTION     S (200)
  HIGHEST GUST SPEED    75   HIGHEST GUST DIRECTION     S (200)
  AVERAGE WIND SPEED    10.4


SKY COVER
  AVERAGE SKY COVER 0.0


WEATHER CONDITIONS
 THE FOLLOWING WEATHER WAS RECORDED YESTERDAY.
  THUNDERSTORM
  LIGHT RAIN


RELATIVE HUMIDITY (PERCENT)
 HIGHEST    93           500 AM
 LOWEST     32           400 PM
 AVERAGE    63

..........................................................




SUNRISE AND SUNSET
JUNE  2 2015..........SUNRISE   521 AM MDT   SUNSET   840 PM MDT
JUNE  3 2015..........SUNRISE   520 AM MDT   SUNSET   841 PM MDT


-  INDICATES NEGATIVE NUMBERS.
R  INDICATES RECORD WAS SET OR TIED.
MM INDICATES DATA IS MISSING.
T  INDICATES TRACE AMOUNT.




$$
