000
CDUS43 KUNR 010831
CLIGCC


CLIMATE REPORT
NATIONAL WEATHER SERVICE RAPID CITY SD
231 AM MDT TUE SEP 1 2015


...................................

...THE GILLETTE AIRPORT WY CLIMATE SUMMARY FOR AUGUST 31 2015...

CLIMATE NORMAL PERIOD 1981 TO 2010
CLIMATE RECORD PERIOD 9999 TO 9999


WEATHER ITEM   OBSERVED TIME   NORMAL DEPARTURE LAST
                VALUE   (LST)  VALUE  FROM      YEAR
                                      NORMAL
......................................................
TEMPERATURE (F)
 YESTERDAY
  MAXIMUM         87    322 PM  82      5       66
  MINIMUM         50   1156 PM  49      1       50
  AVERAGE         69            65      4       58

PRECIPITATION (IN)
  YESTERDAY        0.00          0.03  -0.03     0.12
  MONTH TO DATE    1.87          0.95   0.92     2.15
  SINCE JUN 1      6.02          4.82   1.20     5.66
  SINCE JAN 1     13.14         10.48   2.66    15.26

DEGREE DAYS
 HEATING
  YESTERDAY        0             3     -3        7
  MONTH TO DATE   43            39      4       36
  SINCE JUN 1    104           199    -95      241
  SINCE JUL 1     65            57      8       49

 COOLING
  YESTERDAY        4             3      1        0
  MONTH TO DATE  215           178     37      153
  SINCE JUN 1    453           452      1      347
  SINCE JAN 1    453           460     -7      355
......................................................


WIND (MPH)
  HIGHEST WIND SPEED    20   HIGHEST WIND DIRECTION    NW (330)
  HIGHEST GUST SPEED    25   HIGHEST GUST DIRECTION    NW (300)
  AVERAGE WIND SPEED     8.7


SKY COVER
  AVERAGE SKY COVER 0.0


WEATHER CONDITIONS
 THE FOLLOWING WEATHER WAS RECORDED YESTERDAY.
  NO SIGNIFICANT WEATHER WAS OBSERVED.


RELATIVE HUMIDITY (PERCENT)
 HIGHEST    77           500 AM
 LOWEST     13           500 PM
 AVERAGE    45

..........................................................




SUNRISE AND SUNSET
SEPTEMBER  1 2015.....SUNRISE   625 AM MDT   SUNSET   739 PM MDT
SEPTEMBER  2 2015.....SUNRISE   626 AM MDT   SUNSET   737 PM MDT


-  INDICATES NEGATIVE NUMBERS.
R  INDICATES RECORD WAS SET OR TIED.
MM INDICATES DATA IS MISSING.
T  INDICATES TRACE AMOUNT.




$$
