000
CDUS43 KDDC 081442
CLIGCK


CLIMATE REPORT
NATIONAL WEATHER SERVICE DODGE CITY KS
841 AM CST THU DEC 8 2016


...................................

...THE GARDEN CITY REGIONAL ARPT KS CLIMATE SUMMARY FOR DECEMBER 8 2016...
VALID AS OF 0800 AM LOCAL TIME.

CLIMATE NORMAL PERIOD 1981 TO 2010
CLIMATE RECORD PERIOD 1948 TO 2016


WEATHER ITEM   OBSERVED TIME   RECORD YEAR NORMAL DEPARTURE LAST
                VALUE   (LST)  VALUE       VALUE  FROM      YEAR
                                                  NORMAL
..................................................................
TEMPERATURE (F)
 TODAY
  MAXIMUM         10   1225 AM  72    1984  45    -35       68
  MINIMUM         -3    555 AM -10    2005  20    -23       32
  AVERAGE          4                        32    -28       50

PRECIPITATION (IN)
  TODAY            0.00          0.13 1961   0.02  -0.02     0.00
  MONTH TO DATE    0.03                      0.15  -0.12     0.00
  SINCE DEC 1      0.03                      0.15  -0.12     0.00
  SINCE JAN 1     20.12                     19.10   1.02    24.05

..................................................................


WIND (MPH)
  HIGHEST WIND SPEED    12   HIGHEST WIND DIRECTION     N (350)
  HIGHEST GUST SPEED    13   HIGHEST GUST DIRECTION     N (350)



WEATHER CONDITIONS
 THE FOLLOWING WEATHER WAS RECORDED TODAY.
  NO SIGNIFICANT WEATHER WAS OBSERVED.


RELATIVE HUMIDITY (PERCENT)
 HIGHEST    86           400 AM
 LOWEST     76          1200 AM

..........................................................


THE GARDEN CITY REGIONAL ARPT KS CLIMATE NORMALS FOR TOMORROW
                         NORMAL    RECORD    YEAR
 MAXIMUM TEMPERATURE (F)   45        77      1996
 MINIMUM TEMPERATURE (F)   19        -6      1978


SUNRISE AND SUNSET
DECEMBER  8 2016......SUNRISE   747 AM CST   SUNSET   523 PM CST
DECEMBER  9 2016......SUNRISE   747 AM CST   SUNSET   523 PM CST


-  INDICATES NEGATIVE NUMBERS.
R  INDICATES RECORD WAS SET OR TIED.
MM INDICATES DATA IS MISSING.
T  INDICATES TRACE AMOUNT.




$$
