351
CDUS43 KDDC 220706
CLIGCK


CLIMATE REPORT
NATIONAL WEATHER SERVICE DODGE CITY KS
206 AM CDT TUE AUG 22 2017


...................................

...THE GARDEN CITY REGIONAL ARPT KS CLIMATE SUMMARY FOR AUGUST 21 2017...

CLIMATE NORMAL PERIOD 1981 TO 2010
CLIMATE RECORD PERIOD 1948 TO 2017


WEATHER ITEM   OBSERVED TIME   RECORD YEAR NORMAL DEPARTURE LAST
                VALUE   (LST)  VALUE       VALUE  FROM      YEAR
                                                  NORMAL
..................................................................
TEMPERATURE (F)
 YESTERDAY
  MAXIMUM         88    416 PM 106    1983  89     -1       85
  MINIMUM         67    542 AM  53    2016  63      4       53
                                      1950
  AVERAGE         78                        76      2       69

PRECIPITATION (IN)
  YESTERDAY        0.00          1.73 1970   0.07  -0.07     0.00
  MONTH TO DATE    2.44                      1.81   0.63     1.50
  SINCE JUN 1      6.46                      8.07  -1.61    14.15
  SINCE JAN 1     14.77                     15.01  -0.24    19.61

DEGREE DAYS
 HEATING
  YESTERDAY        0                         0      0
  MONTH TO DATE    0                         0      0
  SINCE JUN 1      0                        17    -17
  SINCE JUL 1      0                         1     -1

 COOLING
  YESTERDAY       13                        11      2
  MONTH TO DATE  191                       262    -71
  SINCE JUN 1    985                       924     61
  SINCE JAN 1   1075                      1013     62
..................................................................


WIND (MPH)
  HIGHEST WIND SPEED    25   HIGHEST WIND DIRECTION     S (200)
  HIGHEST GUST SPEED    33   HIGHEST GUST DIRECTION    SW (210)
  AVERAGE WIND SPEED    12.7



WEATHER CONDITIONS
 THE FOLLOWING WEATHER WAS RECORDED YESTERDAY.
  NO SIGNIFICANT WEATHER WAS OBSERVED.


RELATIVE HUMIDITY (PERCENT)
 HIGHEST    84          1100 PM
 LOWEST     48           200 PM
 AVERAGE    66

..........................................................


THE GARDEN CITY REGIONAL ARPT KS CLIMATE NORMALS FOR TODAY
                         NORMAL    RECORD    YEAR
 MAXIMUM TEMPERATURE (F)   89       103      1973
 MINIMUM TEMPERATURE (F)   63        53      1966


SUNRISE AND SUNSET
AUGUST 22 2017........SUNRISE   704 AM CDT   SUNSET   826 PM CDT
AUGUST 23 2017........SUNRISE   705 AM CDT   SUNSET   825 PM CDT


-  INDICATES NEGATIVE NUMBERS.
R  INDICATES RECORD WAS SET OR TIED.
MM INDICATES DATA IS MISSING.
T  INDICATES TRACE AMOUNT.




$$
