000
CDUS43 KDDC 220716
CLIGCK


CLIMATE REPORT
NATIONAL WEATHER SERVICE DODGE CITY KS
215 AM CDT SUN OCT 22 2017


...................................

...THE GARDEN CITY REGIONAL ARPT KS CLIMATE SUMMARY FOR OCTOBER 21 2017...

CLIMATE NORMAL PERIOD 1981 TO 2010
CLIMATE RECORD PERIOD 1948 TO 2017


WEATHER ITEM   OBSERVED TIME   RECORD YEAR NORMAL DEPARTURE LAST
                VALUE   (LST)  VALUE       VALUE  FROM      YEAR
                                                  NORMAL
..................................................................
TEMPERATURE (F)
 YESTERDAY
  MAXIMUM         68   1212 AM  92    2003  68      0       78
  MINIMUM         36   1159 PM  26    1990  39     -3       35
  AVERAGE         52                        54     -2       57

PRECIPITATION (IN)
  YESTERDAY        0.00          1.01 2009   0.04  -0.04     0.00
  MONTH TO DATE    0.97                      0.95   0.02      T
  SINCE SEP 1      5.68                      2.42   3.26     0.19
  SINCE JAN 1     20.50                     18.07   2.43    20.02

DEGREE DAYS
 HEATING
  YESTERDAY       13                        12      1
  MONTH TO DATE  122                       179    -57
  SINCE SEP 1    171                       247    -76
  SINCE JUL 1    171                       251    -80

 COOLING
  YESTERDAY        0                         0      0
  MONTH TO DATE   27                        18      9
  SINCE SEP 1    226                       180     46
  SINCE JAN 1   1373                      1296     77
..................................................................


WIND (MPH)
  HIGHEST WIND SPEED    29   HIGHEST WIND DIRECTION     N (360)
  HIGHEST GUST SPEED    38   HIGHEST GUST DIRECTION     N (10)
  AVERAGE WIND SPEED    17.1



WEATHER CONDITIONS
 THE FOLLOWING WEATHER WAS RECORDED YESTERDAY.
  NO SIGNIFICANT WEATHER WAS OBSERVED.


RELATIVE HUMIDITY (PERCENT)
 HIGHEST    84           500 AM
 LOWEST     27           400 PM
 AVERAGE    56

..........................................................


THE GARDEN CITY REGIONAL ARPT KS CLIMATE NORMALS FOR TODAY
                         NORMAL    RECORD    YEAR
 MAXIMUM TEMPERATURE (F)   67        87      2016
                                             1991
                                             2003
 MINIMUM TEMPERATURE (F)   39        25      1949


SUNRISE AND SUNSET
OCTOBER 22 2017.......SUNRISE   759 AM CDT   SUNSET   655 PM CDT
OCTOBER 23 2017.......SUNRISE   800 AM CDT   SUNSET   654 PM CDT


-  INDICATES NEGATIVE NUMBERS.
R  INDICATES RECORD WAS SET OR TIED.
MM INDICATES DATA IS MISSING.
T  INDICATES TRACE AMOUNT.




$$
