000
CDUS43 KDDC 171428
CLIGCK


CLIMATE REPORT
NATIONAL WEATHER SERVICE DODGE CITY KS
828 AM CST TUE JAN 17 2017


...................................

...THE GARDEN CITY REGIONAL ARPT KS CLIMATE SUMMARY FOR JANUARY 17 2017...
VALID AS OF 0800 AM LOCAL TIME.

CLIMATE NORMAL PERIOD 1981 TO 2010
CLIMATE RECORD PERIOD 1948 TO 2017


WEATHER ITEM   OBSERVED TIME   RECORD YEAR NORMAL DEPARTURE LAST
                VALUE   (LST)  VALUE       VALUE  FROM      YEAR
                                                  NORMAL
..................................................................
TEMPERATURE (F)
 TODAY
  MAXIMUM         34    749 AM  72    1950  44    -10       23
  MINIMUM         33    759 AM -11    1978  18     15       15
  AVERAGE         34                        31      3       19

PRECIPITATION (IN)
  TODAY            T             0.16 1987   0.01  -0.01      T
  MONTH TO DATE    1.14                      0.18   0.96     0.03
  SINCE DEC 1      1.44                      0.70   0.74     1.13
  SINCE JAN 1      1.14                      0.18   0.96     0.03

..................................................................


WIND (MPH)
  HIGHEST WIND SPEED    16   HIGHEST WIND DIRECTION    NW (330)
  HIGHEST GUST SPEED    19   HIGHEST GUST DIRECTION    NW (320)



WEATHER CONDITIONS
 THE FOLLOWING WEATHER WAS RECORDED TODAY.
  NO SIGNIFICANT WEATHER WAS OBSERVED.


RELATIVE HUMIDITY (PERCENT)
 HIGHEST    89          1200 AM
 LOWEST     82           200 AM

..........................................................


THE GARDEN CITY REGIONAL ARPT KS CLIMATE NORMALS FOR TOMORROW
                         NORMAL    RECORD    YEAR
 MAXIMUM TEMPERATURE (F)   44        70      1976
 MINIMUM TEMPERATURE (F)   18        -3      1963


SUNRISE AND SUNSET
JANUARY 17 2017.......SUNRISE   757 AM CST   SUNSET   550 PM CST
JANUARY 18 2017.......SUNRISE   756 AM CST   SUNSET   551 PM CST


-  INDICATES NEGATIVE NUMBERS.
R  INDICATES RECORD WAS SET OR TIED.
MM INDICATES DATA IS MISSING.
T  INDICATES TRACE AMOUNT.




$$
