000
CDUS43 KDDC 302329
CLIGCK


CLIMATE REPORT
NATIONAL WEATHER SERVICE DODGE CITY KS
628 PM CDT SUN AUG 30 2015


...................................

...THE GARDEN CITY REGIONAL ARPT KS CLIMATE SUMMARY FOR AUGUST 30 2015...
VALID TODAY AS OF 0500 PM LOCAL TIME.

CLIMATE NORMAL PERIOD 1981 TO 2010
CLIMATE RECORD PERIOD 1948 TO 2015


WEATHER ITEM   OBSERVED TIME   RECORD YEAR NORMAL DEPARTURE LAST
                VALUE   (LST)  VALUE       VALUE  FROM      YEAR
                                                  NORMAL
..................................................................
TEMPERATURE (F)
 TODAY
  MAXIMUM         91    302 PM 104    1990  88      3       90
  MINIMUM         52    648 AM  51    1993  61     -9       57
  AVERAGE         72                        74     -2       74

PRECIPITATION (IN)
  TODAY            0.00          1.06 1996   0.06  -0.06     0.00
  MONTH TO DATE    1.89                      2.38  -0.49     1.85
  SINCE JUN 1     10.97                      8.64   2.33    16.29
  SINCE JAN 1     19.79                     15.58   4.21    17.65

DEGREE DAYS
 HEATING
  TODAY            0                         0      0        0
  MONTH TO DATE    0                         0      0        0
  SINCE JUN 1      0                        17    -17       21
  SINCE JUL 1      0                         1     -1       10

 COOLING
  TODAY            7                        10     -3        9
  MONTH TO DATE  335                       356    -21      383
  SINCE JUN 1   1091                      1018     73      999
  SINCE JAN 1   1121                      1107     14     1142
..................................................................


WIND (MPH)
  HIGHEST WIND SPEED    17   HIGHEST WIND DIRECTION     S (160)
  HIGHEST GUST SPEED    22   HIGHEST GUST DIRECTION    SE (150)
  AVERAGE WIND SPEED     7.2



WEATHER CONDITIONS
 THE FOLLOWING WEATHER WAS RECORDED TODAY.
  FOG
  HAZE


RELATIVE HUMIDITY (PERCENT)
 HIGHEST    93           400 AM
 LOWEST     19           100 PM
 AVERAGE    56

..........................................................


THE GARDEN CITY REGIONAL ARPT KS CLIMATE NORMALS FOR TOMORROW
                         NORMAL    RECORD    YEAR
 MAXIMUM TEMPERATURE (F)   87       104      2011
 MINIMUM TEMPERATURE (F)   61        47      1993


SUNRISE AND SUNSET
AUGUST 30 2015........SUNRISE   711 AM CDT   SUNSET   815 PM CDT
AUGUST 31 2015........SUNRISE   712 AM CDT   SUNSET   814 PM CDT


-  INDICATES NEGATIVE NUMBERS.
R  INDICATES RECORD WAS SET OR TIED.
MM INDICATES DATA IS MISSING.
T  INDICATES TRACE AMOUNT.




$$
