000
CDUS43 KDDC 011010
CLIGCK


CLIMATE REPORT
NATIONAL WEATHER SERVICE DODGE CITY KS
409 AM CST SUN MAR 1 2015


...................................

...THE GARDEN CITY REGIONAL ARPT KS CLIMATE SUMMARY FOR FEBRUARY 28 2015...

CLIMATE NORMAL PERIOD 1981 TO 2010
CLIMATE RECORD PERIOD 1948 TO 2015


WEATHER ITEM   OBSERVED TIME   RECORD YEAR NORMAL DEPARTURE LAST
                VALUE   (LST)  VALUE       VALUE  FROM      YEAR
                                                  NORMAL
..................................................................
TEMPERATURE (F)
 YESTERDAY
  MAXIMUM         20    625 PM  84    2006  52    -32       60
                                      1972
  MINIMUM          9    406 AM  -9    1962  25    -16       24
  AVERAGE         15                        39    -24       42

PRECIPITATION (IN)
  YESTERDAY        0.05          0.37 2003   0.02   0.03     0.00
  MONTH TO DATE    0.39                      0.54  -0.15     0.13
  SINCE DEC 1      0.82                      1.40  -0.58     0.17
  SINCE JAN 1      0.77                      0.88  -0.11     0.16

DEGREE DAYS
 HEATING
  YESTERDAY       50                        26     24
  MONTH TO DATE  896                       846     50
  SINCE DEC 1   2869                      2935    -66
  SINCE JUL 1   3908                      4024   -116

 COOLING
  YESTERDAY        0                         0      0
  MONTH TO DATE    0                         0      0
  SINCE DEC 1      0                         0      0
  SINCE JAN 1      0                         0      0
..................................................................


WIND (MPH)
  HIGHEST WIND SPEED    21   HIGHEST WIND DIRECTION    SE (150)
  HIGHEST GUST SPEED    23   HIGHEST GUST DIRECTION    SE (150)
  AVERAGE WIND SPEED    12.5



WEATHER CONDITIONS
 THE FOLLOWING WEATHER WAS RECORDED YESTERDAY.
  LIGHT SNOW
  FOG
  HAZE


RELATIVE HUMIDITY (PERCENT)
 HIGHEST    92           900 AM
 LOWEST     77           200 PM
 AVERAGE    85

..........................................................


THE GARDEN CITY REGIONAL ARPT KS CLIMATE NORMALS FOR TODAY
                         NORMAL    RECORD    YEAR
 MAXIMUM TEMPERATURE (F)   53        80      2008
                                             1974
 MINIMUM TEMPERATURE (F)   25        -1      1980


SUNRISE AND SUNSET
MARCH  1 2015.........SUNRISE   715 AM CST   SUNSET   636 PM CST
MARCH  2 2015.........SUNRISE   713 AM CST   SUNSET   637 PM CST


-  INDICATES NEGATIVE NUMBERS.
R  INDICATES RECORD WAS SET OR TIED.
MM INDICATES DATA IS MISSING.
T  INDICATES TRACE AMOUNT.




$$
