668
CDUS43 KDDC 280706
CLIGCK


CLIMATE REPORT
NATIONAL WEATHER SERVICE DODGE CITY KS
105 AM CST TUE FEB 28 2017


...................................

...THE GARDEN CITY REGIONAL ARPT KS CLIMATE SUMMARY FOR FEBRUARY 27 2017...

CLIMATE NORMAL PERIOD 1981 TO 2010
CLIMATE RECORD PERIOD 1948 TO 2017


WEATHER ITEM   OBSERVED TIME   RECORD YEAR NORMAL DEPARTURE LAST
                VALUE   (LST)  VALUE       VALUE  FROM      YEAR
                                                  NORMAL
..................................................................
TEMPERATURE (F)
 YESTERDAY
  MAXIMUM         66    344 PM  78    2016  52     14       78
  MINIMUM         20    744 AM  -4    1962  25     -5       28
  AVERAGE         43                        38      5       53

PRECIPITATION (IN)
  YESTERDAY        0.00          0.50 1948   0.02  -0.02     0.00
  MONTH TO DATE    0.01                      0.52  -0.51     0.19
  SINCE DEC 1      1.59                      1.38   0.21     1.32
  SINCE JAN 1      1.29                      0.86   0.43     0.22

DEGREE DAYS
 HEATING
  YESTERDAY       22                        27     -5
  MONTH TO DATE  592                       820   -228
  SINCE DEC 1   2766                      2911   -145
  SINCE JUL 1   3454                      4000   -546

 COOLING
  YESTERDAY        0                         0      0
  MONTH TO DATE    0                         0      0
  SINCE DEC 1      0                         0      0
  SINCE JAN 1      0                         0      0
..................................................................


WIND (MPH)
  HIGHEST WIND SPEED    25   HIGHEST WIND DIRECTION     S (200)
  HIGHEST GUST SPEED    32   HIGHEST GUST DIRECTION    SW (220)
  AVERAGE WIND SPEED    11.0



WEATHER CONDITIONS
 THE FOLLOWING WEATHER WAS RECORDED YESTERDAY.
  NO SIGNIFICANT WEATHER WAS OBSERVED.


RELATIVE HUMIDITY (PERCENT)
 HIGHEST    88           800 AM
 LOWEST     15           300 PM
 AVERAGE    52

..........................................................


THE GARDEN CITY REGIONAL ARPT KS CLIMATE NORMALS FOR TODAY
                         NORMAL    RECORD    YEAR
 MAXIMUM TEMPERATURE (F)   52        84      2006
                                             1972
 MINIMUM TEMPERATURE (F)   25        -9      1962


SUNRISE AND SUNSET
FEBRUARY 28 2017......SUNRISE   715 AM CST   SUNSET   636 PM CST
MARCH  1 2017.........SUNRISE   714 AM CST   SUNSET   637 PM CST


-  INDICATES NEGATIVE NUMBERS.
R  INDICATES RECORD WAS SET OR TIED.
MM INDICATES DATA IS MISSING.
T  INDICATES TRACE AMOUNT.




$$
