000
CDUS41 KPHI 200547
CLIGED


CLIMATE REPORT
NATIONAL WEATHER SERVICE MOUNT HOLLY NJ
147 AM EDT SUN AUG 20 2017


...................................

...THE GEORGETOWN DE CLIMATE SUMMARY FOR AUGUST 19 2017...

CLIMATE NORMAL PERIOD 1981 TO 2010
CLIMATE RECORD PERIOD 1948 TO 2017


WEATHER ITEM   OBSERVED TIME   RECORD YEAR NORMAL DEPARTURE LAST
                VALUE   (LST)  VALUE       VALUE  FROM      YEAR
                                                  NORMAL
..................................................................
TEMPERATURE (F)
 YESTERDAY
  MAXIMUM         88    430 PM  96    1987  85      3       90
  MINIMUM         73   1045 PM  49    1961  66      7       71
  AVERAGE         81                        76      5       81

PRECIPITATION (IN)
  YESTERDAY        T             5.95 1985   0.14  -0.14     0.00
  MONTH TO DATE    6.00                      2.02   3.98     3.08
  SINCE JUN 1     16.42                     10.82   5.60    10.33
  SINCE JAN 1     32.60                     27.76   4.84    28.56

DEGREE DAYS
 HEATING
  YESTERDAY        0                         0      0        0
  MONTH TO DATE    0                         0      0        0
  SINCE JUN 1     12                        13     -1        1
  SINCE JUL 1      0                         0      0        0

 COOLING
  YESTERDAY       16                        11      5       16
  MONTH TO DATE  221                       217      4      291
  SINCE JUN 1    988                       823    165      986
  SINCE JAN 1   1134                       917    217     1076
..................................................................


WIND (MPH)
  HIGHEST WIND SPEED    10   HIGHEST WIND DIRECTION    NW (330)
  HIGHEST GUST SPEED    15   HIGHEST GUST DIRECTION    NW (330)
  AVERAGE WIND SPEED     4.2


SKY COVER
  POSSIBLE SUNSHINE  MM
  AVERAGE SKY COVER 0.5


WEATHER CONDITIONS
 THE FOLLOWING WEATHER WAS RECORDED YESTERDAY.
  LIGHT RAIN


RELATIVE HUMIDITY (PERCENT)
 HIGHEST    94           300 AM
 LOWEST     50           300 PM
 AVERAGE    72

..........................................................


THE GEORGETOWN DE CLIMATE NORMALS FOR TODAY
                         NORMAL    RECORD    YEAR
 MAXIMUM TEMPERATURE (F)   85        94      1962
 MINIMUM TEMPERATURE (F)   66        48      1976


SUNRISE AND SUNSET
AUGUST 20 2017........SUNRISE   620 AM EDT   SUNSET   749 PM EDT
AUGUST 21 2017........SUNRISE   621 AM EDT   SUNSET   747 PM EDT


-  INDICATES NEGATIVE NUMBERS.
R  INDICATES RECORD WAS SET OR TIED.
MM INDICATES DATA IS MISSING.
T  INDICATES TRACE AMOUNT.




$$
