000
CDUS41 KPHI 240628
CLIGED


CLIMATE REPORT
NATIONAL WEATHER SERVICE MOUNT HOLLY NJ
228 AM EDT SAT JUN 24 2017


...................................

...THE GEORGETOWN DE CLIMATE SUMMARY FOR JUNE 23 2017...

CLIMATE NORMAL PERIOD 1981 TO 2010
CLIMATE RECORD PERIOD 1948 TO 2017


WEATHER ITEM   OBSERVED TIME   RECORD YEAR NORMAL DEPARTURE LAST
                VALUE   (LST)  VALUE       VALUE  FROM      YEAR
                                                  NORMAL
..................................................................
TEMPERATURE (F)
 YESTERDAY
  MAXIMUM         89    126 PM 100    1988  84      5       81
  MINIMUM         73    824 AM  47    1992  65      8       64
  AVERAGE         81                        75      6       73

PRECIPITATION (IN)
  YESTERDAY        0.14          1.03 1991   0.15  -0.01     0.10
  MONTH TO DATE    1.72                      3.49  -1.77     2.08
  SINCE JUN 1      1.72                      3.49  -1.77     2.08
  SINCE JAN 1     17.90                     20.43  -2.53    20.31

DEGREE DAYS
 HEATING
  YESTERDAY        0                         0      0        0
  MONTH TO DATE   12                        10      2        1
  SINCE JUN 1     12                        10      2        1
  SINCE JUL 1   3590                      4403   -813     3660

 COOLING
  YESTERDAY       16                        10      6        8
  MONTH TO DATE  232                       167     65      160
  SINCE JUN 1    232                       167     65      160
  SINCE JAN 1    378                       261    117      250
..................................................................


WIND (MPH)
  HIGHEST WIND SPEED    24   HIGHEST WIND DIRECTION    SW (230)
  HIGHEST GUST SPEED    32   HIGHEST GUST DIRECTION    SW (240)
  AVERAGE WIND SPEED    12.5


SKY COVER
  POSSIBLE SUNSHINE  MM
  AVERAGE SKY COVER 0.2


WEATHER CONDITIONS
 THE FOLLOWING WEATHER WAS RECORDED YESTERDAY.
  RAIN
  LIGHT RAIN
  FOG


RELATIVE HUMIDITY (PERCENT)
 HIGHEST    94          1200 AM
 LOWEST     61           200 PM
 AVERAGE    78

..........................................................


THE GEORGETOWN DE CLIMATE NORMALS FOR TODAY
                         NORMAL    RECORD    YEAR
 MAXIMUM TEMPERATURE (F)   85        97      2010
 MINIMUM TEMPERATURE (F)   65        50      1972


SUNRISE AND SUNSET
JUNE 24 2017..........SUNRISE   538 AM EDT   SUNSET   830 PM EDT
JUNE 25 2017..........SUNRISE   538 AM EDT   SUNSET   830 PM EDT


-  INDICATES NEGATIVE NUMBERS.
R  INDICATES RECORD WAS SET OR TIED.
MM INDICATES DATA IS MISSING.
T  INDICATES TRACE AMOUNT.




$$
