000
CDUS41 KPHI 242130
CLIGED


CLIMATE REPORT
NATIONAL WEATHER SERVICE MOUNT HOLLY NJ
427 PM EST TUE JAN 24 2017


...................................

...THE GEORGETOWN DE CLIMATE SUMMARY FOR JANUARY 24 2017...
VALID TODAY AS OF 0400 PM LOCAL TIME.

CLIMATE NORMAL PERIOD 1981 TO 2010
CLIMATE RECORD PERIOD 1948 TO 2017


WEATHER ITEM   OBSERVED TIME   RECORD YEAR NORMAL DEPARTURE LAST
                VALUE   (LST)  VALUE       VALUE  FROM      YEAR
                                                  NORMAL
..................................................................
TEMPERATURE (F)
 TODAY
  MAXIMUM         47    313 PM  73    1967  44      3       33
  MINIMUM         39    806 AM   6    1987  26     13       22
  AVERAGE         43                        35      8       28

PRECIPITATION (IN)
  TODAY            T             1.10 1965   0.10  -0.10      T
  MONTH TO DATE    2.94                      2.27   0.67     2.87
  SINCE DEC 1      5.74                      5.56   0.18     7.03
  SINCE JAN 1      2.94                      2.27   0.67     2.87

DEGREE DAYS
 HEATING
  TODAY           22                        30     -8       37
  MONTH TO DATE  586                       717   -131      731
  SINCE DEC 1   1350                      1515   -165     1132
  SINCE JUL 1   1984                      2299   -315     1772

 COOLING
  TODAY            0                         0      0        0
  MONTH TO DATE    0                         0      0        0
  SINCE DEC 1      0                         0      0        9
  SINCE JAN 1      0                         0      0        0
..................................................................


WIND (MPH)
  HIGHEST WIND SPEED    18   HIGHEST WIND DIRECTION    NW (300)
  HIGHEST GUST SPEED    28   HIGHEST GUST DIRECTION     W (280)
  AVERAGE WIND SPEED    11.2


SKY COVER
  POSSIBLE SUNSHINE  MM
  AVERAGE SKY COVER 1.0


WEATHER CONDITIONS
 THE FOLLOWING WEATHER WAS RECORDED TODAY.
  LIGHT RAIN
  FOG


RELATIVE HUMIDITY (PERCENT)
 HIGHEST    92           400 AM
 LOWEST     60           400 PM
 AVERAGE    76

..........................................................


THE GEORGETOWN DE CLIMATE NORMALS FOR TOMORROW
                         NORMAL    RECORD    YEAR
 MAXIMUM TEMPERATURE (F)   44        74      1950
 MINIMUM TEMPERATURE (F)   26         1      1963


SUNRISE AND SUNSET
JANUARY 24 2017.......SUNRISE   713 AM EST   SUNSET   514 PM EST
JANUARY 25 2017.......SUNRISE   713 AM EST   SUNSET   516 PM EST


-  INDICATES NEGATIVE NUMBERS.
R  INDICATES RECORD WAS SET OR TIED.
MM INDICATES DATA IS MISSING.
T  INDICATES TRACE AMOUNT.




$$
