000
CDUS46 KOTX 230821
CLIGEG


CLIMATE REPORT
NATIONAL WEATHER SERVICE SPOKANE, WA
120 AM PDT WED APR 23 2014


...................................

...THE SPOKANE WA AIRPORT CLIMATE SUMMARY FOR APRIL 22 2014...

CLIMATE NORMAL PERIOD 1981 TO 2010
CLIMATE RECORD PERIOD 1881 TO 2014


WEATHER ITEM   OBSERVED TIME   RECORD YEAR NORMAL DEPARTURE LAST
                VALUE   (LST)  VALUE       VALUE  FROM      YEAR
                                                  NORMAL
..................................................................
TEMPERATURE (F)
 YESTERDAY
  MAXIMUM         52    334 PM  84    1934  59     -7       52
  MINIMUM         36   1100 PM  25    1972  38     -2       28
  AVERAGE         44                        48     -4       40

PRECIPITATION (IN)
  YESTERDAY        0.09          1.04 1882   0.04   0.05     0.00
  MONTH TO DATE    0.56                      0.97  -0.41     0.94
  SINCE OCT 1      8.59                     11.48  -2.89    11.49
  SINCE JAN 1      6.26                      5.70   0.56     4.13

SNOWFALL (IN)
  YESTERDAY        0.0           3.4  1964   0.0    0.0      0.0
  MONTH TO DATE    0.0                       0.9   -0.9       T
  SINCE MAR 1      5.8                       4.4    1.4      0.9
  SINCE JUL 1     37.6                      44.7   -7.1     43.5
  SNOW DEPTH       0

DEGREE DAYS
 HEATING
  YESTERDAY       21                        17      4       25
  MONTH TO DATE  394                       415    -21      439
  SINCE MAR 1   1174                      1182     -8     1169
  SINCE JUL 1   6217                      6011    206     5706

 COOLING
  YESTERDAY        0                         0      0        0
  MONTH TO DATE    0                         0      0        0
  SINCE MAR 1      0                         0      0        0
  SINCE JAN 1      0                         0      0        0
..................................................................


WIND (MPH)
  HIGHEST WIND SPEED    28   HIGHEST WIND DIRECTION    SW (210)
  HIGHEST GUST SPEED    32   HIGHEST GUST DIRECTION    SW (220)
  AVERAGE WIND SPEED    14.4


SKY COVER
  POSSIBLE SUNSHINE  MM
  AVERAGE SKY COVER 0.8


WEATHER CONDITIONS
 THE FOLLOWING WEATHER WAS RECORDED YESTERDAY.
  LIGHT RAIN
  FOG


RELATIVE HUMIDITY (PERCENT)
 HIGHEST    96           800 AM
 LOWEST     41           400 PM
 AVERAGE    69

..........................................................


THE SPOKANE WA AIRPORT CLIMATE NORMALS FOR TODAY
                         NORMAL    RECORD    YEAR
 MAXIMUM TEMPERATURE (F)   59        87      1977
 MINIMUM TEMPERATURE (F)   38        25      2002


SUNRISE AND SUNSET
APRIL 23 2014.........SUNRISE   546 AM PDT   SUNSET   751 PM PDT
APRIL 24 2014.........SUNRISE   545 AM PDT   SUNSET   753 PM PDT


-  INDICATES NEGATIVE NUMBERS.
R  INDICATES RECORD WAS SET OR TIED.
MM INDICATES DATA IS MISSING.
T  INDICATES TRACE AMOUNT.




$$
