000
CDUS46 KOTX 260825
CLIGEG


CLIMATE REPORT
NATIONAL WEATHER SERVICE SPOKANE, WA
1222 AM PST FRI DEC 26 2014


...................................

...THE SPOKANE WA AIRPORT CLIMATE SUMMARY FOR DECEMBER 25 2014...

CLIMATE NORMAL PERIOD 1981 TO 2010
CLIMATE RECORD PERIOD 1881 TO 2014


WEATHER ITEM   OBSERVED TIME   RECORD YEAR NORMAL DEPARTURE LAST
                VALUE   (LST)  VALUE       VALUE  FROM      YEAR
                                                  NORMAL
..................................................................
TEMPERATURE (F)
 YESTERDAY
  MAXIMUM         38    203 PM  53    1980  32      6       29
  MINIMUM         22    735 AM  -6    1964  22      0       22
  AVERAGE         30                        26      4       26

PRECIPITATION (IN)
  YESTERDAY        0.00        0.75   1907  0.06  -0.06     0.00
  MONTH TO DATE    1.76                     1.90  -0.14     0.65
  SINCE OCT 1      4.52                     5.38  -0.86     2.30
  SINCE JAN 1     14.78                    16.16  -1.38    11.33

SNOWFALL (IN)
  YESTERDAY        0.0         5.2    1998  0.5   -0.5      0.0
  MONTH TO DATE    1.2                     11.4  -10.2      3.4
  SINCE DEC 1      1.2                     11.4  -10.2      3.4
  SINCE JUL 1      1.7                     18.9  -17.2      6.5
  SNOW DEPTH       0

DEGREE DAYS
 HEATING
  YESTERDAY       35                        38     -3       39
  MONTH TO DATE  730                       939   -209      990
  SINCE DEC 1    730                       939   -209      990
  SINCE JUL 1   2099                      2606   -507     2645

 COOLING
  YESTERDAY        0                         0      0        0
  MONTH TO DATE    0                         0      0        0
  SINCE DEC 1      0                         0      0        0
  SINCE JAN 1    654                       450    204      709
..................................................................


WIND (MPH)
  HIGHEST WIND SPEED    12   HIGHEST WIND DIRECTION     W (250)
  HIGHEST GUST SPEED    12   HIGHEST GUST DIRECTION     W (250)
  AVERAGE WIND SPEED     5.4


SKY COVER
  POSSIBLE SUNSHINE  MM
  AVERAGE SKY COVER 0.3


WEATHER CONDITIONS
 THE FOLLOWING WEATHER WAS RECORDED YESTERDAY.
  NO SIGNIFICANT WEATHER WAS OBSERVED.


RELATIVE HUMIDITY (PERCENT)
 HIGHEST   100           100 AM
 LOWEST     70           100 PM
 AVERAGE    85

..........................................................


THE SPOKANE WA AIRPORT CLIMATE NORMALS FOR TODAY
                         NORMAL    RECORD    YEAR
 MAXIMUM TEMPERATURE (F)   32        56      1980
 MINIMUM TEMPERATURE (F)   22        -8      1916


SUNRISE AND SUNSET
DECEMBER 26 2014......SUNRISE   738 AM PST   SUNSET   404 PM PST
DECEMBER 27 2014......SUNRISE   738 AM PST   SUNSET   405 PM PST


-  INDICATES NEGATIVE NUMBERS.
R  INDICATES RECORD WAS SET OR TIED.
MM INDICATES DATA IS MISSING.
T  INDICATES TRACE AMOUNT.

$$
