000
CDUS46 KOTX 090828
CLIGEG


CLIMATE REPORT
NATIONAL WEATHER SERVICE SPOKANE, WA
1228 AM PST FRI DEC 9 2016


...................................

...THE SPOKANE WA AIRPORT CLIMATE SUMMARY FOR DECEMBER 8 2016...

CLIMATE NORMAL PERIOD 1981 TO 2010
CLIMATE RECORD PERIOD 1881 TO 2016


WEATHER ITEM   OBSERVED TIME   RECORD YEAR NORMAL DEPARTURE LAST
                VALUE   (LST)  VALUE       VALUE  FROM      YEAR
                                                  NORMAL
..................................................................
TEMPERATURE (F)
 YESTERDAY
  MAXIMUM         24    123 PM  56    2015  33     -9       56
                                      1938
  MINIMUM         13    614 AM -11    1972  23    -10       38
  AVERAGE         19                        28     -9       47

PRECIPITATION (IN)
  YESTERDAY        T             0.90 1971   0.08  -0.08     0.34
  MONTH TO DATE    0.04                      0.67  -0.63     1.97
  SINCE OCT 1      7.84                      4.15   3.69     3.88
  SINCE JAN 1     16.85                     14.93   1.92    11.60

SNOWFALL (IN)
  YESTERDAY        0.0           7.8  1971   0.4   -0.4      0.0
  MONTH TO DATE    0.2                       3.3   -3.1      0.8
  SINCE DEC 1      0.2                       3.3   -3.1      0.8
  SINCE JUL 1      3.5                      10.8   -7.3      2.3
  SNOW DEPTH       0

DEGREE DAYS
 HEATING
  YESTERDAY       46                        37      9       18
  MONTH TO DATE  295                       289      6      228
  SINCE DEC 1    295                       289      6      228
  SINCE JUL 1   1628                      1956   -328     1662

 COOLING
  YESTERDAY        0                         0      0        0
  MONTH TO DATE    0                         0      0        0
  SINCE DEC 1      0                         0      0        0
  SINCE JAN 1    494                       450     44      828
..................................................................


WIND (MPH)
  HIGHEST WIND SPEED    18   HIGHEST WIND DIRECTION     E (70)
  HIGHEST GUST SPEED    23   HIGHEST GUST DIRECTION    NE (50)
  AVERAGE WIND SPEED    10.7


SKY COVER
  POSSIBLE SUNSHINE  MM
  AVERAGE SKY COVER 0.6


WEATHER CONDITIONS
 THE FOLLOWING WEATHER WAS RECORDED YESTERDAY.
  LIGHT SNOW


RELATIVE HUMIDITY (PERCENT)
 HIGHEST    73          1200 AM
 LOWEST     45           300 PM
 AVERAGE    59

..........................................................


THE SPOKANE WA AIRPORT CLIMATE NORMALS FOR TODAY
                         NORMAL    RECORD    YEAR
 MAXIMUM TEMPERATURE (F)   33        54      2015
                                             1957
 MINIMUM TEMPERATURE (F)   23        -8      1919


SUNRISE AND SUNSET
DECEMBER  9 2016......SUNRISE   727 AM PST   SUNSET   358 PM PST
DECEMBER 10 2016......SUNRISE   728 AM PST   SUNSET   358 PM PST


-  INDICATES NEGATIVE NUMBERS.
R  INDICATES RECORD WAS SET OR TIED.
MM INDICATES DATA IS MISSING.
T  INDICATES TRACE AMOUNT.




$$
