000
CDUS46 KOTX 172347
CLIGEG


CLIMATE REPORT
NATIONAL WEATHER SERVICE SPOKANE, WA
447 PM PDT THU AUG 17 2017


...................................

...THE SPOKANE WA AIRPORT CLIMATE SUMMARY FOR AUGUST 17 2017...
VALID AS OF 0400 PM LOCAL TIME.

CLIMATE NORMAL PERIOD 1981 TO 2010
CLIMATE RECORD PERIOD 1881 TO 2017


WEATHER ITEM   OBSERVED TIME   RECORD YEAR NORMAL DEPARTURE LAST
                VALUE   (LST)  VALUE       VALUE  FROM      YEAR
                                                  NORMAL
..................................................................
TEMPERATURE (F)
 TODAY
  MAXIMUM         84    244 PM 103    2008  83      1       93
  MINIMUM         56    545 AM  43    1989  56      0       63
                                      1881
  AVERAGE         70                        69      1       78

PRECIPITATION (IN)
  TODAY            0.00          0.45 2005   0.02  -0.02     0.00
  MONTH TO DATE    T                         0.31  -0.31     0.16
  SINCE OCT 1     23.26                     15.61   7.65    15.16
  SINCE JAN 1     13.97                      9.83   4.14     8.80

SNOWFALL (IN)
  TODAY            0.0           0.0  2002   0.0    0.0      0.0
                                      2001
                                      1999
  MONTH TO DATE    0.0                       0.0    0.0      0.0
  SINCE JUN 1      0.0                       0.0    0.0      0.0
  SINCE JUL 1      0.0                       0.0    0.0      0.0
  SNOW DEPTH       0

DEGREE DAYS
 HEATING
  TODAY            0                         1     -1        0
  MONTH TO DATE    2                        12    -10        9
  SINCE JUN 1     68                       180   -112      139
  SINCE JUL 1      2                        44    -42       29

 COOLING
  TODAY            5                         5      0       13
  MONTH TO DATE  186                       111     75      118
  SINCE JUN 1    575                       340    235      384
  SINCE JAN 1    610                       354    256      396
..................................................................


WIND (MPH)
  HIGHEST WIND SPEED    18   HIGHEST WIND DIRECTION    SW (240)
  HIGHEST GUST SPEED    22   HIGHEST GUST DIRECTION    SW (230)
  AVERAGE WIND SPEED     8.9


SKY COVER
  POSSIBLE SUNSHINE  MM
  AVERAGE SKY COVER 0.3


WEATHER CONDITIONS
 THE FOLLOWING WEATHER WAS RECORDED TODAY.
  NO SIGNIFICANT WEATHER WAS OBSERVED.


RELATIVE HUMIDITY (PERCENT)
 HIGHEST    72           500 AM
 LOWEST     22           300 PM
 AVERAGE    47

..........................................................


THE SPOKANE WA AIRPORT CLIMATE NORMALS FOR TOMORROW
                         NORMAL    RECORD    YEAR
 MAXIMUM TEMPERATURE (F)   83       101      1967
 MINIMUM TEMPERATURE (F)   56        41      1995


SUNRISE AND SUNSET
AUGUST 17 2017........SUNRISE   549 AM PDT   SUNSET   758 PM PDT
AUGUST 18 2017........SUNRISE   550 AM PDT   SUNSET   756 PM PDT


-  INDICATES NEGATIVE NUMBERS.
R  INDICATES RECORD WAS SET OR TIED.
MM INDICATES DATA IS MISSING.
T  INDICATES TRACE AMOUNT.




$$
