000
CDUS46 KOTX 030833
CLIGEG


CLIMATE REPORT
NATIONAL WEATHER SERVICE SPOKANE, WA
133 AM PDT WED JUN 3 2015


...................................

...THE SPOKANE WA AIRPORT CLIMATE SUMMARY FOR JUNE 2 2015...

CLIMATE NORMAL PERIOD 1981 TO 2010
CLIMATE RECORD PERIOD 1881 TO 2015


WEATHER ITEM   OBSERVED TIME   RECORD YEAR NORMAL DEPARTURE LAST
                VALUE   (LST)  VALUE       VALUE  FROM      YEAR
                                                  NORMAL
..................................................................
TEMPERATURE (F)
 YESTERDAY
  MAXIMUM         68    305 PM  92    1937  71     -3       81
  MINIMUM         53    530 AM  36    1987  48      5       54
                                      1977
                                      1892
  AVERAGE         61                        59      2       68

PRECIPITATION (IN)
  YESTERDAY        0.00          0.88 1936   0.06  -0.06     0.13
  MONTH TO DATE    0.06                      0.12  -0.06     0.13
  SINCE OCT 1     11.55                     13.53  -1.98     9.86
  SINCE JAN 1      6.82                      7.75  -0.93     7.53

SNOWFALL (IN)
  YESTERDAY        0.0           0.0  2002   0.0    0.0      0.0
                                      2001
                                      2000
  MONTH TO DATE    0.0                       0.0    0.0      0.0
  SINCE JUN 1      0.0                       0.0    0.0      0.0
  SINCE JUL 1     17.6                      44.9  -27.3     37.6
  SNOW DEPTH       0

DEGREE DAYS
 HEATING
  YESTERDAY        4                         7     -3        0
  MONTH TO DATE    4                        14    -10        1
  SINCE JUN 1      4                        14    -10        1
  SINCE JUL 1   5399                      6471  -1072     6588

 COOLING
  YESTERDAY        0                         1     -1        3
  MONTH TO DATE    4                         2      2        3
  SINCE JUN 1      4                         2      2        3
  SINCE JAN 1     36                        16     20        9
..................................................................


WIND (MPH)
  HIGHEST WIND SPEED    24   HIGHEST WIND DIRECTION    SW (210)
  HIGHEST GUST SPEED    29   HIGHEST GUST DIRECTION    SW (210)
  AVERAGE WIND SPEED    12.6


SKY COVER
  POSSIBLE SUNSHINE  MM
  AVERAGE SKY COVER 0.8


WEATHER CONDITIONS
 THE FOLLOWING WEATHER WAS RECORDED YESTERDAY.
  HAZE


RELATIVE HUMIDITY (PERCENT)
 HIGHEST    86           100 AM
 LOWEST     42           200 PM
 AVERAGE    64

..........................................................


THE SPOKANE WA AIRPORT CLIMATE NORMALS FOR TODAY
                         NORMAL    RECORD    YEAR
 MAXIMUM TEMPERATURE (F)   71        94      1970
 MINIMUM TEMPERATURE (F)   48        36      1980


SUNRISE AND SUNSET
JUNE  3 2015..........SUNRISE   455 AM PDT   SUNSET   842 PM PDT
JUNE  4 2015..........SUNRISE   455 AM PDT   SUNSET   843 PM PDT


-  INDICATES NEGATIVE NUMBERS.
R  INDICATES RECORD WAS SET OR TIED.
MM INDICATES DATA IS MISSING.
T  INDICATES TRACE AMOUNT.




$$
