000
CDUS46 KOTX 190823
CLIGEG


CLIMATE REPORT
NATIONAL WEATHER SERVICE SPOKANE, WA
123 AM PDT THU OCT 19 2017


...................................

...THE SPOKANE WA AIRPORT CLIMATE SUMMARY FOR OCTOBER 18 2017...

CLIMATE NORMAL PERIOD 1981 TO 2010
CLIMATE RECORD PERIOD 1881 TO 2017


WEATHER ITEM   OBSERVED TIME   RECORD YEAR NORMAL DEPARTURE LAST
                VALUE   (LST)  VALUE       VALUE  FROM      YEAR
                                                  NORMAL
..................................................................
TEMPERATURE (F)
 YESTERDAY
  MAXIMUM         56   1159 PM  76    1940  57     -1       49
                                      1927
  MINIMUM         41    625 AM  21    1984  36      5       40
                                      1969
  AVERAGE         49                        47      2       45

PRECIPITATION (IN)
  YESTERDAY        0.14          0.98 1996   0.04   0.10     0.15
  MONTH TO DATE    0.49                      0.53  -0.04     3.28
  SINCE OCT 1      0.49                      0.53  -0.04     3.28
  SINCE JAN 1     15.67                     11.31   4.36    12.29

SNOWFALL (IN)
  YESTERDAY        0.0           0.4  1949   0.0    0.0      0.0
  MONTH TO DATE    T                         0.0    0.0      0.0
  SINCE SEP 1      T                         0.0    0.0      0.0
  SINCE JUL 1      T                         0.0    0.0      0.0
  SNOW DEPTH       0

DEGREE DAYS
 HEATING
  YESTERDAY       16                        18     -2       20
  MONTH TO DATE  304                       266     38      285
  SINCE SEP 1    470                       449     21      443
  SINCE JUL 1    473                       514    -41      473

 COOLING
  YESTERDAY        0                         0      0        0
  MONTH TO DATE    0                         0      0        0
  SINCE SEP 1     89                        38     51        7
  SINCE JAN 1    794                       449    345      494
..................................................................


WIND (MPH)
  HIGHEST WIND SPEED    18   HIGHEST WIND DIRECTION     S (200)
  HIGHEST GUST SPEED    30   HIGHEST GUST DIRECTION     S (170)
  AVERAGE WIND SPEED    10.6


SKY COVER
  POSSIBLE SUNSHINE  MM
  AVERAGE SKY COVER 1.0


WEATHER CONDITIONS
 THE FOLLOWING WEATHER WAS RECORDED YESTERDAY.
  LIGHT RAIN
  FOG


RELATIVE HUMIDITY (PERCENT)
 HIGHEST   100           300 PM
 LOWEST     45          1200 AM
 AVERAGE    73

..........................................................


THE SPOKANE WA AIRPORT CLIMATE NORMALS FOR TODAY
                         NORMAL    RECORD    YEAR
 MAXIMUM TEMPERATURE (F)   56        73      1944
                                             1921
 MINIMUM TEMPERATURE (F)   36        15      1984


SUNRISE AND SUNSET
OCTOBER 19 2017.......SUNRISE   715 AM PDT   SUNSET   554 PM PDT
OCTOBER 20 2017.......SUNRISE   717 AM PDT   SUNSET   552 PM PDT


-  INDICATES NEGATIVE NUMBERS.
R  INDICATES RECORD WAS SET OR TIED.
MM INDICATES DATA IS MISSING.
T  INDICATES TRACE AMOUNT.




$$
