000
CDUS45 KRIW 290732
CLIGEY


CLIMATE REPORT
NATIONAL WEATHER SERVICE RIVERTON WY
132 AM MDT MON AUG 29 2016


...................................

...THE GREYBULL WY CLIMATE SUMMARY FOR AUGUST 28 2016...

CLIMATE NORMAL PERIOD 1981 TO 2010
CLIMATE RECORD PERIOD 1998 TO 2016


WEATHER ITEM   OBSERVED TIME   RECORD YEAR NORMAL DEPARTURE LAST
                VALUE   (LST)  VALUE       VALUE  FROM      YEAR
                                                  NORMAL
..................................................................
TEMPERATURE (F)
 YESTERDAY
  MAXIMUM         89    423 PM  98    2012  86      3       89
  MINIMUM         49    615 AM  42    2004  51     -2       52
  AVERAGE         69                        68      1       71

PRECIPITATION (IN)
  YESTERDAY        0.00          0.03 2010   0.03  -0.03     0.00
  MONTH TO DATE    0.33                      0.36  -0.03     0.09
  SINCE JUN 1      0.59                      2.22  -1.63     0.34
  SINCE JAN 1      2.88                      5.39  -2.51     1.92

DEGREE DAYS
 HEATING
  YESTERDAY        0                         1     -1        0
  MONTH TO DATE   17                         6     11       25
  SINCE JUN 1     24                        82    -58       28
  SINCE JUL 1     19                        12      7       28

 COOLING
  YESTERDAY        4                         5     -1        6
  MONTH TO DATE  212                       217     -5      208
  SINCE JUN 1    797                       600    197      715
  SINCE JAN 1    808                       620    188      720
..................................................................


WIND (MPH)
  HIGHEST WIND SPEED    12   HIGHEST WIND DIRECTION    NW (320)
  HIGHEST GUST SPEED    16   HIGHEST GUST DIRECTION     S (180)
  AVERAGE WIND SPEED     3.3


SKY COVER
  POSSIBLE SUNSHINE  MM
  AVERAGE SKY COVER 0.0


WEATHER CONDITIONS
 THE FOLLOWING WEATHER WAS RECORDED YESTERDAY.
  HAZE


RELATIVE HUMIDITY (PERCENT)
 HIGHEST    54           400 AM
 LOWEST     11           200 PM
 AVERAGE    33

..........................................................


THE GREYBULL WY CLIMATE NORMALS FOR TODAY
                         NORMAL    RECORD    YEAR
 MAXIMUM TEMPERATURE (F)   85       100      2012
 MINIMUM TEMPERATURE (F)   51        46      2005


SUNRISE AND SUNSET
AUGUST 29 2016........SUNRISE   632 AM MDT   SUNSET   753 PM MDT
AUGUST 30 2016........SUNRISE   633 AM MDT   SUNSET   751 PM MDT


-  INDICATES NEGATIVE NUMBERS.
R  INDICATES RECORD WAS SET OR TIED.
MM INDICATES DATA IS MISSING.
T  INDICATES TRACE AMOUNT.




$$
