000
CDUS45 KRIW 290739
CLIGEY


CLIMATE REPORT
NATIONAL WEATHER SERVICE RIVERTON WY
137 AM MDT THU SEP 29 2016


...................................

...THE GREYBULL WY CLIMATE SUMMARY FOR SEPTEMBER 28 2016...

CLIMATE NORMAL PERIOD 1981 TO 2010
CLIMATE RECORD PERIOD 1998 TO 2016


WEATHER ITEM   OBSERVED TIME   RECORD YEAR NORMAL DEPARTURE LAST
                VALUE   (LST)  VALUE       VALUE  FROM      YEAR
                                                  NORMAL
..................................................................
TEMPERATURE (F)
 YESTERDAY
  MAXIMUM         80    431 PM  92    2001  68     12       75
  MINIMUM         46    621 AM  28    1999  38      8       50
  AVERAGE         63                        53     10       63

PRECIPITATION (IN)
  YESTERDAY        0.00          0.03 2014   0.03  -0.03     0.00
  MONTH TO DATE    2.75                      0.82   1.93     0.01
  SINCE SEP 1      2.75                      0.82   1.93     0.01
  SINCE JAN 1      5.63                      6.27  -0.64     1.93

DEGREE DAYS
 HEATING
  YESTERDAY        2                        12    -10        2
  MONTH TO DATE  144                       184    -40       55
  SINCE SEP 1    144                       184    -40       55
  SINCE JUL 1    163                       205    -42       83

 COOLING
  YESTERDAY        0                         0      0        0
  MONTH TO DATE   41                        34      7       72
  SINCE SEP 1     41                        34      7       72
  SINCE JAN 1    886                       667    219      821
..................................................................


WIND (MPH)
  HIGHEST WIND SPEED    10   HIGHEST WIND DIRECTION     S (170)
  HIGHEST GUST SPEED    14   HIGHEST GUST DIRECTION    SE (130)
  AVERAGE WIND SPEED     3.3


SKY COVER
  POSSIBLE SUNSHINE  MM
  AVERAGE SKY COVER 0.0


WEATHER CONDITIONS
 THE FOLLOWING WEATHER WAS RECORDED YESTERDAY.
  NO SIGNIFICANT WEATHER WAS OBSERVED.


RELATIVE HUMIDITY (PERCENT)
 HIGHEST    93           300 AM
 LOWEST     28           400 PM
 AVERAGE    61

..........................................................


THE GREYBULL WY CLIMATE NORMALS FOR TODAY
                         NORMAL    RECORD    YEAR
 MAXIMUM TEMPERATURE (F)   67        87      2009
 MINIMUM TEMPERATURE (F)   38        27      1999


SUNRISE AND SUNSET
SEPTEMBER 29 2016.....SUNRISE   708 AM MDT   SUNSET   656 PM MDT
SEPTEMBER 30 2016.....SUNRISE   710 AM MDT   SUNSET   654 PM MDT


-  INDICATES NEGATIVE NUMBERS.
R  INDICATES RECORD WAS SET OR TIED.
MM INDICATES DATA IS MISSING.
T  INDICATES TRACE AMOUNT.




$$
