000
CDUS43 KIND 190538
CLIGEZ


CLIMATE REPORT
NATIONAL WEATHER SERVICE INDIANAPOLIS IN
138 AM EDT SAT APR 19 2014


...................................

...THE SHELBYVILLE IN CLIMATE SUMMARY FOR APRIL 18 2014...

CLIMATE NORMAL PERIOD 1981 TO 2010
CLIMATE RECORD PERIOD 9999 TO 9999


WEATHER ITEM   OBSERVED TIME   NORMAL DEPARTURE LAST
                VALUE   (LST)  VALUE  FROM      YEAR
                                      NORMAL
......................................................
TEMPERATURE (F)
 YESTERDAY
  MAXIMUM         73    416 PM  64      9       80
  MINIMUM         40    637 AM  43     -3       59
  AVERAGE         57            54      3       70

PRECIPITATION (IN)
  YESTERDAY        0.00          0.14  -0.14     0.07
  MONTH TO DATE    3.92          2.31   1.61     1.72
  SINCE MAR 1      5.98          5.74   0.24     2.98
  SINCE JAN 1      9.86         10.49  -0.63     8.18

DEGREE DAYS
 HEATING
  YESTERDAY        8            12     -4        0
  MONTH TO DATE  219           261    -42      192
  SINCE MAR 1   1037           981     56     1039
  SINCE JUL 1   5535          5144    391     4841

 COOLING
  YESTERDAY        0             0      0        5
  MONTH TO DATE    8             0      8       15
  SINCE MAR 1      8             1      7       15
  SINCE JAN 1      8             1      7       15
......................................................


WIND (MPH)
  HIGHEST WIND SPEED    13   HIGHEST WIND DIRECTION     N (340)
  HIGHEST GUST SPEED    22   HIGHEST GUST DIRECTION    NE (30)
  AVERAGE WIND SPEED     4.7


SKY COVER
  AVERAGE SKY COVER 0.2


WEATHER CONDITIONS
 THE FOLLOWING WEATHER WAS RECORDED YESTERDAY.
  HAZE


RELATIVE HUMIDITY (PERCENT)
 HIGHEST    85           600 AM
 LOWEST     29           400 PM
 AVERAGE    57

..........................................................


THE SHELBYVILLE IN CLIMATE NORMALS FOR TODAY
                         NORMAL
 MAXIMUM TEMPERATURE (F)   65
 MINIMUM TEMPERATURE (F)   43


SUNRISE AND SUNSET
APRIL 19 2014.........SUNRISE   700 AM EDT   SUNSET   825 PM EDT
APRIL 20 2014.........SUNRISE   659 AM EDT   SUNSET   826 PM EDT


-  INDICATES NEGATIVE NUMBERS.
R  INDICATES RECORD WAS SET OR TIED.
MM INDICATES DATA IS MISSING.
T  INDICATES TRACE AMOUNT.




$$
