000
CDUS43 KIND 040542
CLIGEZ


CLIMATE REPORT
NATIONAL WEATHER SERVICE INDIANAPOLIS IN
141 AM EDT WED MAY 4 2016


...................................

...THE SHELBYVILLE IN CLIMATE SUMMARY FOR MAY 3 2016...

CLIMATE NORMAL PERIOD 1981 TO 2010
CLIMATE RECORD PERIOD 9999 TO 9999


WEATHER ITEM   OBSERVED TIME   NORMAL DEPARTURE LAST
                VALUE   (LST)  VALUE  FROM      YEAR
                                      NORMAL
......................................................
TEMPERATURE (F)
 YESTERDAY
  MAXIMUM         62    530 PM  69     -7       80
  MINIMUM         52    759 AM  48      4       51
  AVERAGE         57            59     -2       66

PRECIPITATION (IN)
  YESTERDAY        0.22          0.20   0.02     0.00
  MONTH TO DATE    0.55          0.58  -0.03     0.00
  SINCE MAR 1     10.13          8.33   1.80     8.53
  SINCE JAN 1     14.77         13.08   1.69    11.55

DEGREE DAYS
 HEATING
  YESTERDAY        8             7      1        0
  MONTH TO DATE   14            22     -8       10
  SINCE MAR 1    782          1119   -337     1064
  SINCE JUL 1   3951          5282  -1331     5505

 COOLING
  YESTERDAY        0             1     -1        1
  MONTH TO DATE    6             3      3        1
  SINCE MAR 1     26            16     10        9
  SINCE JAN 1     26            16     10        9
......................................................


WIND (MPH)
  HIGHEST WIND SPEED    13   HIGHEST WIND DIRECTION     N (340)
  HIGHEST GUST SPEED    16   HIGHEST GUST DIRECTION     N (340)
  AVERAGE WIND SPEED     6.7


SKY COVER
  AVERAGE SKY COVER 0.8


WEATHER CONDITIONS
 THE FOLLOWING WEATHER WAS RECORDED YESTERDAY.
  RAIN
  LIGHT RAIN
  FOG
  HAZE


RELATIVE HUMIDITY (PERCENT)
 HIGHEST    93           300 AM
 LOWEST     55           600 PM
 AVERAGE    74

..........................................................


THE SHELBYVILLE IN CLIMATE NORMALS FOR TODAY
                         NORMAL
 MAXIMUM TEMPERATURE (F)   70
 MINIMUM TEMPERATURE (F)   48


SUNRISE AND SUNSET
MAY  4 2016...........SUNRISE   640 AM EDT   SUNSET   841 PM EDT
MAY  5 2016...........SUNRISE   639 AM EDT   SUNSET   842 PM EDT


-  INDICATES NEGATIVE NUMBERS.
R  INDICATES RECORD WAS SET OR TIED.
MM INDICATES DATA IS MISSING.
T  INDICATES TRACE AMOUNT.




$$
