000
CDUS43 KIND 220532
CLIGEZ


CLIMATE REPORT
NATIONAL WEATHER SERVICE INDIANAPOLIS IN
132 AM EDT SUN OCT 22 2017


...................................

...THE SHELBYVILLE IN CLIMATE SUMMARY FOR OCTOBER 21 2017...

CLIMATE NORMAL PERIOD 1981 TO 2010
CLIMATE RECORD PERIOD 9999 TO 9999


WEATHER ITEM   OBSERVED TIME   NORMAL DEPARTURE LAST
                VALUE   (LST)  VALUE  FROM      YEAR
                                      NORMAL
......................................................
TEMPERATURE (F)
 YESTERDAY
  MAXIMUM         77    308 PM  64     13       59
  MINIMUM         51    720 AM  41     10       43
  AVERAGE         64            52     12       51

PRECIPITATION (IN)
  YESTERDAY        0.00          0.10  -0.10     0.01
  MONTH TO DATE    3.78          2.18   1.60     1.99
  SINCE SEP 1      5.54          5.35   0.19     5.79
  SINCE JAN 1     38.43         35.63   2.80    38.98

DEGREE DAYS
 HEATING
  YESTERDAY        1            13    -12       14
  MONTH TO DATE   59           209   -150       70
  SINCE SEP 1    109           288   -179       83
  SINCE JUL 1    109           294   -185       85

 COOLING
  YESTERDAY        0             0      0        0
  MONTH TO DATE   47            11     36       63
  SINCE SEP 1    193           104     89      281
  SINCE JAN 1   1129           910    219     1460
......................................................


WIND (MPH)
  HIGHEST WIND SPEED    16   HIGHEST WIND DIRECTION    SE (150)
  HIGHEST GUST SPEED    22   HIGHEST GUST DIRECTION     S (160)
  AVERAGE WIND SPEED     8.7


SKY COVER
  AVERAGE SKY COVER 0.0


WEATHER CONDITIONS
 THE FOLLOWING WEATHER WAS RECORDED YESTERDAY.
  HAZE


RELATIVE HUMIDITY (PERCENT)
 HIGHEST    83           100 AM
 LOWEST     38           300 PM
 AVERAGE    61

..........................................................


THE SHELBYVILLE IN CLIMATE NORMALS FOR TODAY
                         NORMAL
 MAXIMUM TEMPERATURE (F)   64
 MINIMUM TEMPERATURE (F)   41


SUNRISE AND SUNSET
OCTOBER 22 2017.......SUNRISE   801 AM EDT   SUNSET   654 PM EDT
OCTOBER 23 2017.......SUNRISE   802 AM EDT   SUNSET   652 PM EDT


-  INDICATES NEGATIVE NUMBERS.
R  INDICATES RECORD WAS SET OR TIED.
MM INDICATES DATA IS MISSING.
T  INDICATES TRACE AMOUNT.




$$
