000
CDUS43 KIND 010535
CLIGEZ


CLIMATE REPORT
NATIONAL WEATHER SERVICE INDIANAPOLIS IN
135 AM EDT WED JUN 1 2016


...................................

...THE SHELBYVILLE IN CLIMATE SUMMARY FOR MAY 31 2016...

CLIMATE NORMAL PERIOD 1981 TO 2010
CLIMATE RECORD PERIOD 9999 TO 9999


WEATHER ITEM   OBSERVED TIME   NORMAL DEPARTURE LAST
                VALUE   (LST)  VALUE  FROM      YEAR
                                      NORMAL
......................................................
TEMPERATURE (F)
 YESTERDAY
  MAXIMUM         91    222 PM  78     13       70
  MINIMUM         64    534 AM  57      7       55
  AVERAGE         78            68     10       63

PRECIPITATION (IN)
  YESTERDAY        0.08          0.15  -0.07     0.25
  MONTH TO DATE    2.32          5.28  -2.96     2.49
  SINCE MAR 1     11.90         13.03  -1.13    11.02
  SINCE JAN 1     16.54         17.78  -1.24    14.04

DEGREE DAYS
 HEATING
  YESTERDAY        0             2     -2        2
  MONTH TO DATE  134           136     -2       61
  SINCE MAR 1    902          1232   -330     1115
  SINCE JUL 1   4071          5395  -1324     5556

 COOLING
  YESTERDAY       13             4      9        0
  MONTH TO DATE  103            68     35      180
  SINCE MAR 1    123            81     42      188
  SINCE JAN 1    123            81     42      188
......................................................


WIND (MPH)
  HIGHEST WIND SPEED    18   HIGHEST WIND DIRECTION    NE (40)
  HIGHEST GUST SPEED    22   HIGHEST GUST DIRECTION    NE (40)
  AVERAGE WIND SPEED     2.8


SKY COVER
  AVERAGE SKY COVER 0.2


WEATHER CONDITIONS
 THE FOLLOWING WEATHER WAS RECORDED YESTERDAY.
  LIGHT RAIN


RELATIVE HUMIDITY (PERCENT)
 HIGHEST    84           600 AM
 LOWEST     29          1200 PM
 AVERAGE    57

..........................................................


THE SHELBYVILLE IN CLIMATE NORMALS FOR TODAY
                         NORMAL
 MAXIMUM TEMPERATURE (F)   78
 MINIMUM TEMPERATURE (F)   58


SUNRISE AND SUNSET
JUNE  1 2016..........SUNRISE   618 AM EDT   SUNSET   905 PM EDT
JUNE  2 2016..........SUNRISE   617 AM EDT   SUNSET   906 PM EDT


-  INDICATES NEGATIVE NUMBERS.
R  INDICATES RECORD WAS SET OR TIED.
MM INDICATES DATA IS MISSING.
T  INDICATES TRACE AMOUNT.




$$
