000
CDUS43 KIND 302033
CLIGEZ


CLIMATE REPORT
NATIONAL WEATHER SERVICE INDIANAPOLIS IN
432 PM EDT SAT MAY 30 2015


...................................

...THE SHELBYVILLE IN CLIMATE SUMMARY FOR MAY 30 2015...
VALID TODAY AS OF 0400 PM LOCAL TIME.

CLIMATE NORMAL PERIOD 1981 TO 2010
CLIMATE RECORD PERIOD 9999 TO 9999


WEATHER ITEM   OBSERVED TIME   NORMAL DEPARTURE LAST
                VALUE   (LST)  VALUE  FROM      YEAR
                                      NORMAL
......................................................
TEMPERATURE (F)
 TODAY
  MAXIMUM         87    259 PM  78      9       89
  MINIMUM         69    539 AM  57     12       64
  AVERAGE         78            67     11       77

PRECIPITATION (IN)
  TODAY            0.07          0.14  -0.07     0.00
  MONTH TO DATE    1.87          5.13  -3.26     4.15
  SINCE MAR 1     10.40         12.88  -2.48    11.61
  SINCE JAN 1     13.42         17.63  -4.21    15.49

......................................................


WIND (MPH)
  HIGHEST WIND SPEED    26   HIGHEST WIND DIRECTION     S (190)
  HIGHEST GUST SPEED    33   HIGHEST GUST DIRECTION     S (190)
  AVERAGE WIND SPEED    11.5


SKY COVER
  AVERAGE SKY COVER 0.2


WEATHER CONDITIONS
 THE FOLLOWING WEATHER WAS RECORDED TODAY.
  HEAVY RAIN
  HAZE


RELATIVE HUMIDITY (PERCENT)
 HIGHEST    90           600 AM
 LOWEST     51           300 PM

..........................................................


THE SHELBYVILLE IN CLIMATE NORMALS FOR TOMORROW
                         NORMAL
 MAXIMUM TEMPERATURE (F)   78
 MINIMUM TEMPERATURE (F)   57


SUNRISE AND SUNSET
MAY 30 2015...........SUNRISE   619 AM EDT   SUNSET   903 PM EDT
MAY 31 2015...........SUNRISE   618 AM EDT   SUNSET   904 PM EDT


-  INDICATES NEGATIVE NUMBERS.
R  INDICATES RECORD WAS SET OR TIED.
MM INDICATES DATA IS MISSING.
T  INDICATES TRACE AMOUNT.




$$
