000
CDUS43 KFGF 260640
CLIGFK


CLIMATE REPORT
NATIONAL WEATHER SERVICE EASTERN NORTH DAKOTA/GRAND FORKS
1238 AM CST FRI DEC 26 2014


...................................

...THE GRAND FORKS INTL AP ND CLIMATE SUMMARY FOR DECEMBER 25 2014...

CLIMATE NORMAL PERIOD 1981 TO 2010
CLIMATE RECORD PERIOD 1941 TO 2014


WEATHER ITEM   OBSERVED TIME   RECORD YEAR NORMAL DEPARTURE LAST
                VALUE   (LST)  VALUE       VALUE  FROM      YEAR
                                                  NORMAL
..................................................................
TEMPERATURE (F)
 YESTERDAY
  MAXIMUM         29    204 PM  45    1999  18     11       21
  MINIMUM         23    633 AM -28    1948   0     23       13
  AVERAGE         26                         9     17       17

PRECIPITATION (IN)
  YESTERDAY        0.00          0.21 1970   0.02  -0.02     0.02
  MONTH TO DATE    0.21                      0.49  -0.28     0.78
  SINCE DEC 1      0.21                      0.49  -0.28     0.78
  SINCE JAN 1     22.86                     20.69   2.17    19.61

SNOWFALL (IN)
  YESTERDAY        0.0           5.4  2009   0.4   -0.4      0.9
  MONTH TO DATE    1.1                       8.5   -7.4     21.8
  SINCE DEC 1      1.1                       8.5   -7.4     21.8
  SINCE JUL 1      5.1                      17.7  -12.6     23.4
  SNOW DEPTH       T

DEGREE DAYS
 HEATING
  YESTERDAY       39                        56    -17       48
  MONTH TO DATE 1088                      1317   -229     1617
  SINCE DEC 1   1088                      1317   -229     1617
  SINCE JUL 1   3232                      3516   -284     3728

 COOLING
  YESTERDAY        0                         0      0        0
  MONTH TO DATE    0                         0      0        0
  SINCE DEC 1      0                         0      0        0
  SINCE JAN 1    395                       379     16      487
..................................................................


WIND (MPH)
  HIGHEST WIND SPEED    20   HIGHEST WIND DIRECTION     N (350)
  HIGHEST GUST SPEED    23   HIGHEST GUST DIRECTION     N (340)
  AVERAGE WIND SPEED    10.0


SKY COVER
  POSSIBLE SUNSHINE  MM
  AVERAGE SKY COVER 0.9


WEATHER CONDITIONS
 THE FOLLOWING WEATHER WAS RECORDED YESTERDAY.
  NO SIGNIFICANT WEATHER WAS OBSERVED.


RELATIVE HUMIDITY (PERCENT)
 HIGHEST    92          1200 AM
 LOWEST     75           300 PM
 AVERAGE    84

..........................................................


THE GRAND FORKS INTL AP ND CLIMATE NORMALS FOR TODAY
                         NORMAL    RECORD    YEAR
 MAXIMUM TEMPERATURE (F)   17        49      2011
 MINIMUM TEMPERATURE (F)   -1       -27      1990
                                             1964


SUNRISE AND SUNSET
DECEMBER 26 2014......SUNRISE   818 AM CST   SUNSET   441 PM CST
DECEMBER 27 2014......SUNRISE   818 AM CST   SUNSET   442 PM CST


-  INDICATES NEGATIVE NUMBERS.
R  INDICATES RECORD WAS SET OR TIED.
MM INDICATES DATA IS MISSING.
T  INDICATES TRACE AMOUNT.




$$
