574
CDUS43 KFGF 160648
CLIGFK


CLIMATE REPORT
NATIONAL WEATHER SERVICE EASTERN NORTH DAKOTA/GRAND FORKS
144 AM CDT WED AUG 16 2017


...................................

...THE GRAND FORKS INTL AP ND CLIMATE SUMMARY FOR AUGUST 15 2017...

CLIMATE NORMAL PERIOD 1981 TO 2010
CLIMATE RECORD PERIOD 1948 TO 2017


WEATHER ITEM   OBSERVED TIME   RECORD YEAR NORMAL DEPARTURE LAST
                VALUE   (LST)  VALUE       VALUE  FROM      YEAR
                                                  NORMAL
..................................................................
TEMPERATURE (F)
 YESTERDAY
  MAXIMUM         78   1220 PM  96    1956  81     -3       84
  MINIMUM         54    521 AM  36    1979  55     -1       60
  AVERAGE         66                        68     -2       72

PRECIPITATION (IN)
  YESTERDAY        T             1.44 1949   0.10  -0.10     0.01
  MONTH TO DATE    0.62                      1.37  -0.75     2.42
  SINCE JUN 1      6.36                      8.00  -1.64    11.02
  SINCE JAN 1     10.51                     13.72  -3.21    17.41

SNOWFALL (IN)
  YESTERDAY        0.0          MM      MM   0.0    0.0      0.0
  MONTH TO DATE    0.0                       0.0    0.0      0.0
  SINCE JUN 1      0.0                       0.0    0.0      0.0
  SINCE JUL 1      0.0                       0.0    0.0      0.0
  SNOW DEPTH       0

DEGREE DAYS
 HEATING
  YESTERDAY        0                         1     -1        0
  MONTH TO DATE    2                        15    -13        0
  SINCE JUN 1     55                       146    -91       66
  SINCE JUL 1     10                        43    -33       12

 COOLING
  YESTERDAY        1                         4     -3        7
  MONTH TO DATE   26                        71    -45       89
  SINCE JUN 1    337                       287     50      334
  SINCE JAN 1    339                       304     35      356
..................................................................


WIND (MPH)
  HIGHEST WIND SPEED    17   HIGHEST WIND DIRECTION     S (190)
  HIGHEST GUST SPEED    20   HIGHEST GUST DIRECTION     S (180)
  AVERAGE WIND SPEED     6.4


SKY COVER
  POSSIBLE SUNSHINE  MM
  AVERAGE SKY COVER 0.7


WEATHER CONDITIONS
 THE FOLLOWING WEATHER WAS RECORDED YESTERDAY.
  LIGHT RAIN
  FOG


RELATIVE HUMIDITY (PERCENT)
 HIGHEST   100           400 AM
 LOWEST     56          1200 PM
 AVERAGE    78

..........................................................


THE GRAND FORKS INTL AP ND CLIMATE NORMALS FOR TODAY
                         NORMAL    RECORD    YEAR
 MAXIMUM TEMPERATURE (F)   81        96      1961
 MINIMUM TEMPERATURE (F)   54        42      2007


SUNRISE AND SUNSET
AUGUST 16 2017........SUNRISE   625 AM CDT   SUNSET   839 PM CDT
AUGUST 17 2017........SUNRISE   627 AM CDT   SUNSET   838 PM CDT


-  INDICATES NEGATIVE NUMBERS.
R  INDICATES RECORD WAS SET OR TIED.
MM INDICATES DATA IS MISSING.
T  INDICATES TRACE AMOUNT.




$$
