000
CDUS43 KFGF 270642
CLIGFK


CLIMATE REPORT
NATIONAL WEATHER SERVICE EASTERN NORTH DAKOTA/GRAND FORKS
1239 AM CST FRI FEB 27 2015


...................................

...THE GRAND FORKS INTL AP ND CLIMATE SUMMARY FOR FEBRUARY 26 2015...

CLIMATE NORMAL PERIOD 1981 TO 2010
CLIMATE RECORD PERIOD 1941 TO 2015


WEATHER ITEM   OBSERVED TIME   RECORD YEAR NORMAL DEPARTURE LAST
                VALUE   (LST)  VALUE       VALUE  FROM      YEAR
                                                  NORMAL
..................................................................
TEMPERATURE (F)
 YESTERDAY
  MAXIMUM          9    429 PM  46    1958  26    -17       13
  MINIMUM        -18    729 AM -20    1964   7    -25      -17
                                      1962
  AVERAGE         -4                        16    -20       -2

PRECIPITATION (IN)
  YESTERDAY        0.00          0.71 2000   0.03  -0.03     0.02
  MONTH TO DATE    0.40                      0.47  -0.07     0.41
  SINCE DEC 1      1.04                      1.63  -0.59     1.89
  SINCE JAN 1      0.82                      1.02  -0.20     1.07

SNOWFALL (IN)
  YESTERDAY        0.0          MM      MM   0.3   -0.3       T
  MONTH TO DATE    4.7                       6.1   -1.4      5.4
  SINCE DEC 1     10.3                      27.5  -17.2     44.1
  SINCE JUL 1     14.3                      36.7  -22.4     45.7
  SNOW DEPTH       3

DEGREE DAYS
 HEATING
  YESTERDAY       69                        49     20       67
  MONTH TO DATE 1582                      1387    195     1647
  SINCE DEC 1   4656                      4854   -198     5632
  SINCE JUL 1   6800                      7053   -253     7743

 COOLING
  YESTERDAY        0                         0      0        0
  MONTH TO DATE    0                         0      0        0
  SINCE DEC 1      0                         0      0        0
  SINCE JAN 1      0                         0      0        0
..................................................................


WIND (MPH)
  HIGHEST WIND SPEED    15   HIGHEST WIND DIRECTION     N (340)
  HIGHEST GUST SPEED    20   HIGHEST GUST DIRECTION     N (340)
  AVERAGE WIND SPEED     8.3


SKY COVER
  POSSIBLE SUNSHINE  MM
  AVERAGE SKY COVER 0.1


WEATHER CONDITIONS
 THE FOLLOWING WEATHER WAS RECORDED YESTERDAY.
  NO SIGNIFICANT WEATHER WAS OBSERVED.


RELATIVE HUMIDITY (PERCENT)
 HIGHEST    83          1000 PM
 LOWEST     55           500 PM
 AVERAGE    69

..........................................................


THE GRAND FORKS INTL AP ND CLIMATE NORMALS FOR TODAY
                         NORMAL    RECORD    YEAR
 MAXIMUM TEMPERATURE (F)   26        46      1992
 MINIMUM TEMPERATURE (F)    7       -29      2014


SUNRISE AND SUNSET
FEBRUARY 27 2015......SUNRISE   714 AM CST   SUNSET   610 PM CST
FEBRUARY 28 2015......SUNRISE   712 AM CST   SUNSET   611 PM CST


-  INDICATES NEGATIVE NUMBERS.
R  INDICATES RECORD WAS SET OR TIED.
MM INDICATES DATA IS MISSING.
T  INDICATES TRACE AMOUNT.




$$
