000
CDUS43 KFGF 232229
CLIGFK


CLIMATE REPORT
NATIONAL WEATHER SERVICE EASTERN NORTH DAKOTA/GRAND FORKS
529 PM CDT THU MAR 23 2017


...................................

...THE GRAND FORKS INTL AP ND CLIMATE SUMMARY FOR MARCH 23 2017...
VALID TODAY AS OF 0400 PM LOCAL TIME.

CLIMATE NORMAL PERIOD 1981 TO 2010
CLIMATE RECORD PERIOD 1941 TO 2017


WEATHER ITEM   OBSERVED TIME   RECORD YEAR NORMAL DEPARTURE LAST
                VALUE   (LST)  VALUE       VALUE  FROM      YEAR
                                                  NORMAL
..................................................................
TEMPERATURE (F)
 TODAY
  MAXIMUM         37   1015 AM  67    1945  38     -1       40
  MINIMUM         33    635 AM -21    1974  20     13       22
  AVERAGE         35                        29      6       31

PRECIPITATION (IN)
  TODAY            0.46          0.55 2012   0.03   0.43     0.00
  MONTH TO DATE    0.77                      0.71   0.06     0.53
  SINCE MAR 1      0.77                      0.71   0.06     0.53
  SINCE JAN 1      1.62                      1.78  -0.16     1.11

SNOWFALL (IN)
  TODAY            0.0           3.7  1964   0.2   -0.2      0.0
  MONTH TO DATE    0.2                       6.0   -5.8      1.9
  SINCE MAR 1      0.2                       6.0   -5.8      1.9
  SINCE JUL 1     38.5                      43.2   -4.7     27.8
  SNOW DEPTH       0

DEGREE DAYS
 HEATING
  TODAY           30                        36     -6       34
  MONTH TO DATE  964                       968     -4      669
  SINCE MAR 1    964                       968     -4      669
  SINCE JUL 1   6933                      8118  -1185     6648

 COOLING
  TODAY            0                         0      0        0
  MONTH TO DATE    0                         0      0        0
  SINCE MAR 1      0                         0      0        0
  SINCE JAN 1      0                         0      0        0
..................................................................


WIND (MPH)
  HIGHEST WIND SPEED    23   HIGHEST WIND DIRECTION     S (170)
  HIGHEST GUST SPEED    28   HIGHEST GUST DIRECTION     S (170)
  AVERAGE WIND SPEED    13.3


SKY COVER
  POSSIBLE SUNSHINE  MM
  AVERAGE SKY COVER 0.7


WEATHER CONDITIONS
 THE FOLLOWING WEATHER WAS RECORDED TODAY.
  RAIN
  LIGHT RAIN
  FOG


RELATIVE HUMIDITY (PERCENT)
 HIGHEST   100           100 PM
 LOWEST     59           800 AM
 AVERAGE    80

..........................................................


THE GRAND FORKS INTL AP ND CLIMATE NORMALS FOR TOMORROW
                         NORMAL    RECORD    YEAR
 MAXIMUM TEMPERATURE (F)   39        68      1945
 MINIMUM TEMPERATURE (F)   20       -21      1974


SUNRISE AND SUNSET
MARCH 23 2017.........SUNRISE   725 AM CDT   SUNSET   746 PM CDT
MARCH 24 2017.........SUNRISE   723 AM CDT   SUNSET   748 PM CDT


-  INDICATES NEGATIVE NUMBERS.
R  INDICATES RECORD WAS SET OR TIED.
MM INDICATES DATA IS MISSING.
T  INDICATES TRACE AMOUNT.




$$
