000
CDUS43 KFGF 040632
CLIGFK


CLIMATE REPORT
NATIONAL WEATHER SERVICE EASTERN NORTH DAKOTA/GRAND FORKS
132 AM CDT TUE AUG 4 2015


...................................

...THE GRAND FORKS INTL AP ND CLIMATE SUMMARY FOR AUGUST 3 2015...

CLIMATE NORMAL PERIOD 1981 TO 2010
CLIMATE RECORD PERIOD 1941 TO 2015


WEATHER ITEM   OBSERVED TIME   RECORD YEAR NORMAL DEPARTURE LAST
                VALUE   (LST)  VALUE       VALUE  FROM      YEAR
                                                  NORMAL
..................................................................
TEMPERATURE (F)
 YESTERDAY
  MAXIMUM         79    405 PM 103    1989  82     -3       79
  MINIMUM         48    516 AM  33    1972  56     -8       55
  AVERAGE         64                        69     -5       67

PRECIPITATION (IN)
  YESTERDAY        0.00          0.84 1985   0.09  -0.09     0.00
  MONTH TO DATE    0.02                      0.26  -0.24     0.06
  SINCE JUN 1      7.63                      6.89   0.74    10.36
  SINCE JAN 1     13.94                     12.61   1.33    17.54

SNOWFALL (IN)
  YESTERDAY        0.0          MM      MM   0.0    0.0      0.0
  MONTH TO DATE    0.0                       0.0    0.0      0.0
  SINCE JUN 1      0.0                       0.0    0.0      0.0
  SINCE JUL 1      0.0                       0.0    0.0      0.0
  SNOW DEPTH       0

DEGREE DAYS
 HEATING
  YESTERDAY        1                         1      0        0
  MONTH TO DATE    1                         3     -2        0
  SINCE JUN 1     73                       134    -61       75
  SINCE JUL 1     15                        31    -16       29

 COOLING
  YESTERDAY        0                         5     -5        2
  MONTH TO DATE    6                        15     -9       14
  SINCE JUN 1    266                       231     35      192
  SINCE JAN 1    272                       248     24      245
..................................................................


WIND (MPH)
  HIGHEST WIND SPEED    20   HIGHEST WIND DIRECTION     N (340)
  HIGHEST GUST SPEED    25   HIGHEST GUST DIRECTION     N (340)
  AVERAGE WIND SPEED     8.0


SKY COVER
  POSSIBLE SUNSHINE  MM
  AVERAGE SKY COVER 0.1


WEATHER CONDITIONS
 THE FOLLOWING WEATHER WAS RECORDED YESTERDAY.
  NO SIGNIFICANT WEATHER WAS OBSERVED.


RELATIVE HUMIDITY (PERCENT)
 HIGHEST    93           300 AM
 LOWEST     30           500 PM
 AVERAGE    62

..........................................................


THE GRAND FORKS INTL AP ND CLIMATE NORMALS FOR TODAY
                         NORMAL    RECORD    YEAR
 MAXIMUM TEMPERATURE (F)   82       102      1947
 MINIMUM TEMPERATURE (F)   56        41      1972


SUNRISE AND SUNSET
AUGUST  4 2015........SUNRISE   609 AM CDT   SUNSET   900 PM CDT
AUGUST  5 2015........SUNRISE   610 AM CDT   SUNSET   859 PM CDT


-  INDICATES NEGATIVE NUMBERS.
R  INDICATES RECORD WAS SET OR TIED.
MM INDICATES DATA IS MISSING.
T  INDICATES TRACE AMOUNT.




$$
