000
CDUS43 KFGF 300637
CLIGFK


CLIMATE REPORT
NATIONAL WEATHER SERVICE EASTERN NORTH DAKOTA/GRAND FORKS
132 AM CDT TUE JUN 30 2015


...................................

...THE GRAND FORKS INTL AP ND CLIMATE SUMMARY FOR JUNE 29 2015...

CLIMATE NORMAL PERIOD 1981 TO 2010
CLIMATE RECORD PERIOD 1941 TO 2015


WEATHER ITEM   OBSERVED TIME   RECORD YEAR NORMAL DEPARTURE LAST
                VALUE   (LST)  VALUE       VALUE  FROM      YEAR
                                                  NORMAL
..................................................................
TEMPERATURE (F)
 YESTERDAY
  MAXIMUM         78    148 PM  96    2002  79     -1       76
  MINIMUM         57   1159 PM  37    1943  55      2       63
  AVERAGE         68                        67      1       70

PRECIPITATION (IN)
  YESTERDAY        0.00          3.80 1909   0.12  -0.12      T
  MONTH TO DATE    2.51                      3.36  -0.85     6.50
  SINCE JUN 1      2.51                      3.36  -0.85     6.50
  SINCE JAN 1      8.82                      9.08  -0.26    13.68

SNOWFALL (IN)
  YESTERDAY        0.0          MM      MM   0.0    0.0      0.0
  MONTH TO DATE    0.0                       0.0    0.0      0.0
  SINCE JUN 1      0.0                       0.0    0.0      0.0
  SINCE JUL 1     17.0                      47.4  -30.4     60.3
  SNOW DEPTH       0

DEGREE DAYS
 HEATING
  YESTERDAY        0                         2     -2        0
  MONTH TO DATE   58                       103    -45       46
  SINCE JUN 1     58                       103    -45       46
  SINCE JUL 1   9006                      9515   -509    10587

 COOLING
  YESTERDAY        3                         4     -1        5
  MONTH TO DATE   65                        71     -6       64
  SINCE JUN 1     65                        71     -6       64
  SINCE JAN 1     71                        88    -17      117
..................................................................


WIND (MPH)
  HIGHEST WIND SPEED    13   HIGHEST WIND DIRECTION     N (340)
  HIGHEST GUST SPEED    17   HIGHEST GUST DIRECTION    NW (330)
  AVERAGE WIND SPEED     8.1


SKY COVER
  POSSIBLE SUNSHINE  MM
  AVERAGE SKY COVER 0.7


WEATHER CONDITIONS
 THE FOLLOWING WEATHER WAS RECORDED YESTERDAY.
  FOG


RELATIVE HUMIDITY (PERCENT)
 HIGHEST    93           100 AM
 LOWEST     60           100 PM
 AVERAGE    77

..........................................................


THE GRAND FORKS INTL AP ND CLIMATE NORMALS FOR TODAY
                         NORMAL    RECORD    YEAR
 MAXIMUM TEMPERATURE (F)   79        96      1970
                                             2011
 MINIMUM TEMPERATURE (F)   55        41      1960
                                             1965
                                             2001


SUNRISE AND SUNSET
JUNE 30 2015..........SUNRISE   533 AM CDT   SUNSET   932 PM CDT
JULY  1 2015..........SUNRISE   533 AM CDT   SUNSET   931 PM CDT


-  INDICATES NEGATIVE NUMBERS.
R  INDICATES RECORD WAS SET OR TIED.
MM INDICATES DATA IS MISSING.
T  INDICATES TRACE AMOUNT.




$$
