526
CDUS43 KFGF 210635
CLIGFK


CLIMATE REPORT
NATIONAL WEATHER SERVICE EASTERN NORTH DAKOTA/GRAND FORKS
1233 AM CST WED FEB 21 2018


...................................

...THE GRAND FORKS INTL AP ND CLIMATE SUMMARY FOR FEBRUARY 20 2018...

CLIMATE NORMAL PERIOD 1981 TO 2010
CLIMATE RECORD PERIOD 1948 TO 2018


WEATHER ITEM   OBSERVED TIME   RECORD YEAR NORMAL DEPARTURE LAST
                VALUE   (LST)  VALUE       VALUE  FROM      YEAR
                                                  NORMAL
..................................................................
TEMPERATURE (F)
 YESTERDAY
  MAXIMUM         13    242 PM  51    2000  23    -10       41
  MINIMUM          0    844 PM -33    2008   4     -4       30
  AVERAGE          7                        14     -7       36

PRECIPITATION (IN)
  YESTERDAY        0.05          1.20 1955   0.02   0.03     0.18
  MONTH TO DATE    0.21                      0.32  -0.11     0.33
  SINCE DEC 1      1.48                      1.48   0.00     2.39
  SINCE JAN 1      0.71                      0.87  -0.16     0.78

SNOWFALL (IN)
  YESTERDAY        0.9           7.0  1955   0.2    0.7      0.0
  MONTH TO DATE    6.0                       4.4    1.6      3.7
  SINCE DEC 1     23.5                      25.8   -2.3     36.2
  SINCE JUL 1     33.7                      35.0   -1.3     37.3
  SNOW DEPTH       8

DEGREE DAYS
 HEATING
  YESTERDAY       58                        51      7       29
  MONTH TO DATE 1231                      1088    143      915
  SINCE DEC 1   4583                      4555     28     4160
  SINCE JUL 1   6568                      6754   -186     5628

 COOLING
  YESTERDAY        0                         0      0        0
  MONTH TO DATE    0                         0      0        0
  SINCE DEC 1      0                         0      0        0
  SINCE JAN 1      0                         0      0        0
..................................................................


WIND (MPH)
  HIGHEST WIND SPEED    20   HIGHEST WIND DIRECTION    NW (330)
  HIGHEST GUST SPEED    25   HIGHEST GUST DIRECTION    NW (330)
  AVERAGE WIND SPEED    13.3


SKY COVER
  POSSIBLE SUNSHINE  MM
  AVERAGE SKY COVER 0.8


WEATHER CONDITIONS
 THE FOLLOWING WEATHER WAS RECORDED YESTERDAY.
  LIGHT SNOW
  FOG


RELATIVE HUMIDITY (PERCENT)
 HIGHEST    87           400 AM
 LOWEST     61           400 PM
 AVERAGE    74

..........................................................


THE GRAND FORKS INTL AP ND CLIMATE NORMALS FOR TODAY
                         NORMAL    RECORD    YEAR
 MAXIMUM TEMPERATURE (F)   24        49      2000
 MINIMUM TEMPERATURE (F)    5       -30      1956


SUNRISE AND SUNSET
FEBRUARY 21 2018......SUNRISE   724 AM CST   SUNSET   601 PM CST
FEBRUARY 22 2018......SUNRISE   723 AM CST   SUNSET   603 PM CST


-  INDICATES NEGATIVE NUMBERS.
R  INDICATES RECORD WAS SET OR TIED.
MM INDICATES DATA IS MISSING.
T  INDICATES TRACE AMOUNT.




$$
