000
CDUS43 KFGF 270656
CLIGFK


CLIMATE REPORT
NATIONAL WEATHER SERVICE EASTERN NORTH DAKOTA/GRAND FORKS
1253 AM CST MON FEB 27 2017


...................................

...THE GRAND FORKS INTL AP ND CLIMATE SUMMARY FOR FEBRUARY 26 2017...

CLIMATE NORMAL PERIOD 1981 TO 2010
CLIMATE RECORD PERIOD 1941 TO 2017


WEATHER ITEM   OBSERVED TIME   RECORD YEAR NORMAL DEPARTURE LAST
                VALUE   (LST)  VALUE       VALUE  FROM      YEAR
                                                  NORMAL
..................................................................
TEMPERATURE (F)
 YESTERDAY
  MAXIMUM         20    223 PM  46    1958  26     -6       44
  MINIMUM          1    748 AM -20    1964   7     -6       21
                                      1962
  AVERAGE         11                        16     -5       33

PRECIPITATION (IN)
  YESTERDAY        0.05          0.71 2000   0.03   0.02     0.00
  MONTH TO DATE    0.40                      0.47  -0.07     0.26
  SINCE DEC 1      2.46                      1.63   0.83     1.64
  SINCE JAN 1      0.85                      1.02  -0.17     0.58

SNOWFALL (IN)
  YESTERDAY        1.0           4.7  1949   0.3    0.7      0.0
  MONTH TO DATE    4.7                       6.1   -1.4      2.6
  SINCE DEC 1     37.2                      27.5    9.7     23.2
  SINCE JUL 1     38.3                      36.7    1.6     25.9
  SNOW DEPTH       1

DEGREE DAYS
 HEATING
  YESTERDAY       54                        49      5       32
  MONTH TO DATE 1159                      1387   -228     1134
  SINCE DEC 1   4404                      4854   -450     4191
  SINCE JUL 1   5872                      7053  -1181     5856

 COOLING
  YESTERDAY        0                         0      0        0
  MONTH TO DATE    0                         0      0        0
  SINCE DEC 1      0                         0      0        0
  SINCE JAN 1      0                         0      0        0
..................................................................


WIND (MPH)
  HIGHEST WIND SPEED    15   HIGHEST WIND DIRECTION     N (10)
  HIGHEST GUST SPEED    17   HIGHEST GUST DIRECTION     N (360)
  AVERAGE WIND SPEED     8.5


SKY COVER
  POSSIBLE SUNSHINE  MM
  AVERAGE SKY COVER 0.3


WEATHER CONDITIONS
 THE FOLLOWING WEATHER WAS RECORDED YESTERDAY.
  SNOW
  LIGHT SNOW


RELATIVE HUMIDITY (PERCENT)
 HIGHEST    79           600 AM
 LOWEST     49           200 PM
 AVERAGE    64

..........................................................


THE GRAND FORKS INTL AP ND CLIMATE NORMALS FOR TODAY
                         NORMAL    RECORD    YEAR
 MAXIMUM TEMPERATURE (F)   26        46      1992
 MINIMUM TEMPERATURE (F)    7       -29      2014


SUNRISE AND SUNSET
FEBRUARY 27 2017......SUNRISE   713 AM CST   SUNSET   611 PM CST
FEBRUARY 28 2017......SUNRISE   711 AM CST   SUNSET   612 PM CST


-  INDICATES NEGATIVE NUMBERS.
R  INDICATES RECORD WAS SET OR TIED.
MM INDICATES DATA IS MISSING.
T  INDICATES TRACE AMOUNT.




$$
