000
CDUS43 KFGF 080729
CLIGFK


CLIMATE REPORT
NATIONAL WEATHER SERVICE EASTERN NORTH DAKOTA/GRAND FORKS
129 AM CST MON FEB 8 2016


...................................

...THE GRAND FORKS INTL AP ND CLIMATE SUMMARY FOR FEBRUARY 7 2016...

CLIMATE NORMAL PERIOD 1981 TO 2010
CLIMATE RECORD PERIOD 1941 TO 2016


WEATHER ITEM   OBSERVED TIME   RECORD YEAR NORMAL DEPARTURE LAST
                VALUE   (LST)  VALUE       VALUE  FROM      YEAR
                                                  NORMAL
..................................................................
TEMPERATURE (F)
 YESTERDAY
  MAXIMUM         38   1247 AM  55    1991  20     18       31
  MINIMUM         14   1148 PM -29    1994  -1     15       13
  AVERAGE         26                         9     17       22

PRECIPITATION (IN)
  YESTERDAY        0.12          0.22 1981   0.01   0.11     0.00
  MONTH TO DATE    0.14                      0.10   0.04     0.02
  SINCE DEC 1      1.52                      1.26   0.26     0.66
  SINCE JAN 1      0.46                      0.65  -0.19     0.44

SNOWFALL (IN)
  YESTERDAY        0.8          MM      MM   0.2    0.6      0.0
  MONTH TO DATE    1.3                       1.6   -0.3      0.3
  SINCE DEC 1     21.9                      23.0   -1.1      5.9
  SINCE JUL 1     24.6                      32.2   -7.6      9.9
  SNOW DEPTH       1

DEGREE DAYS
 HEATING
  YESTERDAY       39                        56    -17       43
  MONTH TO DATE  288                       395   -107      389
  SINCE DEC 1   3345                      3862   -517     3463
  SINCE JUL 1   5010                      6061  -1051     5607

 COOLING
  YESTERDAY        0                         0      0        0
  MONTH TO DATE    0                         0      0        0
  SINCE DEC 1      0                         0      0        0
  SINCE JAN 1      0                         0      0        0
..................................................................


WIND (MPH)
  HIGHEST WIND SPEED    40   HIGHEST WIND DIRECTION    NW (330)
  HIGHEST GUST SPEED    51   HIGHEST GUST DIRECTION    NW (320)
  AVERAGE WIND SPEED    26.1


SKY COVER
  POSSIBLE SUNSHINE  MM
  AVERAGE SKY COVER 1.0


WEATHER CONDITIONS
 THE FOLLOWING WEATHER WAS RECORDED YESTERDAY.
  LIGHT RAIN
  SNOW
  LIGHT SNOW
  FOG
  HAZE
  BLOWING SNOW


RELATIVE HUMIDITY (PERCENT)
 HIGHEST    89           400 AM
 LOWEST     67           900 PM
 AVERAGE    78

..........................................................


THE GRAND FORKS INTL AP ND CLIMATE NORMALS FOR TODAY
                         NORMAL    RECORD    YEAR
 MAXIMUM TEMPERATURE (F)   20        49      2000
 MINIMUM TEMPERATURE (F)   -1       -30      1979
                                             1948


SUNRISE AND SUNSET
FEBRUARY  8 2016......SUNRISE   747 AM CST   SUNSET   539 PM CST
FEBRUARY  9 2016......SUNRISE   745 AM CST   SUNSET   541 PM CST


-  INDICATES NEGATIVE NUMBERS.
R  INDICATES RECORD WAS SET OR TIED.
MM INDICATES DATA IS MISSING.
T  INDICATES TRACE AMOUNT.




$$
