000
CDUS43 KFGF 180640
CLIGFK


CLIMATE REPORT
NATIONAL WEATHER SERVICE EASTERN NORTH DAKOTA/GRAND FORKS
1240 AM CST WED JAN 18 2017


...................................

...THE GRAND FORKS INTL AP ND CLIMATE SUMMARY FOR JANUARY 17 2017...

CLIMATE NORMAL PERIOD 1981 TO 2010
CLIMATE RECORD PERIOD 1941 TO 2017


WEATHER ITEM   OBSERVED TIME   RECORD YEAR NORMAL DEPARTURE LAST
                VALUE   (LST)  VALUE       VALUE  FROM      YEAR
                                                  NORMAL
..................................................................
TEMPERATURE (F)
 YESTERDAY
  MAXIMUM         23   1159 PM  39    2015  16      7       -2
  MINIMUM          0    546 AM -37    2005  -4      4      -23
  AVERAGE         12                         6      6      -12

PRECIPITATION (IN)
  YESTERDAY        0.00          0.32 1996   0.02  -0.02     0.00
  MONTH TO DATE    0.42                      0.32   0.10     0.28
  SINCE DEC 1      2.03                      0.93   1.10     1.34
  SINCE JAN 1      0.42                      0.32   0.10     0.28

SNOWFALL (IN)
  YESTERDAY        0.0          13.5  1996   0.3   -0.3      0.0
  MONTH TO DATE    7.1                       6.2    0.9      4.3
  SINCE DEC 1     32.2                      16.9   15.3     19.6
  SINCE JUL 1     33.3                      26.1    7.2     22.3
  SNOW DEPTH      10

DEGREE DAYS
 HEATING
  YESTERDAY       53                        59     -6       77
  MONTH TO DATE 1114                       995    119     1020
  SINCE DEC 1   2718                      2655     63     2408
  SINCE JUL 1   4186                      4854   -668     4073

 COOLING
  YESTERDAY        0                         0      0        0
  MONTH TO DATE    0                         0      0        0
  SINCE DEC 1      0                         0      0        0
  SINCE JAN 1      0                         0      0        0
..................................................................


WIND (MPH)
  HIGHEST WIND SPEED    23   HIGHEST WIND DIRECTION     S (180)
  HIGHEST GUST SPEED    27   HIGHEST GUST DIRECTION     S (180)
  AVERAGE WIND SPEED    12.3


SKY COVER
  POSSIBLE SUNSHINE  MM
  AVERAGE SKY COVER 0.3


WEATHER CONDITIONS
 THE FOLLOWING WEATHER WAS RECORDED YESTERDAY.
  NO SIGNIFICANT WEATHER WAS OBSERVED.


RELATIVE HUMIDITY (PERCENT)
 HIGHEST    87          1200 AM
 LOWEST     71           200 PM
 AVERAGE    79

..........................................................


THE GRAND FORKS INTL AP ND CLIMATE NORMALS FOR TODAY
                         NORMAL    RECORD    YEAR
 MAXIMUM TEMPERATURE (F)   16        40      1991
 MINIMUM TEMPERATURE (F)   -4       -34      1970


SUNRISE AND SUNSET
JANUARY 18 2017.......SUNRISE   811 AM CST   SUNSET   508 PM CST
JANUARY 19 2017.......SUNRISE   810 AM CST   SUNSET   509 PM CST


-  INDICATES NEGATIVE NUMBERS.
R  INDICATES RECORD WAS SET OR TIED.
MM INDICATES DATA IS MISSING.
T  INDICATES TRACE AMOUNT.




$$
