000
CDUS43 KFGF 280658
CLIGFK


CLIMATE REPORT
NATIONAL WEATHER SERVICE EASTERN NORTH DAKOTA/GRAND FORKS
157 AM CDT FRI APR 28 2017


...................................

...THE GRAND FORKS INTL AP ND CLIMATE SUMMARY FOR APRIL 27 2017...

CLIMATE NORMAL PERIOD 1981 TO 2010
CLIMATE RECORD PERIOD 1941 TO 2017


WEATHER ITEM   OBSERVED TIME   RECORD YEAR NORMAL DEPARTURE LAST
                VALUE   (LST)  VALUE       VALUE  FROM      YEAR
                                                  NORMAL
..................................................................
TEMPERATURE (F)
 YESTERDAY
  MAXIMUM         47    311 PM  95    1952  61    -14       59
  MINIMUM         22    614 AM  15    1956  35    -13       35
  AVERAGE         35                        48    -13       47

PRECIPITATION (IN)
  YESTERDAY        T             0.99 1942   0.05  -0.05     0.00
  MONTH TO DATE    1.34                      0.86   0.48     1.56
  SINCE MAR 1      2.19                      1.82   0.37     2.11
  SINCE JAN 1      3.04                      2.89   0.15     2.69

SNOWFALL (IN)
  YESTERDAY        T             3.0  1966   0.1   -0.1      0.0
  MONTH TO DATE    5.6                       2.5    3.1      0.3
  SINCE MAR 1      5.8                       9.7   -3.9      2.5
  SINCE JUL 1     44.1                      46.9   -2.8     28.4
  SNOW DEPTH       4

DEGREE DAYS
 HEATING
  YESTERDAY       30                        17     13       18
  MONTH TO DATE  568                       645    -77      672
  SINCE MAR 1   1723                      1880   -157     1561
  SINCE JUL 1   7692                      9030  -1338     7540

 COOLING
  YESTERDAY        0                         0      0        0
  MONTH TO DATE    0                         0      0        0
  SINCE MAR 1      0                         0      0        0
  SINCE JAN 1      0                         0      0        0
..................................................................


WIND (MPH)
  HIGHEST WIND SPEED    22   HIGHEST WIND DIRECTION     N (10)
  HIGHEST GUST SPEED    27   HIGHEST GUST DIRECTION     N (350)
  AVERAGE WIND SPEED    12.2


SKY COVER
  POSSIBLE SUNSHINE  MM
  AVERAGE SKY COVER 0.8


WEATHER CONDITIONS
 THE FOLLOWING WEATHER WAS RECORDED YESTERDAY.
  LIGHT SNOW
  FOG


RELATIVE HUMIDITY (PERCENT)
 HIGHEST    92          1200 AM
 LOWEST     58           200 PM
 AVERAGE    75

..........................................................


THE GRAND FORKS INTL AP ND CLIMATE NORMALS FOR TODAY
                         NORMAL    RECORD    YEAR
 MAXIMUM TEMPERATURE (F)   62        91      1952
 MINIMUM TEMPERATURE (F)   35        15      1950


SUNRISE AND SUNSET
APRIL 28 2017.........SUNRISE   615 AM CDT   SUNSET   838 PM CDT
APRIL 29 2017.........SUNRISE   614 AM CDT   SUNSET   839 PM CDT


-  INDICATES NEGATIVE NUMBERS.
R  INDICATES RECORD WAS SET OR TIED.
MM INDICATES DATA IS MISSING.
T  INDICATES TRACE AMOUNT.




$$
