000
CDUS41 KALY 040626
CLIGFL


CLIMATE REPORT
NATIONAL WEATHER SERVICE ALBANY NY
125 AM EST WED MAR 4 2015


...................................

...THE GLENS FALLS NY CLIMATE SUMMARY FOR MARCH 3 2015...

CLIMATE NORMAL PERIOD 1981 TO 2010
CLIMATE RECORD PERIOD 1949 TO 2015


WEATHER ITEM   OBSERVED TIME   RECORD YEAR NORMAL DEPARTURE LAST
                VALUE   (LST)  VALUE       VALUE  FROM      YEAR
                                                  NORMAL
..................................................................
TEMPERATURE (F)
 YESTERDAY
  MAXIMUM         27   1159 PM  60    2002  37    -10       23
  MINIMUM         -3    659 AM -17    1950  15    -18       -7
  AVERAGE         12                        26    -14        8

PRECIPITATION (IN)
  YESTERDAY        0.04          3.36 1994   0.09  -0.05     0.00
  MONTH TO DATE    0.05                      0.27  -0.22      T
  SINCE MAR 1      0.05                      0.27  -0.22      T
  SINCE JAN 1      2.10                      5.21  -3.11     4.53

DEGREE DAYS
 HEATING
  YESTERDAY       53                        39     14       57
  MONTH TO DATE  150                       118     32      158
  SINCE MAR 1    150                       118     32      158
  SINCE JUL 1   5831                      5738     93     5927

 COOLING
  YESTERDAY        0                         0      0        0
  MONTH TO DATE    0                         0      0        0
  SINCE MAR 1      0                         0      0        0
  SINCE JAN 1      0                         0      0        0
..................................................................


WIND (MPH)
  HIGHEST WIND SPEED    22   HIGHEST WIND DIRECTION    SW (210)
  HIGHEST GUST SPEED    30   HIGHEST GUST DIRECTION     S (200)
  AVERAGE WIND SPEED     6.1


SKY COVER
  AVERAGE SKY COVER 0.4



RELATIVE HUMIDITY (PERCENT)
 HIGHEST    83           700 AM
 LOWEST     45           200 AM
 AVERAGE    64

..........................................................


THE GLENS FALLS NY CLIMATE NORMALS FOR TODAY
                         NORMAL    RECORD    YEAR
 MAXIMUM TEMPERATURE (F)   38        53      1964
 MINIMUM TEMPERATURE (F)   15       -24      1950


SUNRISE AND SUNSET
MARCH  4 2015.........SUNRISE   626 AM EST   SUNSET   547 PM EST
MARCH  5 2015.........SUNRISE   624 AM EST   SUNSET   548 PM EST


-  INDICATES NEGATIVE NUMBERS.
R  INDICATES RECORD WAS SET OR TIED.
MM INDICATES DATA IS MISSING.
T  INDICATES TRACE AMOUNT.




$$
