000
CDUS41 KALY 200626
CLIGFL


CLIMATE REPORT
NATIONAL WEATHER SERVICE ALBANY NY
226 AM EDT WED AUG 20 2014


...................................

...THE GLENS FALLS NY CLIMATE SUMMARY FOR AUGUST 19 2014...

CLIMATE NORMAL PERIOD 1981 TO 2010
CLIMATE RECORD PERIOD 1949 TO 2014


WEATHER ITEM   OBSERVED TIME   RECORD YEAR NORMAL DEPARTURE LAST
                VALUE   (LST)  VALUE       VALUE  FROM      YEAR
                                                  NORMAL
..................................................................
TEMPERATURE (F)
 YESTERDAY
  MAXIMUM         77    404 PM  87    1983  79     -2       80
  MINIMUM         46    511 AM  41    1977  55     -9       54
  AVERAGE         62                        67     -5       67

PRECIPITATION (IN)
  YESTERDAY        0.00          1.53 2008   0.12  -0.12     0.00
  MONTH TO DATE    0.83                      2.42  -1.59     1.89
  SINCE JUN 1     10.93                     10.06   0.87    12.31
  SINCE JAN 1     24.04                     24.55  -0.51    24.24

DEGREE DAYS
 HEATING
  YESTERDAY        3                         1      2        0
  MONTH TO DATE   12                        19     -7       25
  SINCE JUN 1     45                       130    -85      119
  SINCE JUL 1     13                        40    -27       30

 COOLING
  YESTERDAY        0                         3     -3        2
  MONTH TO DATE   51                        73    -22       34
  SINCE JUN 1    284                       281      3      397
  SINCE JAN 1    304                       293     11      430
..................................................................


WIND (MPH)
  HIGHEST WIND SPEED     9   HIGHEST WIND DIRECTION    SE (120)
  HIGHEST GUST SPEED    12   HIGHEST GUST DIRECTION     E (110)
  AVERAGE WIND SPEED     0.6


SKY COVER
  AVERAGE SKY COVER 0.0



RELATIVE HUMIDITY (PERCENT)
 HIGHEST   100          1200 AM
 LOWEST     36           500 PM
 AVERAGE    68

..........................................................


THE GLENS FALLS NY CLIMATE NORMALS FOR TODAY
                         NORMAL    RECORD    YEAR
 MAXIMUM TEMPERATURE (F)   79        91      1955
 MINIMUM TEMPERATURE (F)   55        43      2007


SUNRISE AND SUNSET
AUGUST 20 2014........SUNRISE   605 AM EDT   SUNSET   750 PM EDT
AUGUST 21 2014........SUNRISE   606 AM EDT   SUNSET   748 PM EDT


-  INDICATES NEGATIVE NUMBERS.
R  INDICATES RECORD WAS SET OR TIED.
MM INDICATES DATA IS MISSING.
T  INDICATES TRACE AMOUNT.




$$
