000
CDUS41 KALY 290627
CLIGFL


CLIMATE REPORT
NATIONAL WEATHER SERVICE ALBANY NY
227 AM EDT FRI JUL 29 2016


...................................

...THE GLENS FALLS NY CLIMATE SUMMARY FOR JULY 28 2016...

CLIMATE NORMAL PERIOD 1981 TO 2010
CLIMATE RECORD PERIOD 1949 TO 2016


WEATHER ITEM   OBSERVED TIME   RECORD YEAR NORMAL DEPARTURE LAST
                VALUE   (LST)  VALUE       VALUE  FROM      YEAR
                                                  NORMAL
..................................................................
TEMPERATURE (F)
 YESTERDAY
  MAXIMUM         86    137 PM  96    1949  81      5       89
  MINIMUM         63    339 AM  43    2001  57      6       64
  AVERAGE         75                        69      6       77

PRECIPITATION (IN)
  YESTERDAY        0.02          1.43 1963   0.14  -0.12     0.00
  MONTH TO DATE    3.73                      3.68   0.05     1.35
  SINCE JUN 1      6.84                      7.23  -0.39     7.57
  SINCE JAN 1     18.46                     21.72  -3.26    14.88

DEGREE DAYS
 HEATING
  YESTERDAY        0                         1     -1        0
  MONTH TO DATE    0                        28    -28       11
  SINCE JUN 1     44                       118    -74       90
  SINCE JUL 1      0                        28    -28       11

 COOLING
  YESTERDAY       10                         5      5       12
  MONTH TO DATE  197                       132     65      148
  SINCE JUN 1    300                       201     99      214
  SINCE JAN 1    356                       213    143      290
..................................................................


WIND (MPH)
  HIGHEST WIND SPEED    21   HIGHEST WIND DIRECTION     S (190)
  HIGHEST GUST SPEED    30   HIGHEST GUST DIRECTION    SW (210)
  AVERAGE WIND SPEED     5.1


SKY COVER
  AVERAGE SKY COVER 0.2



RELATIVE HUMIDITY (PERCENT)
 HIGHEST    90           900 PM
 LOWEST     54           200 PM
 AVERAGE    72

..........................................................


THE GLENS FALLS NY CLIMATE NORMALS FOR TODAY
                         NORMAL    RECORD    YEAR
 MAXIMUM TEMPERATURE (F)   81        96      1959
 MINIMUM TEMPERATURE (F)   57        45      1987


SUNRISE AND SUNSET
JULY 29 2016..........SUNRISE   542 AM EDT   SUNSET   819 PM EDT
JULY 30 2016..........SUNRISE   543 AM EDT   SUNSET   818 PM EDT


-  INDICATES NEGATIVE NUMBERS.
R  INDICATES RECORD WAS SET OR TIED.
MM INDICATES DATA IS MISSING.
T  INDICATES TRACE AMOUNT.




$$
