000
CDUS44 KSHV 240747
CLIGGG


CLIMATE REPORT
NATIONAL WEATHER SERVICE SHREVEPORT, LA
247 AM CDT THU JUL 24 2014


...................................

...THE LONGVIEW CLIMATE SUMMARY FOR JULY 23 2014...

CLIMATE NORMAL PERIOD 1981 TO 2010
CLIMATE RECORD PERIOD 1902 TO 2014


WEATHER ITEM   OBSERVED TIME   RECORD YEAR NORMAL DEPARTURE LAST
                VALUE   (LST)  VALUE       VALUE  FROM      YEAR
                                                  NORMAL
..................................................................
TEMPERATURE (F)
 YESTERDAY
  MAXIMUM         92    127 PM 106    1934  94     -2       96
  MINIMUM         69    559 AM  61    1915  74     -5       78
  AVERAGE         81                        84     -3       87

PRECIPITATION (IN)
  YESTERDAY        0.29          3.85 1933   0.06   0.23     0.00
  MONTH TO DATE    2.21                      2.33  -0.12     1.11
  SINCE DEC 1     28.53                     31.56  -3.03    23.61
  SINCE JAN 1     24.38                     27.07  -2.69    19.26

SNOWFALL (IN)
  YESTERDAY        0.0
  MONTH TO DATE    0.0
  SINCE JUN 1      0.0
  SINCE JUL 1      0.0
  SNOW DEPTH       0

DEGREE DAYS
 HEATING
  YESTERDAY        0                         0      0        0
  MONTH TO DATE    0                         0      0        0
  SINCE JUN 1      0                         0      0        0
  SINCE JUL 1      0                         0      0        0

 COOLING
  YESTERDAY       16                        19     -3       22
  MONTH TO DATE  354                       424    -70      400
  SINCE JUN 1    814                       863    -49      916
  SINCE JAN 1   1168                      1242    -74     1304
..................................................................


WIND (MPH)
  HIGHEST WIND SPEED    25   HIGHEST WIND DIRECTION     N (360)
  HIGHEST GUST SPEED    36   HIGHEST GUST DIRECTION     N (10)
  AVERAGE WIND SPEED     2.9


SKY COVER
  POSSIBLE SUNSHINE  MM
  AVERAGE SKY COVER 0.2


WEATHER CONDITIONS
 THE FOLLOWING WEATHER WAS RECORDED YESTERDAY.
  HEAVY RAIN
  RAIN
  LIGHT RAIN
  FOG


RELATIVE HUMIDITY (PERCENT)
 HIGHEST    97          1100 PM
 LOWEST     49           300 PM
 AVERAGE    73

..........................................................


THE LONGVIEW CLIMATE NORMALS FOR TODAY
                         NORMAL    RECORD    YEAR
 MAXIMUM TEMPERATURE (F)   94       106      1943
 MINIMUM TEMPERATURE (F)   74        60      1947


SUNRISE AND SUNSET
JULY 24 2014..........SUNRISE   628 AM CDT   SUNSET   822 PM CDT
JULY 25 2014..........SUNRISE   629 AM CDT   SUNSET   822 PM CDT


-  INDICATES NEGATIVE NUMBERS.
R  INDICATES RECORD WAS SET OR TIED.
MM INDICATES DATA IS MISSING.
T  INDICATES TRACE AMOUNT.




$$
