000
CDUS44 KSHV 012133
CLIGGG


CLIMATE REPORT
NATIONAL WEATHER SERVICE SHREVEPORT, LA
432 PM CDT SAT AUG 1 2015


...................................

...THE LONGVIEW CLIMATE SUMMARY FOR AUGUST 1 2015...
VALID TODAY AS OF 0400 PM LOCAL TIME.

CLIMATE NORMAL PERIOD 1981 TO 2010
CLIMATE RECORD PERIOD 1902 TO 2015


WEATHER ITEM   OBSERVED TIME   RECORD YEAR NORMAL DEPARTURE LAST
                VALUE   (LST)  VALUE       VALUE  FROM      YEAR
                                                  NORMAL
..................................................................
TEMPERATURE (F)
 TODAY
  MAXIMUM         98    257 PM 108    2011  94      4       74
  MINIMUM         69    449 AM  59    1971  73     -4       67
  AVERAGE         84                        84      0       71

PRECIPITATION (IN)
  TODAY            0.00          1.67 2009   0.08  -0.08     0.03
  MONTH TO DATE    0.00                      0.08  -0.08     0.03
  SINCE DEC 1     43.91                     32.20  11.71    29.97
  SINCE JAN 1     41.61                     27.71  13.90    25.82

DEGREE DAYS
 HEATING
  TODAY            0                         0      0        0
  MONTH TO DATE    0                         0      0        0
  SINCE JUN 1      0                         0      0        0
  SINCE JUL 1      0                         0      0        0

 COOLING
  TODAY           19                        19      0        6
  MONTH TO DATE   19                        19      0        6
  SINCE JUN 1   1126                      1030     96      952
  SINCE JAN 1   1584                      1409    175     1306
..................................................................


WIND (MPH)
  HIGHEST WIND SPEED    13   HIGHEST WIND DIRECTION     E (70)
  HIGHEST GUST SPEED    19   HIGHEST GUST DIRECTION    NE (50)
  AVERAGE WIND SPEED     4.3


SKY COVER
  POSSIBLE SUNSHINE  MM
  AVERAGE SKY COVER 0.1


WEATHER CONDITIONS
 THE FOLLOWING WEATHER WAS RECORDED TODAY.
  NO SIGNIFICANT WEATHER WAS OBSERVED.


RELATIVE HUMIDITY (PERCENT)
 HIGHEST    84           500 AM
 LOWEST     26           300 PM
 AVERAGE    55

..........................................................


THE LONGVIEW CLIMATE NORMALS FOR TOMORROW
                         NORMAL    RECORD    YEAR
 MAXIMUM TEMPERATURE (F)   94       109      2011
 MINIMUM TEMPERATURE (F)   73        60      1965


SUNRISE AND SUNSET
AUGUST  1 2015........SUNRISE   633 AM CDT   SUNSET   817 PM CDT
AUGUST  2 2015........SUNRISE   634 AM CDT   SUNSET   816 PM CDT


-  INDICATES NEGATIVE NUMBERS.
R  INDICATES RECORD WAS SET OR TIED.
MM INDICATES DATA IS MISSING.
T  INDICATES TRACE AMOUNT.




$$
