000
CDUS44 KSHV 202250
CLIGGG


CLIMATE REPORT
NATIONAL WEATHER SERVICE SHREVEPORT, LA
450 PM CST THU NOV 20 2014


...................................

...THE LONGVIEW CLIMATE SUMMARY FOR NOVEMBER 20 2014...
VALID TODAY AS OF 0400 PM LOCAL TIME.

CLIMATE NORMAL PERIOD 1981 TO 2010
CLIMATE RECORD PERIOD 1902 TO 2014


WEATHER ITEM   OBSERVED TIME   RECORD YEAR NORMAL DEPARTURE LAST
                VALUE   (LST)  VALUE       VALUE  FROM      YEAR
                                                  NORMAL
..................................................................
TEMPERATURE (F)
 TODAY
  MAXIMUM         67    345 PM  84    2011  66      1       68
  MINIMUM         42    714 AM  21    1903  44     -2       41
  AVERAGE         55                        55      0       55

PRECIPITATION (IN)
  TODAY            0.01          4.18 1907   0.15  -0.14     0.00
  MONTH TO DATE    2.13                      2.94  -0.81     0.82
  SINCE DEC 1     38.54                     46.00  -7.46    37.35
  SINCE JAN 1     34.39                     41.51  -7.12    33.00

SNOWFALL (IN)
  TODAY           MM
  MONTH TO DATE    0.0
  SINCE SEP 1      0.0
  SINCE JUL 1      0.0
  SNOW DEPTH       0

DEGREE DAYS
 HEATING
  TODAY           10                        11     -1       10
  MONTH TO DATE  310                       155    155      178
  SINCE SEP 1    331                       244     87      227
  SINCE JUL 1    331                       244     87      227

 COOLING
  TODAY            0                         0      0        0
  MONTH TO DATE    3                        22    -19       12
  SINCE SEP 1    593                       477    116      629
  SINCE JAN 1   2447                      2417     30     2724
..................................................................


WIND (MPH)
  HIGHEST WIND SPEED    13   HIGHEST WIND DIRECTION     S (160)
  HIGHEST GUST SPEED    15   HIGHEST GUST DIRECTION    SE (150)
  AVERAGE WIND SPEED     5.1


SKY COVER
  POSSIBLE SUNSHINE  MM
  AVERAGE SKY COVER 0.3


WEATHER CONDITIONS
 THE FOLLOWING WEATHER WAS RECORDED TODAY.
  LIGHT RAIN
  FOG


RELATIVE HUMIDITY (PERCENT)
 HIGHEST    93           200 AM
 LOWEST     63          1100 AM
 AVERAGE    78

..........................................................


THE LONGVIEW CLIMATE NORMALS FOR TOMORROW
                         NORMAL    RECORD    YEAR
 MAXIMUM TEMPERATURE (F)   65        83      1909
 MINIMUM TEMPERATURE (F)   43        26      1937


SUNRISE AND SUNSET
NOVEMBER 20 2014......SUNRISE   653 AM CST   SUNSET   516 PM CST
NOVEMBER 21 2014......SUNRISE   654 AM CST   SUNSET   516 PM CST


-  INDICATES NEGATIVE NUMBERS.
R  INDICATES RECORD WAS SET OR TIED.
MM INDICATES DATA IS MISSING.
T  INDICATES TRACE AMOUNT.




$$
