751
CDUS44 KSHV 240951
CLIGGG


CLIMATE REPORT
NATIONAL WEATHER SERVICE SHREVEPORT, LA
325 AM CST TUE JAN 24 2017


...................................

...THE LONGVIEW CLIMATE SUMMARY FOR JANUARY 23 2017...

CLIMATE NORMAL PERIOD 1981 TO 2010
CLIMATE RECORD PERIOD 1902 TO 2017


WEATHER ITEM   OBSERVED TIME   RECORD YEAR NORMAL DEPARTURE LAST
                VALUE   (LST)  VALUE       VALUE  FROM      YEAR
                                                  NORMAL
..................................................................
TEMPERATURE (F)
 YESTERDAY
  MAXIMUM         66    443 PM  80    1944  58      8       49
  MINIMUM         42    749 AM  10    1940  36      6       25
  AVERAGE         54                        47      7       37

PRECIPITATION (IN)
  YESTERDAY        0.00          1.09 1957   0.11  -0.11     0.00
  MONTH TO DATE    5.50                      2.38   3.12     1.72
  SINCE DEC 1     10.30                      6.87   3.43     7.78
  SINCE JAN 1      5.50                      2.38   3.12     1.72

SNOWFALL (IN)
  YESTERDAY        0.0
  MONTH TO DATE    0.0
  SINCE DEC 1      0.0
  SINCE JUL 1      0.0
  SNOW DEPTH       0

DEGREE DAYS
 HEATING
  YESTERDAY       11                        18     -7       28
  MONTH TO DATE  253                       436   -183      470
  SINCE DEC 1    668                       970   -302      827
  SINCE JUL 1    828                      1342   -514     1027

 COOLING
  YESTERDAY        0                         0      0        0
  MONTH TO DATE   19                         0     19        0
  SINCE DEC 1     37                         6     31       22
  SINCE JAN 1     19                         0     19        0
..................................................................


WIND (MPH)
  HIGHEST WIND SPEED    15   HIGHEST WIND DIRECTION    NW (330)
  HIGHEST GUST SPEED    20   HIGHEST GUST DIRECTION     N (340)
  AVERAGE WIND SPEED     7.5


SKY COVER
  POSSIBLE SUNSHINE  MM
  AVERAGE SKY COVER 0.0


WEATHER CONDITIONS
 THE FOLLOWING WEATHER WAS RECORDED YESTERDAY.
  NO SIGNIFICANT WEATHER WAS OBSERVED.


RELATIVE HUMIDITY (PERCENT)
 HIGHEST    92          1000 PM
 LOWEST     26           400 PM
 AVERAGE    59

..........................................................


THE LONGVIEW CLIMATE NORMALS FOR TODAY
                         NORMAL    RECORD    YEAR
 MAXIMUM TEMPERATURE (F)   58        83      1972
 MINIMUM TEMPERATURE (F)   36         8      1963


SUNRISE AND SUNSET
JANUARY 24 2017.......SUNRISE   717 AM CST   SUNSET   545 PM CST
JANUARY 25 2017.......SUNRISE   717 AM CST   SUNSET   546 PM CST


-  INDICATES NEGATIVE NUMBERS.
R  INDICATES RECORD WAS SET OR TIED.
MM INDICATES DATA IS MISSING.
T  INDICATES TRACE AMOUNT.




$$
