000
CDUS44 KSHV 300733
CLIGGG


CLIMATE REPORT
NATIONAL WEATHER SERVICE SHREVEPORT, LA
233 AM CDT WED JUL 30 2014


...................................

...THE LONGVIEW CLIMATE SUMMARY FOR JULY 29 2014...

CLIMATE NORMAL PERIOD 1981 TO 2010
CLIMATE RECORD PERIOD 1902 TO 2014


WEATHER ITEM   OBSERVED TIME   RECORD YEAR NORMAL DEPARTURE LAST
                VALUE   (LST)  VALUE       VALUE  FROM      YEAR
                                                  NORMAL
..................................................................
TEMPERATURE (F)
 YESTERDAY
  MAXIMUM         92    433 PM 105    2012  94     -2       96
                                      1930
  MINIMUM         73   1141 PM  62    1928  73      0       75
  AVERAGE         83                        84     -1       86

PRECIPITATION (IN)
  YESTERDAY        0.00          3.70 1906   0.07  -0.07     0.00
  MONTH TO DATE    2.21                      2.75  -0.54     1.12
  SINCE DEC 1     28.53                     31.98  -3.45    23.62
  SINCE JAN 1     24.38                     27.49  -3.11    19.27

SNOWFALL (IN)
  YESTERDAY        0.0
  MONTH TO DATE    0.0
  SINCE JUN 1      0.0
  SINCE JUL 1      0.0
  SNOW DEPTH       0

DEGREE DAYS
 HEATING
  YESTERDAY        0                         0      0        0
  MONTH TO DATE    0                         0      0        0
  SINCE JUN 1      0                         0      0        0
  SINCE JUL 1      0                         0      0        0

 COOLING
  YESTERDAY       18                        19     -1       21
  MONTH TO DATE  464                       538    -74      506
  SINCE JUN 1    924                       977    -53     1022
  SINCE JAN 1   1278                      1356    -78     1410
..................................................................


WIND (MPH)
  HIGHEST WIND SPEED    10   HIGHEST WIND DIRECTION     E (70)
  HIGHEST GUST SPEED    13   HIGHEST GUST DIRECTION    NE (50)
  AVERAGE WIND SPEED     3.6


SKY COVER
  POSSIBLE SUNSHINE  MM
  AVERAGE SKY COVER 0.2


WEATHER CONDITIONS
 THE FOLLOWING WEATHER WAS RECORDED YESTERDAY.
  NO SIGNIFICANT WEATHER WAS OBSERVED.


RELATIVE HUMIDITY (PERCENT)
 HIGHEST    87          1200 AM
 LOWEST     36           300 PM
 AVERAGE    62

..........................................................


THE LONGVIEW CLIMATE NORMALS FOR TODAY
                         NORMAL    RECORD    YEAR
 MAXIMUM TEMPERATURE (F)   94       107      1930
 MINIMUM TEMPERATURE (F)   73        63      2005


SUNRISE AND SUNSET
JULY 30 2014..........SUNRISE   632 AM CDT   SUNSET   818 PM CDT
JULY 31 2014..........SUNRISE   633 AM CDT   SUNSET   817 PM CDT


-  INDICATES NEGATIVE NUMBERS.
R  INDICATES RECORD WAS SET OR TIED.
MM INDICATES DATA IS MISSING.
T  INDICATES TRACE AMOUNT.




$$
