000
CDUS44 KSHV 012134
CLIGGG


CLIMATE REPORT
NATIONAL WEATHER SERVICE SHREVEPORT, LA
432 PM CDT WED OCT 1 2014


...................................

...THE LONGVIEW CLIMATE SUMMARY FOR OCTOBER 1 2014...
VALID TODAY AS OF 0400 PM LOCAL TIME.

CLIMATE NORMAL PERIOD 1981 TO 2010
CLIMATE RECORD PERIOD 1902 TO 2014


WEATHER ITEM   OBSERVED TIME   RECORD YEAR NORMAL DEPARTURE LAST
                VALUE   (LST)  VALUE       VALUE  FROM      YEAR
                                                  NORMAL
..................................................................
TEMPERATURE (F)
 TODAY
  MAXIMUM         92    132 PM 101    1938  83      9       88
  MINIMUM         71    454 AM  44    1949  59     12       72
  AVERAGE         82                        71     11       80

PRECIPITATION (IN)
  TODAY            0.00          1.32 1962   0.17  -0.17      T
  MONTH TO DATE    0.00                      0.17  -0.17      T
  SINCE DEC 1     30.90                     38.65  -7.75    31.22
  SINCE JAN 1     26.75                     34.16  -7.41    26.87

DEGREE DAYS
 HEATING
  TODAY            0                         1     -1        0
  MONTH TO DATE    0                         1     -1        0
  SINCE SEP 1      0                         7     -7        0
  SINCE JUL 1      0                         7     -7        0

 COOLING
  TODAY           17                         7     10       15
  MONTH TO DATE   17                         7     10       15
  SINCE SEP 1    443                       346     97      500
  SINCE JAN 1   2297                      2286     11     2595
..................................................................


WIND (MPH)
  HIGHEST WIND SPEED    15   HIGHEST WIND DIRECTION    SE (130)
  HIGHEST GUST SPEED    23   HIGHEST GUST DIRECTION    SE (150)
  AVERAGE WIND SPEED     6.9


SKY COVER
  POSSIBLE SUNSHINE  MM
  AVERAGE SKY COVER 0.6


WEATHER CONDITIONS
 THE FOLLOWING WEATHER WAS RECORDED TODAY.
  FOG


RELATIVE HUMIDITY (PERCENT)
 HIGHEST    93           400 AM
 LOWEST     52           100 PM
 AVERAGE    73

..........................................................


THE LONGVIEW CLIMATE NORMALS FOR TOMORROW
                         NORMAL    RECORD    YEAR
 MAXIMUM TEMPERATURE (F)   82        98      1953
 MINIMUM TEMPERATURE (F)   59        45      1939


SUNRISE AND SUNSET
OCTOBER  1 2014.......SUNRISE   713 AM CDT   SUNSET   704 PM CDT
OCTOBER  2 2014.......SUNRISE   714 AM CDT   SUNSET   702 PM CDT


-  INDICATES NEGATIVE NUMBERS.
R  INDICATES RECORD WAS SET OR TIED.
MM INDICATES DATA IS MISSING.
T  INDICATES TRACE AMOUNT.




$$
