790
CDUS44 KSHV 200839
CLIGGG


CLIMATE REPORT
NATIONAL WEATHER SERVICE SHREVEPORT, LA
238 AM CST MON FEB 20 2017


...................................

...THE LONGVIEW CLIMATE SUMMARY FOR FEBRUARY 19 2017...

CLIMATE NORMAL PERIOD 1981 TO 2010
CLIMATE RECORD PERIOD 1902 TO 2017


WEATHER ITEM   OBSERVED TIME   RECORD YEAR NORMAL DEPARTURE LAST
                VALUE   (LST)  VALUE       VALUE  FROM      YEAR
                                                  NORMAL
..................................................................
TEMPERATURE (F)
 YESTERDAY
  MAXIMUM         80R   158 PM  79    1948  63     17       77
  MINIMUM         58    445 AM  12    1910  40     18       56
  AVERAGE         69                        51     18       67

PRECIPITATION (IN)
  YESTERDAY        0.00          2.60 1911   0.15  -0.15     0.00
  MONTH TO DATE    1.14                      2.68  -1.54     1.36
  SINCE DEC 1     11.44                     10.49   0.95     9.14
  SINCE JAN 1      6.64                      6.00   0.64     3.08

SNOWFALL (IN)
  YESTERDAY        0.0
  MONTH TO DATE    0.0
  SINCE DEC 1      0.0
  SINCE JUL 1      0.0
  SNOW DEPTH       0

DEGREE DAYS
 HEATING
  YESTERDAY        0                        14    -14        0
  MONTH TO DATE  139                       306   -167      235
  SINCE DEC 1    905                      1417   -512     1154
  SINCE JUL 1   1065                      1789   -724     1354

 COOLING
  YESTERDAY        4                         0      4        2
  MONTH TO DATE   30                         0     30        2
  SINCE DEC 1     67                        10     57       24
  SINCE JAN 1     49                         4     45        2
..................................................................


WIND (MPH)
  HIGHEST WIND SPEED    17   HIGHEST WIND DIRECTION    SE (150)
  HIGHEST GUST SPEED    21   HIGHEST GUST DIRECTION    SE (150)
  AVERAGE WIND SPEED     9.7


SKY COVER
  POSSIBLE SUNSHINE  MM
  AVERAGE SKY COVER 0.5


WEATHER CONDITIONS
 THE FOLLOWING WEATHER WAS RECORDED YESTERDAY.
  FOG
  HAZE


RELATIVE HUMIDITY (PERCENT)
 HIGHEST   100           200 AM
 LOWEST     62           200 PM
 AVERAGE    81

..........................................................


THE LONGVIEW CLIMATE NORMALS FOR TODAY
                         NORMAL    RECORD    YEAR
 MAXIMUM TEMPERATURE (F)   63        83      1925
 MINIMUM TEMPERATURE (F)   40        20      1921


SUNRISE AND SUNSET
FEBRUARY 20 2017......SUNRISE   656 AM CST   SUNSET   609 PM CST
FEBRUARY 21 2017......SUNRISE   655 AM CST   SUNSET   610 PM CST


-  INDICATES NEGATIVE NUMBERS.
R  INDICATES RECORD WAS SET OR TIED.
MM INDICATES DATA IS MISSING.
T  INDICATES TRACE AMOUNT.




$$
