000
CDUS44 KSHV 210831
CLIGGG


CLIMATE REPORT
NATIONAL WEATHER SERVICE SHREVEPORT, LA
230 AM CST SUN DEC 21 2014


...................................

...THE LONGVIEW CLIMATE SUMMARY FOR DECEMBER 20 2014...

CLIMATE NORMAL PERIOD 1981 TO 2010
CLIMATE RECORD PERIOD 1902 TO 2014


WEATHER ITEM   OBSERVED TIME   RECORD YEAR NORMAL DEPARTURE LAST
                VALUE   (LST)  VALUE       VALUE  FROM      YEAR
                                                  NORMAL
..................................................................
TEMPERATURE (F)
 YESTERDAY
  MAXIMUM         54    413 PM  79    2008  58     -4       73
  MINIMUM         38   1158 PM  16    1929  37      1       67
  AVERAGE         46                        47     -1       70

PRECIPITATION (IN)
  YESTERDAY        0.00          2.00 1923   0.13  -0.13     0.15
  MONTH TO DATE    1.66                      3.06  -1.40     2.02
  SINCE DEC 1      1.66                      3.06  -1.40     2.02
  SINCE JAN 1     38.17                     46.12  -7.95    38.42

SNOWFALL (IN)
  YESTERDAY        0.0
  MONTH TO DATE    0.0
  SINCE DEC 1      0.0
  SINCE JUL 1      0.0
  SNOW DEPTH       0

DEGREE DAYS
 HEATING
  YESTERDAY       19                        18      1        0
  MONTH TO DATE  235                       331    -96      342
  SINCE DEC 1    235                       331    -96      342
  SINCE JUL 1    645                       703    -58      770

 COOLING
  YESTERDAY        0                         0      0        5
  MONTH TO DATE    5                         0      5       11
  SINCE DEC 1      5                         0      5       11
  SINCE JAN 1   2461                      2417     44     2738
..................................................................


WIND (MPH)
  HIGHEST WIND SPEED     9   HIGHEST WIND DIRECTION     E (80)
  HIGHEST GUST SPEED    11   HIGHEST GUST DIRECTION     E (80)
  AVERAGE WIND SPEED     2.7


SKY COVER
  POSSIBLE SUNSHINE  MM
  AVERAGE SKY COVER 0.7


WEATHER CONDITIONS
 THE FOLLOWING WEATHER WAS RECORDED YESTERDAY.
  FOG
  FOG W/VISIBILITY <= 1/4 MILE
  HAZE


RELATIVE HUMIDITY (PERCENT)
 HIGHEST    96           900 PM
 LOWEST     66           400 PM
 AVERAGE    81

..........................................................


THE LONGVIEW CLIMATE NORMALS FOR TODAY
                         NORMAL    RECORD    YEAR
 MAXIMUM TEMPERATURE (F)   58        82      2010
 MINIMUM TEMPERATURE (F)   37        17      1951


SUNRISE AND SUNSET
DECEMBER 21 2014......SUNRISE   716 AM CST   SUNSET   518 PM CST
DECEMBER 22 2014......SUNRISE   717 AM CST   SUNSET   518 PM CST


-  INDICATES NEGATIVE NUMBERS.
R  INDICATES RECORD WAS SET OR TIED.
MM INDICATES DATA IS MISSING.
T  INDICATES TRACE AMOUNT.




$$
