000
CDUS44 KSHV 182250
CLIGGG


CLIMATE REPORT
NATIONAL WEATHER SERVICE SHREVEPORT, LA
450 PM CST THU JAN 18 2018


...................................

...THE LONGVIEW CLIMATE SUMMARY FOR JANUARY 18 2018...
VALID TODAY AS OF 0400 PM LOCAL TIME.

CLIMATE NORMAL PERIOD 1981 TO 2010
CLIMATE RECORD PERIOD 1902 TO 2018


WEATHER ITEM   OBSERVED TIME   RECORD YEAR NORMAL DEPARTURE LAST
                VALUE   (LST)  VALUE       VALUE  FROM      YEAR
                                                  NORMAL
..................................................................
TEMPERATURE (F)
 TODAY
  MAXIMUM         45    353 PM  78    2000  57    -12       60
  MINIMUM         14    735 AM  -4    1930  36    -22       49
  AVERAGE         30                        46    -16       55

PRECIPITATION (IN)
  TODAY            0.00          2.96 2017   0.11  -0.11     2.96
  MONTH TO DATE    2.38                      1.85   0.53     5.39
  SINCE DEC 1      7.71                      6.34   1.37    10.19
  SINCE JAN 1      2.38                      1.85   0.53     5.39

SNOWFALL (IN)
  TODAY            0.0
  MONTH TO DATE    T
  SINCE DEC 1      T
  SINCE JUL 1      T
  SNOW DEPTH       0

DEGREE DAYS
 HEATING
  TODAY           35                        19     16       10
  MONTH TO DATE  495                       342    153      221
  SINCE DEC 1   1007                       876    131      636
  SINCE JUL 1   1287                      1248     39      796

 COOLING
  TODAY            0                         0      0        0
  MONTH TO DATE    0                         0      0       19
  SINCE DEC 1      4                         6     -2       37
  SINCE JAN 1      0                         0      0       19
..................................................................


WIND (MPH)
  HIGHEST WIND SPEED     9   HIGHEST WIND DIRECTION    SE (150)
  HIGHEST GUST SPEED    12   HIGHEST GUST DIRECTION    SE (150)
  AVERAGE WIND SPEED     2.2


SKY COVER
  POSSIBLE SUNSHINE  MM
  AVERAGE SKY COVER 0.0


WEATHER CONDITIONS
 THE FOLLOWING WEATHER WAS RECORDED TODAY.
  NO SIGNIFICANT WEATHER WAS OBSERVED.


RELATIVE HUMIDITY (PERCENT)
 HIGHEST   100           900 AM
 LOWEST     33           200 PM
 AVERAGE    67

..........................................................


THE LONGVIEW CLIMATE NORMALS FOR TOMORROW
                         NORMAL    RECORD    YEAR
 MAXIMUM TEMPERATURE (F)   57        79      1935
 MINIMUM TEMPERATURE (F)   36         4      1940


SUNRISE AND SUNSET
JANUARY 18 2018.......SUNRISE   720 AM CST   SUNSET   539 PM CST
JANUARY 19 2018.......SUNRISE   719 AM CST   SUNSET   540 PM CST


-  INDICATES NEGATIVE NUMBERS.
R  INDICATES RECORD WAS SET OR TIED.
MM INDICATES DATA IS MISSING.
T  INDICATES TRACE AMOUNT.




$$
