000
CDUS45 KGGW 300741
CLIGGW


CLIMATE REPORT
NATIONAL WEATHER SERVICE GLASGOW MT
140 AM MDT MON MAY 30 2016


...................................

...THE GLASGOW MT CLIMATE SUMMARY FOR MAY 29 2016...

CLIMATE NORMAL PERIOD 1981 TO 2010
CLIMATE RECORD PERIOD 1893 TO 2016


WEATHER ITEM   OBSERVED TIME   RECORD YEAR NORMAL DEPARTURE LAST
                VALUE   (LST)  VALUE       VALUE  FROM      YEAR
                                                  NORMAL
..................................................................
TEMPERATURE (F)
 YESTERDAY
  MAXIMUM         75    443 PM 102    1988  71      4       62
  MINIMUM         44    455 AM  29    1947  47     -3       35
  AVERAGE         60                        59      1       49

PRECIPITATION (IN)
  YESTERDAY        0.00          2.25 1953   0.08  -0.08     0.00
  MONTH TO DATE    4.26                      1.75   2.51     1.24
  SINCE OCT 1     10.99                      5.20   5.79     5.50
  SINCE JAN 1      8.01                      3.65   4.36     4.24

SNOWFALL (IN)
  YESTERDAY        0.0           T    1982   0.0    0.0      0.0
  MONTH TO DATE    0.0                       1.2   -1.2      0.0
  SINCE MAR 1      6.1                       7.8   -1.7      8.1
  SINCE JUL 1     27.6                      34.8   -7.2     43.2
  SNOW DEPTH       0

DEGREE DAYS
 HEATING
  YESTERDAY        5                         7     -2       16
  MONTH TO DATE  252                       311    -59      333
  SINCE MAR 1   1575                      1948   -373     1674
  SINCE JUL 1   7040                      8318  -1278     7758

 COOLING
  YESTERDAY        0                         1     -1        0
  MONTH TO DATE   11                         9      2        0
  SINCE MAR 1     11                        10      1        0
  SINCE JAN 1     11                        10      1        0
..................................................................


WIND (MPH)
  HIGHEST WIND SPEED    17   HIGHEST WIND DIRECTION     W (250)
  HIGHEST GUST SPEED    25   HIGHEST GUST DIRECTION     W (270)
  AVERAGE WIND SPEED     7.1


SKY COVER
  POSSIBLE SUNSHINE  MM
  AVERAGE SKY COVER 0.0


WEATHER CONDITIONS
 THE FOLLOWING WEATHER WAS RECORDED YESTERDAY.
  NO SIGNIFICANT WEATHER WAS OBSERVED.


RELATIVE HUMIDITY (PERCENT)
 HIGHEST    83           500 AM
 LOWEST     23           400 PM
 AVERAGE    53

..........................................................


THE GLASGOW MT CLIMATE NORMALS FOR TODAY
                         NORMAL    RECORD    YEAR
 MAXIMUM TEMPERATURE (F)   72        96      1984
 MINIMUM TEMPERATURE (F)   47        30      1913


SUNRISE AND SUNSET
MAY 30 2016...........SUNRISE   511 AM MDT   SUNSET   857 PM MDT
MAY 31 2016...........SUNRISE   511 AM MDT   SUNSET   858 PM MDT


-  INDICATES NEGATIVE NUMBERS.
R  INDICATES RECORD WAS SET OR TIED.
MM INDICATES DATA IS MISSING.
T  INDICATES TRACE AMOUNT.




$$
