000
CDUS45 KGGW 240741
CLIGGW


CLIMATE REPORT
NATIONAL WEATHER SERVICE GLASGOW MT
141 AM MDT SUN MAY 24 2015


...................................

...THE GLASGOW MT CLIMATE SUMMARY FOR MAY 23 2015...

CLIMATE NORMAL PERIOD 1981 TO 2010
CLIMATE RECORD PERIOD 1893 TO 2015


WEATHER ITEM   OBSERVED TIME   RECORD YEAR NORMAL DEPARTURE LAST
                VALUE   (LST)  VALUE       VALUE  FROM      YEAR
                                                  NORMAL
..................................................................
TEMPERATURE (F)
 YESTERDAY
  MAXIMUM         75    227 PM  98    1980  70      5       88
                                      1951
  MINIMUM         50   1159 PM  27    1903  45      5       54
  AVERAGE         63                        57      6       71

PRECIPITATION (IN)
  YESTERDAY        0.00          1.41 1906   0.07  -0.07      T
  MONTH TO DATE    0.73                      1.29  -0.56     1.25
  SINCE OCT 1      4.99                      4.74   0.25     4.69
  SINCE JAN 1      3.73                      3.19   0.54     3.24

SNOWFALL (IN)
  YESTERDAY        0.0           T    2002   0.0    0.0      0.0
  MONTH TO DATE    0.0                       1.1   -1.1       T
  SINCE MAR 1      8.1                       7.7    0.4      6.6
  SINCE JUL 1     43.2                      34.7    8.5     30.4
  SNOW DEPTH       0

DEGREE DAYS
 HEATING
  YESTERDAY        2                         8     -6        0
  MONTH TO DATE  304                       266     38      329
  SINCE MAR 1   1645                      1903   -258     2150
  SINCE JUL 1   7729                      8273   -544     8798

 COOLING
  YESTERDAY        0                         1     -1        6
  MONTH TO DATE    0                         3     -3        6
  SINCE MAR 1      0                         4     -4        6
  SINCE JAN 1      0                         4     -4        6
..................................................................


WIND (MPH)
  HIGHEST WIND SPEED    30   HIGHEST WIND DIRECTION     E (100)
  HIGHEST GUST SPEED    39   HIGHEST GUST DIRECTION    SE (120)
  AVERAGE WIND SPEED    14.3


SKY COVER
  POSSIBLE SUNSHINE  MM
  AVERAGE SKY COVER 0.4


WEATHER CONDITIONS
 THE FOLLOWING WEATHER WAS RECORDED YESTERDAY.
  NO SIGNIFICANT WEATHER WAS OBSERVED.


RELATIVE HUMIDITY (PERCENT)
 HIGHEST    64           400 AM
 LOWEST     27           200 PM
 AVERAGE    46

..........................................................


THE GLASGOW MT CLIMATE NORMALS FOR TODAY
                         NORMAL    RECORD    YEAR
 MAXIMUM TEMPERATURE (F)   70        95      1929
 MINIMUM TEMPERATURE (F)   45        29      1903


SUNRISE AND SUNSET
MAY 24 2015...........SUNRISE   517 AM MDT   SUNSET   850 PM MDT
MAY 25 2015...........SUNRISE   516 AM MDT   SUNSET   851 PM MDT


-  INDICATES NEGATIVE NUMBERS.
R  INDICATES RECORD WAS SET OR TIED.
MM INDICATES DATA IS MISSING.
T  INDICATES TRACE AMOUNT.




$$
