000
CDUS45 KGGW 230740
CLIGGW


CLIMATE REPORT
NATIONAL WEATHER SERVICE GLASGOW MT
140 AM MDT WED APR 23 2014


...................................

...THE GLASGOW MT CLIMATE SUMMARY FOR APRIL 22 2014...

CLIMATE NORMAL PERIOD 1981 TO 2010
CLIMATE RECORD PERIOD 1893 TO 2014


WEATHER ITEM   OBSERVED TIME   RECORD YEAR NORMAL DEPARTURE LAST
                VALUE   (LST)  VALUE       VALUE  FROM      YEAR
                                                  NORMAL
..................................................................
TEMPERATURE (F)
 YESTERDAY
  MAXIMUM         76    436 PM  85    1906  61     15       41
  MINIMUM         43    530 AM   9    1967  34      9       18
  AVERAGE         60                        47     13       30

PRECIPITATION (IN)
  YESTERDAY        0.00          0.18 1935   0.03  -0.03     0.00
  MONTH TO DATE    0.19                      0.55  -0.36     1.12
  SINCE OCT 1      2.70                      3.15  -0.45     4.98
  SINCE JAN 1      1.25                      1.60  -0.35     2.78

SNOWFALL (IN)
  YESTERDAY        0.0           0.3  1963   0.1   -0.1      0.0
  MONTH TO DATE    0.0                       1.6   -1.6     11.7
  SINCE MAR 1      6.6                       6.3    0.3     25.0
  SINCE JUL 1     30.4                      33.3   -2.9     62.3
  SNOW DEPTH       0  (12Z / 6 AM MDT)

DEGREE DAYS
 HEATING
  YESTERDAY        5                        18    -13       35
  MONTH TO DATE  517                       473     44      663
  SINCE MAR 1   1671                      1507    164     1919
  SINCE JUL 1   8319                      7877    442     8126

 COOLING
  YESTERDAY        0                         0      0        0
  MONTH TO DATE    0                         0      0        0
  SINCE MAR 1      0                         0      0        0
  SINCE JAN 1      0                         0      0        0
..................................................................


WIND (MPH)
  HIGHEST WIND SPEED    31   HIGHEST WIND DIRECTION    SE (120)
  HIGHEST GUST SPEED    40   HIGHEST GUST DIRECTION    SE (120)
  AVERAGE WIND SPEED    21.6


SKY COVER
  POSSIBLE SUNSHINE  MM
  AVERAGE SKY COVER 0.0


WEATHER CONDITIONS
 THE FOLLOWING WEATHER WAS RECORDED YESTERDAY.
  NO SIGNIFICANT WEATHER WAS OBSERVED.


RELATIVE HUMIDITY (PERCENT)
 HIGHEST    58           600 AM
 LOWEST     20           200 PM
 AVERAGE    39

..........................................................


THE GLASGOW MT CLIMATE NORMALS FOR TODAY
                         NORMAL    RECORD    YEAR
 MAXIMUM TEMPERATURE (F)   61        88      2012
 MINIMUM TEMPERATURE (F)   34        10      1931


SUNRISE AND SUNSET
APRIL 23 2014.........SUNRISE   602 AM MDT   SUNSET   809 PM MDT
APRIL 24 2014.........SUNRISE   600 AM MDT   SUNSET   810 PM MDT


-  INDICATES NEGATIVE NUMBERS.
R  INDICATES RECORD WAS SET OR TIED.
MM INDICATES DATA IS MISSING.
T  INDICATES TRACE AMOUNT.




$$

SNOW DEPTH AT 12Z / 6 AM MDT
