000
CDUS45 KGGW 170740
CLIGGW


CLIMATE REPORT
NATIONAL WEATHER SERVICE GLASGOW MT
140 AM MDT WED SEP 17 2014


...................................

...THE GLASGOW MT CLIMATE SUMMARY FOR SEPTEMBER 16 2014...

CLIMATE NORMAL PERIOD 1981 TO 2010
CLIMATE RECORD PERIOD 1893 TO 2014


WEATHER ITEM   OBSERVED TIME   RECORD YEAR NORMAL DEPARTURE LAST
                VALUE   (LST)  VALUE       VALUE  FROM      YEAR
                                                  NORMAL
..................................................................
TEMPERATURE (F)
 YESTERDAY
  MAXIMUM         77    404 PM  98    1998  72      5       84
  MINIMUM         44    607 AM  19    1903  44      0       52
  AVERAGE         61                        58      3       68

PRECIPITATION (IN)
  YESTERDAY        0.00          1.12 1996   0.03  -0.03     0.00
  MONTH TO DATE    0.40                      0.50  -0.10     1.53
  SINCE OCT 1     14.80                     11.22   3.58    16.32
  SINCE JAN 1     13.35                      9.67   3.68    14.12

SNOWFALL (IN)
  YESTERDAY        0.0           0.0  2002   0.0    0.0      0.0
                                      2001
                                      2000
  MONTH TO DATE    0.0                       0.0    0.0      0.0
  SINCE SEP 1      0.0                       0.0    0.0      0.0
  SINCE JUL 1      0.0                       0.0    0.0      0.0
  SNOW DEPTH       0

DEGREE DAYS
 HEATING
  YESTERDAY        4                         8     -4        0
  MONTH TO DATE  169                        89     80        7
  SINCE SEP 1    169                        89     80        7
  SINCE JUL 1    222                       142     80       22

 COOLING
  YESTERDAY        0                         1     -1        3
  MONTH TO DATE    1                        31    -30       84
  SINCE SEP 1      1                        31    -30       84
  SINCE JAN 1    473                       526    -53      561
..................................................................


WIND (MPH)
  HIGHEST WIND SPEED    13   HIGHEST WIND DIRECTION     E (100)
  HIGHEST GUST SPEED    17   HIGHEST GUST DIRECTION     S (190)
  AVERAGE WIND SPEED     8.7


SKY COVER
  POSSIBLE SUNSHINE  MM
  AVERAGE SKY COVER 0.0


WEATHER CONDITIONS
 THE FOLLOWING WEATHER WAS RECORDED YESTERDAY.
  NO SIGNIFICANT WEATHER WAS OBSERVED.


RELATIVE HUMIDITY (PERCENT)
 HIGHEST    71          1200 AM
 LOWEST     29           400 PM
 AVERAGE    50

..........................................................


THE GLASGOW MT CLIMATE NORMALS FOR TODAY
                         NORMAL    RECORD    YEAR
 MAXIMUM TEMPERATURE (F)   71        95      2009
                                             1943
 MINIMUM TEMPERATURE (F)   44        22      1902


SUNRISE AND SUNSET
SEPTEMBER 17 2014.....SUNRISE   646 AM MDT   SUNSET   715 PM MDT
SEPTEMBER 18 2014.....SUNRISE   648 AM MDT   SUNSET   713 PM MDT


-  INDICATES NEGATIVE NUMBERS.
R  INDICATES RECORD WAS SET OR TIED.
MM INDICATES DATA IS MISSING.
T  INDICATES TRACE AMOUNT.




$$
