000
CDUS45 KGGW 230742
CLIGGW


CLIMATE REPORT
NATIONAL WEATHER SERVICE GLASGOW MT
142 AM MDT SUN JUL 23 2017


...................................

...THE GLASGOW MT CLIMATE SUMMARY FOR JULY 22 2017...

CLIMATE NORMAL PERIOD 1981 TO 2010
CLIMATE RECORD PERIOD 1893 TO 2017


WEATHER ITEM   OBSERVED TIME   RECORD YEAR NORMAL DEPARTURE LAST
                VALUE   (LST)  VALUE       VALUE  FROM      YEAR
                                                  NORMAL
..................................................................
TEMPERATURE (F)
 YESTERDAY
  MAXIMUM         87    504 PM 103    2007  87      0       93
                                      1963
  MINIMUM         57    122 AM  45    1950  58     -1       61
                                      1926
                                      1913
  AVERAGE         72                        72      0       77

PRECIPITATION (IN)
  YESTERDAY        0.00          1.55 2011   0.06  -0.06      T
  MONTH TO DATE    0.48                      1.35  -0.87     2.84
  SINCE OCT 1      6.76                      9.05  -2.29    17.54
  SINCE JAN 1      3.23                      7.50  -4.27    14.56

SNOWFALL (IN)
  YESTERDAY        0.0           0.0  2002   0.0    0.0      0.0
                                      2001
                                      2000
  MONTH TO DATE    0.0                       0.0    0.0      0.0
  SINCE JUN 1      0.0                       0.0    0.0      0.0
  SINCE JUL 1      0.0                       0.0    0.0      0.0
  SNOW DEPTH       0

DEGREE DAYS
 HEATING
  YESTERDAY        0                         0      0        0
  MONTH TO DATE    0                        15    -15        8
  SINCE JUN 1     47                       120    -73       40
  SINCE JUL 1      0                        15    -15        8

 COOLING
  YESTERDAY        7                         8     -1       12
  MONTH TO DATE  270                       135    135      101
  SINCE JUN 1    350                       210    140      170
  SINCE JAN 1    365                       227    138      181
..................................................................


WIND (MPH)
  HIGHEST WIND SPEED    22   HIGHEST WIND DIRECTION    NW (320)
  HIGHEST GUST SPEED    26   HIGHEST GUST DIRECTION    NW (300)
  AVERAGE WIND SPEED    10.2


SKY COVER
  POSSIBLE SUNSHINE  MM
  AVERAGE SKY COVER 0.0


WEATHER CONDITIONS
 THE FOLLOWING WEATHER WAS RECORDED YESTERDAY.
  NO SIGNIFICANT WEATHER WAS OBSERVED.


RELATIVE HUMIDITY (PERCENT)
 HIGHEST    57           500 AM
 LOWEST     21           300 PM
 AVERAGE    39

..........................................................


THE GLASGOW MT CLIMATE NORMALS FOR TODAY
                         NORMAL    RECORD    YEAR
 MAXIMUM TEMPERATURE (F)   87       106      1931
 MINIMUM TEMPERATURE (F)   58        36      1911


SUNRISE AND SUNSET
JULY 23 2017..........SUNRISE   531 AM MDT   SUNSET   854 PM MDT
JULY 24 2017..........SUNRISE   532 AM MDT   SUNSET   853 PM MDT


-  INDICATES NEGATIVE NUMBERS.
R  INDICATES RECORD WAS SET OR TIED.
MM INDICATES DATA IS MISSING.
T  INDICATES TRACE AMOUNT.




$$
