000
CDUS45 KGGW 240018
CLIGGW


CLIMATE REPORT
NATIONAL WEATHER SERVICE GLASGOW MT
517 PM MST MON JAN 23 2017


...................................

...THE GLASGOW MT CLIMATE SUMMARY FOR JANUARY 23 2017...
VALID TODAY AS OF 0500 PM LOCAL TIME.

CLIMATE NORMAL PERIOD 1981 TO 2010
CLIMATE RECORD PERIOD 1893 TO 2017


WEATHER ITEM   OBSERVED TIME   RECORD YEAR NORMAL DEPARTURE LAST
                VALUE   (LST)  VALUE       VALUE  FROM      YEAR
                                                  NORMAL
..................................................................
TEMPERATURE (F)
 TODAY
  MAXIMUM         28   1102 AM  61    1944  24      4       39
  MINIMUM         23    515 PM -44    1897   5     18       25
  AVERAGE         26                        14     12       32

PRECIPITATION (IN)
  TODAY            0.03          0.50 1918   0.01   0.02     0.00
  MONTH TO DATE    0.46                      0.30   0.16     0.24
  SINCE OCT 1      3.99                      1.85   2.14     3.22
  SINCE JAN 1      0.46                      0.30   0.16     0.24

SNOWFALL (IN)
  TODAY            0.6           6.6  2010   0.2    0.4      0.0
  MONTH TO DATE   12.2                       6.4    5.8      4.1
  SINCE DEC 1     21.4                      14.4    7.0     16.9
  SINCE JUL 1     21.8                      21.0    0.8     17.9
  SNOW DEPTH       3

DEGREE DAYS
 HEATING
  TODAY           39                        51    -12       33
  MONTH TO DATE 1345                      1188    157     1209
  SINCE DEC 1   2982                      2697    285     2552
  SINCE JUL 1   4601                      4690    -89     4214

 COOLING
  TODAY            0                         0      0        0
  MONTH TO DATE    0                         0      0        0
  SINCE DEC 1      0                         0      0        0
  SINCE JAN 1      0                         0      0        0
..................................................................


WIND (MPH)
  HIGHEST WIND SPEED    12   HIGHEST WIND DIRECTION    NW (320)
  HIGHEST GUST SPEED    MM   HIGHEST GUST DIRECTION    MM
  AVERAGE WIND SPEED     6.4


SKY COVER
  POSSIBLE SUNSHINE  MM
  AVERAGE SKY COVER 1.0


WEATHER CONDITIONS
 THE FOLLOWING WEATHER WAS RECORDED TODAY.
  SNOW
  LIGHT SNOW
  FOG


RELATIVE HUMIDITY (PERCENT)
 HIGHEST    92           400 AM
 LOWEST     81           200 PM
 AVERAGE    87

..........................................................


THE GLASGOW MT CLIMATE NORMALS FOR TOMORROW
                         NORMAL    RECORD    YEAR
 MAXIMUM TEMPERATURE (F)   24        55      1968
 MINIMUM TEMPERATURE (F)    5       -45      1920


SUNRISE AND SUNSET
JANUARY 23 2017.......SUNRISE   745 AM MST   SUNSET   453 PM MST
JANUARY 24 2017.......SUNRISE   744 AM MST   SUNSET   454 PM MST


-  INDICATES NEGATIVE NUMBERS.
R  INDICATES RECORD WAS SET OR TIED.
MM INDICATES DATA IS MISSING.
T  INDICATES TRACE AMOUNT.




$$
