000
CDUS45 KGGW 240748
CLIGGW


CLIMATE REPORT
NATIONAL WEATHER SERVICE GLASGOW MT
1242 AM MST FRI NOV 24 2017


...................................

...THE GLASGOW MT CLIMATE SUMMARY FOR NOVEMBER 23 2017...

CLIMATE NORMAL PERIOD 1981 TO 2010
CLIMATE RECORD PERIOD 1893 TO 2017


WEATHER ITEM   OBSERVED TIME   RECORD YEAR NORMAL DEPARTURE LAST
                VALUE   (LST)  VALUE       VALUE  FROM      YEAR
                                                  NORMAL
..................................................................
TEMPERATURE (F)
 YESTERDAY
  MAXIMUM         73R   229 PM  61    2011  35     38       35
  MINIMUM         32   1224 AM -26    1985  15     17       29
  AVERAGE         53                        25     28       32

PRECIPITATION (IN)
  YESTERDAY        0.06          0.42 1993   0.02   0.04     0.00
  MONTH TO DATE    0.17                      0.32  -0.15     0.06
  SINCE OCT 1      1.08                      1.07   0.01     3.17
  SINCE JAN 1      5.92                     11.18  -5.26    20.50

SNOWFALL (IN)
  YESTERDAY        0.0          10.4  1993   0.2   -0.2      0.0
  MONTH TO DATE    0.9                       3.7   -2.8       T
  SINCE SEP 1      1.6                       5.2   -3.6      0.4
  SINCE JUL 1      1.6                       5.2   -3.6      0.4
  SNOW DEPTH       0

DEGREE DAYS
 HEATING
  YESTERDAY       12                        40    -28       33
  MONTH TO DATE  895                       777    118      515
  SINCE SEP 1   1742                      1648     94     1354
  SINCE JUL 1   1749                      1701     48     1388

 COOLING
  YESTERDAY        0                         0      0        0
  MONTH TO DATE    0                         0      0        0
  SINCE SEP 1     54                        38     16       29
  SINCE JAN 1    684                       533    151      434
..................................................................


WIND (MPH)
  HIGHEST WIND SPEED    36   HIGHEST WIND DIRECTION     W (250)
  HIGHEST GUST SPEED    50   HIGHEST GUST DIRECTION     W (290)
  AVERAGE WIND SPEED    11.4


SKY COVER
  POSSIBLE SUNSHINE  MM
  AVERAGE SKY COVER 0.1


WEATHER CONDITIONS
 THE FOLLOWING WEATHER WAS RECORDED YESTERDAY.
  LIGHT RAIN


RELATIVE HUMIDITY (PERCENT)
 HIGHEST   100          1200 AM
 LOWEST     27           300 PM
 AVERAGE    64

..........................................................


THE GLASGOW MT CLIMATE NORMALS FOR TODAY
                         NORMAL    RECORD    YEAR
 MAXIMUM TEMPERATURE (F)   35        61      1923
                                             1920
 MINIMUM TEMPERATURE (F)   15       -19      1985


SUNRISE AND SUNSET
NOVEMBER 24 2017......SUNRISE   727 AM MST   SUNSET   419 PM MST
NOVEMBER 25 2017......SUNRISE   729 AM MST   SUNSET   418 PM MST


-  INDICATES NEGATIVE NUMBERS.
R  INDICATES RECORD WAS SET OR TIED.
MM INDICATES DATA IS MISSING.
T  INDICATES TRACE AMOUNT.




$$
