000
CDUS45 KGGW 301232
CLIGGW

CLIMATE REPORT
NATIONAL WEATHER SERVICE GLASGOW MT
631 AM MDT TUE AUG 30 2016


...................................

...THE GLASGOW MT CLIMATE SUMMARY FOR AUGUST 30 2016...
VALID AS OF 0600 AM LOCAL TIME.

CLIMATE NORMAL PERIOD 1981 TO 2010
CLIMATE RECORD PERIOD 1893 TO 2016


WEATHER ITEM   OBSERVED TIME   RECORD YEAR NORMAL DEPARTURE LAST
                VALUE   (LST)  VALUE       VALUE  FROM      YEAR
                                                  NORMAL
..................................................................
TEMPERATURE (F)
 TODAY
  MINIMUM         59    530 AM  37    1912  52      7       57

PRECIPITATION (IN)
  TODAY            0.00          1.22 1957   0.04  -0.04     0.15
  MONTH TO DATE    0.52                      1.21  -0.69     0.80
  SINCE OCT 1     18.64                     10.69   7.95    10.71
  SINCE JAN 1     15.66                      9.14   6.52     9.45

SNOWFALL (IN)
  TODAY            0.0           0.0  2002   0.0    0.0      0.0
                                      2001
                                      2000
  MONTH TO DATE    0.0                       0.0    0.0      0.0
  SINCE JUN 1      0.0                       0.0    0.0      0.0
  SINCE JUL 1      0.0                       0.0    0.0      0.0
  SNOW DEPTH       0

DEGREE DAYS
 HEATING
  TODAY            3                         3      0        0
  MONTH TO DATE   29                        31     -2       43
  SINCE JUN 1     69                       154    -85       94
  SINCE JUL 1     37                        49    -12       48

 COOLING
  TODAY            0                         4     -4        7
  MONTH TO DATE  135                       193    -58      216
  SINCE JUN 1    370                       475   -105      564
  SINCE JAN 1    381                       492   -111      564
..................................................................





WEATHER CONDITIONS
 THE FOLLOWING WEATHER WAS RECORDED TODAY.
  NO SIGNIFICANT WEATHER WAS OBSERVED.


RELATIVE HUMIDITY (PERCENT)
 HIGHEST    60           500 AM

..........................................................


THE GLASGOW MT CLIMATE NORMALS FOR TOMORROW
                         NORMAL    RECORD    YEAR
 MAXIMUM TEMPERATURE (F)   79       104      1929
                                             1919
 MINIMUM TEMPERATURE (F)   51        36      1949


SUNRISE AND SUNSET
AUGUST 30 2016........SUNRISE   622 AM MDT   SUNSET   751 PM MDT
AUGUST 31 2016........SUNRISE   624 AM MDT   SUNSET   749 PM MDT


-  INDICATES NEGATIVE NUMBERS.
R  INDICATES RECORD WAS SET OR TIED.
MM INDICATES DATA IS MISSING.
T  INDICATES TRACE AMOUNT.




$$
