000
CDUS45 KGGW 261230
CLIGGW


CLIMATE REPORT
NATIONAL WEATHER SERVICE GLASGOW MT
630 AM MDT SAT JUL 26 2014


...................................

...THE GLASGOW MT CLIMATE SUMMARY FOR JULY 26 2014...
VALID AS OF 0600 AM LOCAL TIME.

CLIMATE NORMAL PERIOD 1981 TO 2010
CLIMATE RECORD PERIOD 1893 TO 2014


WEATHER ITEM   OBSERVED TIME   RECORD YEAR NORMAL DEPARTURE LAST
                VALUE   (LST)  VALUE       VALUE  FROM      YEAR
                                                  NORMAL
..................................................................
TEMPERATURE (F)
 TODAY
  MINIMUM         55    200 AM  38    1913  59     -4       47

PRECIPITATION (IN)
  TODAY            0.00          1.41 2011   0.05  -0.05     0.00
  MONTH TO DATE    0.58                      1.55  -0.97     0.84
  SINCE OCT 1      7.68                      9.25  -1.57    14.50
  SINCE JAN 1      6.23                      7.70  -1.47    12.30

SNOWFALL (IN)
  TODAY            0.0           0.0  2002   0.0    0.0      0.0
                                      2001
                                      2000
  MONTH TO DATE    0.0                       0.0    0.0      0.0
  SINCE JUN 1      0.0                       0.0    0.0      0.0
  SINCE JUL 1      0.0                       0.0    0.0      0.0
  SNOW DEPTH       0

DEGREE DAYS
 HEATING
  TODAY            7                         0      7        5
  MONTH TO DATE   11                        15     -4       10
  SINCE JUN 1    119                       120     -1       94
  SINCE JUL 1     11                        15     -4       10

 COOLING
  TODAY            0                         8     -8        0
  MONTH TO DATE  167                       167      0      161
  SINCE JUN 1    187                       242    -55      210
  SINCE JAN 1    221                       259    -38      219
..................................................................





WEATHER CONDITIONS
 THE FOLLOWING WEATHER WAS RECORDED TODAY.
  NO SIGNIFICANT WEATHER WAS OBSERVED.


RELATIVE HUMIDITY (PERCENT)
 HIGHEST    77           200 AM

..........................................................


THE GLASGOW MT CLIMATE NORMALS FOR TOMORROW
                         NORMAL    RECORD    YEAR
 MAXIMUM TEMPERATURE (F)   87       106      1951
                                             1933
 MINIMUM TEMPERATURE (F)   59        41      1894


SUNRISE AND SUNSET
JULY 26 2014..........SUNRISE   535 AM MDT   SUNSET   851 PM MDT
JULY 27 2014..........SUNRISE   536 AM MDT   SUNSET   849 PM MDT


-  INDICATES NEGATIVE NUMBERS.
R  INDICATES RECORD WAS SET OR TIED.
MM INDICATES DATA IS MISSING.
T  INDICATES TRACE AMOUNT.

$$
