594
CDUS45 KGGW 270740
CLIGGW


CLIMATE REPORT
NATIONAL WEATHER SERVICE GLASGOW MT
140 AM MDT SAT MAY 27 2017


...................................

...THE GLASGOW MT CLIMATE SUMMARY FOR MAY 26 2017...

CLIMATE NORMAL PERIOD 1981 TO 2010
CLIMATE RECORD PERIOD 1893 TO 2017


WEATHER ITEM   OBSERVED TIME   RECORD YEAR NORMAL DEPARTURE LAST
                VALUE   (LST)  VALUE       VALUE  FROM      YEAR
                                                  NORMAL
..................................................................
TEMPERATURE (F)
 YESTERDAY
  MAXIMUM         71    215 PM  99    1934  71      0       64
  MINIMUM         41    408 AM  27    1904  46     -5       43
  AVERAGE         56                        58     -2       54

PRECIPITATION (IN)
  YESTERDAY        T             1.34 1915   0.07  -0.07     0.23
  MONTH TO DATE    0.58                      1.51  -0.93     4.08
  SINCE OCT 1      6.14                      4.96   1.18    10.81
  SINCE JAN 1      2.61                      3.41  -0.80     7.83

SNOWFALL (IN)
  YESTERDAY        0.0           T    1965   0.0    0.0      0.0
  MONTH TO DATE    0.0                       1.2   -1.2      0.0
  SINCE MAR 1      6.2                       7.8   -1.6      6.1
  SINCE JUL 1     37.7                      34.8    2.9     27.6
  SNOW DEPTH       0

DEGREE DAYS
 HEATING
  YESTERDAY        9                         8      1       11
  MONTH TO DATE  242                       290    -48      234
  SINCE MAR 1   1779                      1927   -148     1557
  SINCE JUL 1   7886                      8297   -411     7022

 COOLING
  YESTERDAY        0                         1     -1        0
  MONTH TO DATE   15                         6      9       11
  SINCE MAR 1     15                         7      8       11
  SINCE JAN 1     15                         7      8       11
..................................................................


WIND (MPH)
  HIGHEST WIND SPEED    28   HIGHEST WIND DIRECTION    NW (310)
  HIGHEST GUST SPEED    32   HIGHEST GUST DIRECTION    NW (310)
  AVERAGE WIND SPEED    12.4


SKY COVER
  POSSIBLE SUNSHINE  MM
  AVERAGE SKY COVER 0.3


WEATHER CONDITIONS
 THE FOLLOWING WEATHER WAS RECORDED YESTERDAY.
  LIGHT RAIN


RELATIVE HUMIDITY (PERCENT)
 HIGHEST    79           400 AM
 LOWEST     22           200 PM
 AVERAGE    51

..........................................................


THE GLASGOW MT CLIMATE NORMALS FOR TODAY
                         NORMAL    RECORD    YEAR
 MAXIMUM TEMPERATURE (F)   71        96      1934
                                             1919
 MINIMUM TEMPERATURE (F)   46        28      1947


SUNRISE AND SUNSET
MAY 27 2017...........SUNRISE   514 AM MDT   SUNSET   854 PM MDT
MAY 28 2017...........SUNRISE   513 AM MDT   SUNSET   855 PM MDT


-  INDICATES NEGATIVE NUMBERS.
R  INDICATES RECORD WAS SET OR TIED.
MM INDICATES DATA IS MISSING.
T  INDICATES TRACE AMOUNT.




$$
