000
CDUS45 KGJT 220828
CLIGJT


CLIMATE REPORT
NATIONAL WEATHER SERVICE GRAND JUNCTION CO
124 AM MST SUN JAN 22 2017


...................................

...THE GRAND JUNCTION CO CLIMATE SUMMARY FOR JANUARY 21 2017...

CLIMATE NORMAL PERIOD 1981 TO 2010
CLIMATE RECORD PERIOD 1893 TO 2017


WEATHER ITEM   OBSERVED TIME   RECORD YEAR NORMAL DEPARTURE LAST
                VALUE   (LST)  VALUE       VALUE  FROM      YEAR
                                                  NORMAL
..................................................................
TEMPERATURE (F)
 YESTERDAY
  MAXIMUM         36    933 PM  54    1964  38     -2       35
  MINIMUM         30    817 AM -10    1930  17     13        9
  AVERAGE         33                        28      5       22

PRECIPITATION (IN)
  YESTERDAY        0.10          0.27 1927   0.02   0.08     0.00
  MONTH TO DATE    0.92                      0.41   0.51     0.51
  SINCE DEC 1      1.65                      1.00   0.65     1.20
  SINCE JAN 1      0.92                      0.41   0.51     0.51

SNOWFALL (IN)
  YESTERDAY        1.1           3.1  1974   0.1    1.0      0.0
  MONTH TO DATE    6.5                       3.6    2.9      6.6
  SINCE DEC 1     10.0                       8.5    1.5     16.1
  SINCE JUL 1     10.5                      11.0   -0.5     19.5
  SNOW DEPTH       0

DEGREE DAYS
 HEATING
  YESTERDAY       32                        37     -5       43
  MONTH TO DATE  711                       801    -90      884
  SINCE DEC 1   1788                      1932   -144     2111
  SINCE JUL 1   2658                      3160   -502     3160

 COOLING
  YESTERDAY        0                         0      0        0
  MONTH TO DATE    0                         0      0        0
  SINCE DEC 1      0                         0      0        0
  SINCE JAN 1      0                         0      0        0
..................................................................


WIND (MPH)
  HIGHEST WIND SPEED    21   HIGHEST WIND DIRECTION    NW (310)
  HIGHEST GUST SPEED    26   HIGHEST GUST DIRECTION    NW (310)
  AVERAGE WIND SPEED     8.3


SKY COVER
  POSSIBLE SUNSHINE  MM
  AVERAGE SKY COVER 1.0


WEATHER CONDITIONS
 THE FOLLOWING WEATHER WAS RECORDED YESTERDAY.
  LIGHT RAIN
  LIGHT SNOW
  FOG


RELATIVE HUMIDITY (PERCENT)
 HIGHEST   100           800 AM
 LOWEST     70           900 PM
 AVERAGE    85

..........................................................


THE GRAND JUNCTION CO CLIMATE NORMALS FOR TODAY
                         NORMAL    RECORD    YEAR
 MAXIMUM TEMPERATURE (F)   38        54      1981
 MINIMUM TEMPERATURE (F)   17       -18      1930


SUNRISE AND SUNSET
JANUARY 22 2017.......SUNRISE   728 AM MST   SUNSET   524 PM MST
JANUARY 23 2017.......SUNRISE   727 AM MST   SUNSET   525 PM MST


-  INDICATES NEGATIVE NUMBERS.
R  INDICATES RECORD WAS SET OR TIED.
MM INDICATES DATA IS MISSING.
T  INDICATES TRACE AMOUNT.




$$
