000
CDUS45 KGJT 210747
CLIGJT


CLIMATE REPORT
NATIONAL WEATHER SERVICE GRAND JUNCTION CO
130 AM MDT SUN SEP 21 2014


...................................

...THE GRAND JUNCTION CO CLIMATE SUMMARY FOR SEPTEMBER 20 2014...

CLIMATE NORMAL PERIOD 1981 TO 2010
CLIMATE RECORD PERIOD 1893 TO 2014


WEATHER ITEM   OBSERVED TIME   RECORD YEAR NORMAL DEPARTURE LAST
                VALUE   (LST)  VALUE       VALUE  FROM      YEAR
                                                  NORMAL
..................................................................
TEMPERATURE (F)
 YESTERDAY
  MAXIMUM         90    405 PM  91    1935  78     12       80
                                      1926
  MINIMUM         57    527 AM  29    1978  50      7       47
  AVERAGE         74                        64     10       64

PRECIPITATION (IN)
  YESTERDAY        0.00          0.68 1969   0.04  -0.04     0.00
  MONTH TO DATE    0.44                      0.78  -0.34     2.37
  SINCE SEP 1      0.44                      0.78  -0.34     2.37
  SINCE JAN 1      8.53                      6.63   1.90     8.34

SNOWFALL (IN)
  YESTERDAY        0.0           0.0  2013   0.0    0.0      0.0
  MONTH TO DATE    0.0                       0.0    0.0      0.0
  SINCE SEP 1      0.0                       0.0    0.0      0.0
  SINCE JUL 1      0.0                       0.0    0.0      0.0
  SNOW DEPTH       0

DEGREE DAYS
 HEATING
  YESTERDAY        0                         3     -3        1
  MONTH TO DATE   10                        27    -17       15
  SINCE SEP 1     10                        27    -17       15
  SINCE JUL 1     15                        30    -15       15

 COOLING
  YESTERDAY        9                         2      7        0
  MONTH TO DATE   86                        90     -4      132
  SINCE SEP 1     86                        90     -4      132
  SINCE JAN 1   1012                      1109    -97     1258
..................................................................


WIND (MPH)
  HIGHEST WIND SPEED    17   HIGHEST WIND DIRECTION    NE (40)
  HIGHEST GUST SPEED    23   HIGHEST GUST DIRECTION    NE (50)
  AVERAGE WIND SPEED     8.0


SKY COVER
  POSSIBLE SUNSHINE  MM
  AVERAGE SKY COVER 0.0


WEATHER CONDITIONS
 THE FOLLOWING WEATHER WAS RECORDED YESTERDAY.
  NO SIGNIFICANT WEATHER WAS OBSERVED.


RELATIVE HUMIDITY (PERCENT)
 HIGHEST    57           600 AM
 LOWEST     16           600 PM
 AVERAGE    37

..........................................................


THE GRAND JUNCTION CO CLIMATE NORMALS FOR TODAY
                         NORMAL    RECORD    YEAR
 MAXIMUM TEMPERATURE (F)   78        90      1935
 MINIMUM TEMPERATURE (F)   50        32      1895


SUNRISE AND SUNSET
SEPTEMBER 21 2014.....SUNRISE   701 AM MDT   SUNSET   713 PM MDT
SEPTEMBER 22 2014.....SUNRISE   702 AM MDT   SUNSET   711 PM MDT


-  INDICATES NEGATIVE NUMBERS.
R  INDICATES RECORD WAS SET OR TIED.
MM INDICATES DATA IS MISSING.
T  INDICATES TRACE AMOUNT.




$$
