000
CDUS45 KGJT 280738
CLIGJT


CLIMATE REPORT
NATIONAL WEATHER SERVICE GRAND JUNCTION CO
135 AM MDT WED JUN 28 2017


...................................

...THE GRAND JUNCTION CO CLIMATE SUMMARY FOR JUNE 27 2017...

CLIMATE NORMAL PERIOD 1981 TO 2010
CLIMATE RECORD PERIOD 1893 TO 2017


WEATHER ITEM   OBSERVED TIME   RECORD YEAR NORMAL DEPARTURE LAST
                VALUE   (LST)  VALUE       VALUE  FROM      YEAR
                                                  NORMAL
..................................................................
TEMPERATURE (F)
 YESTERDAY
  MAXIMUM         97    443 PM 105    1990  92      5       97
  MINIMUM         67    355 AM  46    1969  60      7       56
  AVERAGE         82                        76      6       77

PRECIPITATION (IN)
  YESTERDAY        0.00          0.31 1920   0.02  -0.02     0.00
  MONTH TO DATE    0.03                      0.42  -0.39     0.02
  SINCE JUN 1      0.03                      0.42  -0.39     0.02
  SINCE JAN 1      2.86                      4.25  -1.39     4.99

SNOWFALL (IN)
  YESTERDAY        0.0           0.0  2016   0.0    0.0      0.0
  MONTH TO DATE    0.0                       0.0    0.0      0.0
  SINCE JUN 1      0.0                       0.0    0.0      0.0
  SINCE JUL 1     13.9                      19.1   -5.2     28.5
  SNOW DEPTH       0

DEGREE DAYS
 HEATING
  YESTERDAY        0                         0      0        0
  MONTH TO DATE    4                        20    -16        1
  SINCE JUN 1      4                        20    -16        1
  SINCE JUL 1   4625                      5609   -984     5715

 COOLING
  YESTERDAY       17                        11      6       12
  MONTH TO DATE  337                       197    140      307
  SINCE JUN 1    337                       197    140      307
  SINCE JAN 1    383                       248    135      320
..................................................................


WIND (MPH)
  HIGHEST WIND SPEED    26   HIGHEST WIND DIRECTION     W (260)
  HIGHEST GUST SPEED    33   HIGHEST GUST DIRECTION     W (270)
  AVERAGE WIND SPEED    11.1


SKY COVER
  POSSIBLE SUNSHINE  MM
  AVERAGE SKY COVER 0.0


WEATHER CONDITIONS
 THE FOLLOWING WEATHER WAS RECORDED YESTERDAY.
  NO SIGNIFICANT WEATHER WAS OBSERVED.


RELATIVE HUMIDITY (PERCENT)
 HIGHEST    26           400 AM
 LOWEST      5           200 PM
 AVERAGE    16

..........................................................


THE GRAND JUNCTION CO CLIMATE NORMALS FOR TODAY
                         NORMAL    RECORD    YEAR
 MAXIMUM TEMPERATURE (F)   92       104      1900
 MINIMUM TEMPERATURE (F)   60        46      1942


SUNRISE AND SUNSET
JUNE 28 2017..........SUNRISE   551 AM MDT   SUNSET   844 PM MDT
JUNE 29 2017..........SUNRISE   551 AM MDT   SUNSET   844 PM MDT


-  INDICATES NEGATIVE NUMBERS.
R  INDICATES RECORD WAS SET OR TIED.
MM INDICATES DATA IS MISSING.
T  INDICATES TRACE AMOUNT.




$$
