000
CDUS45 KGJT 050738
CLIGJT


CLIMATE REPORT
NATIONAL WEATHER SERVICE GRAND JUNCTION CO
130 AM MDT SUN JUL 5 2015


...................................

...THE GRAND JUNCTION CO CLIMATE SUMMARY FOR JULY 4 2015...

CLIMATE NORMAL PERIOD 1981 TO 2010
CLIMATE RECORD PERIOD 1893 TO 2015


WEATHER ITEM   OBSERVED TIME   RECORD YEAR NORMAL DEPARTURE LAST
                VALUE   (LST)  VALUE       VALUE  FROM      YEAR
                                                  NORMAL
..................................................................
TEMPERATURE (F)
 YESTERDAY
  MAXIMUM         94    311 PM 104    2001  93      1       95
  MINIMUM         69   1159 PM  48    1995  62      7       69
                                      1903
  AVERAGE         82                        77      5       82

PRECIPITATION (IN)
  YESTERDAY        0.12          0.45 1921   0.02   0.10     0.00
  MONTH TO DATE    0.12                      0.06   0.06      T
  SINCE JUN 1      1.31                      0.52   0.79     0.13
  SINCE JAN 1      6.41                      4.35   2.06     3.91

SNOWFALL (IN)
  YESTERDAY        0.0           0.0  2014   0.0    0.0      0.0
  MONTH TO DATE    0.0                       0.0    0.0      0.0
  SINCE JUN 1      0.0                       0.0    0.0      0.0
  SINCE JUL 1      0.0                       0.0    0.0      0.0
  SNOW DEPTH       0

DEGREE DAYS
 HEATING
  YESTERDAY        0                         0      0        0
  MONTH TO DATE    0                         0      0        0
  SINCE JUN 1     12                        22    -10       19
  SINCE JUL 1      0                         0      0        0

 COOLING
  YESTERDAY       17                        12      5       17
  MONTH TO DATE   68                        48     20       57
  SINCE JUN 1    358                       279     79      255
  SINCE JAN 1    366                       330     36      314
..................................................................


WIND (MPH)
  HIGHEST WIND SPEED    32   HIGHEST WIND DIRECTION     E (70)
  HIGHEST GUST SPEED    37   HIGHEST GUST DIRECTION     E (70)
  AVERAGE WIND SPEED    12.5


SKY COVER
  POSSIBLE SUNSHINE  MM
  AVERAGE SKY COVER 0.1


WEATHER CONDITIONS
 THE FOLLOWING WEATHER WAS RECORDED YESTERDAY.
  LIGHT RAIN


RELATIVE HUMIDITY (PERCENT)
 HIGHEST    44           200 AM
 LOWEST     20           500 PM
 AVERAGE    32

..........................................................


THE GRAND JUNCTION CO CLIMATE NORMALS FOR TODAY
                         NORMAL    RECORD    YEAR
 MAXIMUM TEMPERATURE (F)   93       104      1989
 MINIMUM TEMPERATURE (F)   62        44      1993


SUNRISE AND SUNSET
JULY  5 2015..........SUNRISE   554 AM MDT   SUNSET   843 PM MDT
JULY  6 2015..........SUNRISE   555 AM MDT   SUNSET   843 PM MDT


-  INDICATES NEGATIVE NUMBERS.
R  INDICATES RECORD WAS SET OR TIED.
MM INDICATES DATA IS MISSING.
T  INDICATES TRACE AMOUNT.




$$
