000
CDUS45 KGJT 022330
CLIGJT


CLIMATE REPORT
NATIONAL WEATHER SERVICE GRAND JUNCTION CO
525 PM MDT TUE JUN 2 2015


...................................

...THE GRAND JUNCTION CO CLIMATE SUMMARY FOR JUNE 2 2015...
VALID TODAY AS OF 0500 PM LOCAL TIME.

CLIMATE NORMAL PERIOD 1981 TO 2010
CLIMATE RECORD PERIOD 1893 TO 2015


WEATHER ITEM   OBSERVED TIME   RECORD YEAR NORMAL DEPARTURE LAST
                VALUE   (LST)  VALUE       VALUE  FROM      YEAR
                                                  NORMAL
..................................................................
TEMPERATURE (F)
 TODAY
  MAXIMUM         88    316 PM  96    1977  83      5       88
  MINIMUM         58    154 AM  35    1990  52      6       49
  AVERAGE         73                        67      6       69

PRECIPITATION (IN)
  TODAY            0.00          0.63 1943   0.02  -0.02     0.00
  MONTH TO DATE    T                         0.04  -0.04     0.00
  SINCE JUN 1      T                         0.04  -0.04     0.00
  SINCE JAN 1      5.10                      3.87   1.23     3.78

SNOWFALL (IN)
  TODAY            0.0           0.0  2002   0.0    0.0      0.0
                                      2001
  MONTH TO DATE    0.0                       0.0    0.0      0.0
  SINCE JUN 1      0.0                       0.0    0.0      0.0
  SINCE JUL 1     12.6                      19.1   -6.5     25.7
  SNOW DEPTH       0

DEGREE DAYS
 HEATING
  TODAY            0                         2     -2        0
  MONTH TO DATE    0                         4     -4        0
  SINCE JUN 1      0                         4     -4        0
  SINCE JUL 1   5167                      5593   -426     6250

 COOLING
  TODAY            8                         4      4        4
  MONTH TO DATE   19                         8     11        9
  SINCE JUN 1     19                         8     11        9
  SINCE JAN 1     27                        59    -32       68
..................................................................


WIND (MPH)
  HIGHEST WIND SPEED    17   HIGHEST WIND DIRECTION    NW (310)
  HIGHEST GUST SPEED    23   HIGHEST GUST DIRECTION     W (270)
  AVERAGE WIND SPEED    10.9


SKY COVER
  POSSIBLE SUNSHINE  MM
  AVERAGE SKY COVER 0.0


WEATHER CONDITIONS
 THE FOLLOWING WEATHER WAS RECORDED TODAY.
  NO SIGNIFICANT WEATHER WAS OBSERVED.


RELATIVE HUMIDITY (PERCENT)
 HIGHEST    39           200 AM
 LOWEST      7           400 PM
 AVERAGE    23

..........................................................


THE GRAND JUNCTION CO CLIMATE NORMALS FOR TOMORROW
                         NORMAL    RECORD    YEAR
 MAXIMUM TEMPERATURE (F)   83        96      2012
                                             1977
 MINIMUM TEMPERATURE (F)   52        40      1943


SUNRISE AND SUNSET
JUNE  2 2015..........SUNRISE   550 AM MDT   SUNSET   835 PM MDT
JUNE  3 2015..........SUNRISE   549 AM MDT   SUNSET   836 PM MDT


-  INDICATES NEGATIVE NUMBERS.
R  INDICATES RECORD WAS SET OR TIED.
MM INDICATES DATA IS MISSING.
T  INDICATES TRACE AMOUNT.




$$
