000
CDUS45 KGJT 280739
CLIGJT


CLIMATE REPORT
NATIONAL WEATHER SERVICE GRAND JUNCTION CO
1230 AM MST WED JAN 28 2015


...................................

...THE GRAND JUNCTION CO CLIMATE SUMMARY FOR JANUARY 27 2015...

CLIMATE NORMAL PERIOD 1981 TO 2010
CLIMATE RECORD PERIOD 1893 TO 2015


WEATHER ITEM   OBSERVED TIME   RECORD YEAR NORMAL DEPARTURE LAST
                VALUE   (LST)  VALUE       VALUE  FROM      YEAR
                                                  NORMAL
..................................................................
TEMPERATURE (F)
 YESTERDAY
  MAXIMUM         51    356 PM  55    1971  39     12       37
                                      1970
                                      1956
  MINIMUM         25    753 AM -14    1917  18      7       16
  AVERAGE         38                        29      9       27

PRECIPITATION (IN)
  YESTERDAY        0.00          0.30 1969   0.01  -0.01     0.00
  MONTH TO DATE    0.44                      0.51  -0.07     0.04
  SINCE DEC 1      1.50                      1.10   0.40     1.00
  SINCE JAN 1      0.44                      0.51  -0.07     0.04

SNOWFALL (IN)
  YESTERDAY        0.0           4.3  1957   0.1   -0.1      0.0
  MONTH TO DATE    1.3                       4.4   -3.1      0.7
  SINCE DEC 1      6.9                       9.3   -2.4     11.4
  SINCE JUL 1      6.9                      11.8   -4.9     16.2
  SNOW DEPTH       0

DEGREE DAYS
 HEATING
  YESTERDAY       27                        36     -9       38
  MONTH TO DATE  930                      1022    -92     1115
  SINCE DEC 1   1944                      2153   -209     2631
  SINCE JUL 1   3168                      3381   -213     3970

 COOLING
  YESTERDAY        0                         0      0        0
  MONTH TO DATE    0                         0      0        0
  SINCE DEC 1      0                         0      0        0
  SINCE JAN 1      0                         0      0        0
..................................................................


WIND (MPH)
  HIGHEST WIND SPEED    14   HIGHEST WIND DIRECTION     N (340)
  HIGHEST GUST SPEED    16   HIGHEST GUST DIRECTION     N (340)
  AVERAGE WIND SPEED     6.5


SKY COVER
  POSSIBLE SUNSHINE  MM
  AVERAGE SKY COVER 0.4


WEATHER CONDITIONS
 THE FOLLOWING WEATHER WAS RECORDED YESTERDAY.
  NO SIGNIFICANT WEATHER WAS OBSERVED.


RELATIVE HUMIDITY (PERCENT)
 HIGHEST    92           700 AM
 LOWEST     38           400 PM
 AVERAGE    65

..........................................................


THE GRAND JUNCTION CO CLIMATE NORMALS FOR TODAY
                         NORMAL    RECORD    YEAR
 MAXIMUM TEMPERATURE (F)   39        57      1931
 MINIMUM TEMPERATURE (F)   18       -11      1948


SUNRISE AND SUNSET
JANUARY 28 2015.......SUNRISE   724 AM MST   SUNSET   530 PM MST
JANUARY 29 2015.......SUNRISE   723 AM MST   SUNSET   531 PM MST


-  INDICATES NEGATIVE NUMBERS.
R  INDICATES RECORD WAS SET OR TIED.
MM INDICATES DATA IS MISSING.
T  INDICATES TRACE AMOUNT.




$$
