000
CDUS45 KGJT 230731
CLIGJT


CLIMATE REPORT
NATIONAL WEATHER SERVICE GRAND JUNCTION CO
129 AM MDT THU MAR 23 2017


...................................

...THE GRAND JUNCTION CO CLIMATE SUMMARY FOR MARCH 22 2017...

CLIMATE NORMAL PERIOD 1981 TO 2010
CLIMATE RECORD PERIOD 1893 TO 2017


WEATHER ITEM   OBSERVED TIME   RECORD YEAR NORMAL DEPARTURE LAST
                VALUE   (LST)  VALUE       VALUE  FROM      YEAR
                                                  NORMAL
..................................................................
TEMPERATURE (F)
 YESTERDAY
  MAXIMUM         73    145 PM  79    2004  58     15       68
  MINIMUM         53   1159 PM  13    1923  33     20       31
  AVERAGE         63                        46     17       50

PRECIPITATION (IN)
  YESTERDAY        0.00          0.44 1980   0.03  -0.03     0.32
                                      1929
  MONTH TO DATE    T                         0.61  -0.61     0.73
  SINCE MAR 1      T                         0.61  -0.61     0.73
  SINCE JAN 1      1.55                      1.73  -0.18     2.10

SNOWFALL (IN)
  YESTERDAY        0.0           2.5  1917   0.1   -0.1      1.1
  MONTH TO DATE    T                         1.9   -1.9      1.1
  SINCE MAR 1      T                         1.9   -1.9      1.1
  SINCE JUL 1     13.9                      17.4   -3.5     28.5
  SNOW DEPTH       0

DEGREE DAYS
 HEATING
  YESTERDAY        2                        20    -18       15
  MONTH TO DATE  315                       487   -172      406
  SINCE MAR 1    315                       487   -172      406
  SINCE JUL 1   3962                      4866   -904     4884

 COOLING
  YESTERDAY        0                         0      0        0
  MONTH TO DATE    0                         0      0        0
  SINCE MAR 1      0                         0      0        0
  SINCE JAN 1      0                         0      0        0
..................................................................


WIND (MPH)
  HIGHEST WIND SPEED    29   HIGHEST WIND DIRECTION    SW (210)
  HIGHEST GUST SPEED    34   HIGHEST GUST DIRECTION     S (190)
  AVERAGE WIND SPEED    11.1


SKY COVER
  POSSIBLE SUNSHINE  MM
  AVERAGE SKY COVER 0.4


WEATHER CONDITIONS
 THE FOLLOWING WEATHER WAS RECORDED YESTERDAY.
  NO SIGNIFICANT WEATHER WAS OBSERVED.


RELATIVE HUMIDITY (PERCENT)
 HIGHEST    36          1200 AM
 LOWEST     15           200 PM
 AVERAGE    26

..........................................................


THE GRAND JUNCTION CO CLIMATE NORMALS FOR TODAY
                         NORMAL    RECORD    YEAR
 MAXIMUM TEMPERATURE (F)   59        76      2012
 MINIMUM TEMPERATURE (F)   33        10      1952


SUNRISE AND SUNSET
MARCH 23 2017.........SUNRISE   712 AM MDT   SUNSET   729 PM MDT
MARCH 24 2017.........SUNRISE   711 AM MDT   SUNSET   730 PM MDT


-  INDICATES NEGATIVE NUMBERS.
R  INDICATES RECORD WAS SET OR TIED.
MM INDICATES DATA IS MISSING.
T  INDICATES TRACE AMOUNT.




$$
