000
CDUS45 KGJT 070744
CLIGJT


CLIMATE REPORT
NATIONAL WEATHER SERVICE GRAND JUNCTION CO
1242 AM MST WED DEC 7 2016


...................................

...THE GRAND JUNCTION CO CLIMATE SUMMARY FOR DECEMBER 6 2016...

CLIMATE NORMAL PERIOD 1981 TO 2010
CLIMATE RECORD PERIOD 1893 TO 2016


WEATHER ITEM   OBSERVED TIME   RECORD YEAR NORMAL DEPARTURE LAST
                VALUE   (LST)  VALUE       VALUE  FROM      YEAR
                                                  NORMAL
..................................................................
TEMPERATURE (F)
 YESTERDAY
  MAXIMUM         34    324 PM  66    1901  40     -6       42
  MINIMUM         15    717 AM  -9    2013  20     -5       25
  AVERAGE         25                        30     -5       34

PRECIPITATION (IN)
  YESTERDAY        0.01          0.97 1966   0.02  -0.01     0.00
  MONTH TO DATE    0.01                      0.12  -0.11     0.00
  SINCE DEC 1      0.01                      0.12  -0.11     0.00
  SINCE JAN 1      8.11                      8.95  -0.84    12.56

SNOWFALL (IN)
  YESTERDAY        0.3           2.9  1978   0.1    0.2      0.0
  MONTH TO DATE    0.3                       0.7   -0.4      0.0
  SINCE DEC 1      0.3                       0.7   -0.4      0.0
  SINCE JUL 1      0.8                       3.2   -2.4      3.4
  SNOW DEPTH       0

DEGREE DAYS
 HEATING
  YESTERDAY       40                        35      5       31
  MONTH TO DATE  213                       203     10      209
  SINCE DEC 1    213                       203     10      209
  SINCE JUL 1   1083                      1431   -348     1258

 COOLING
  YESTERDAY        0                         0      0        0
  MONTH TO DATE    0                         0      0        0
  SINCE DEC 1      0                         0      0        0
  SINCE JAN 1   1245                      1125    120     1041
..................................................................


WIND (MPH)
  HIGHEST WIND SPEED    13   HIGHEST WIND DIRECTION     E (100)
  HIGHEST GUST SPEED    14   HIGHEST GUST DIRECTION     E (110)
  AVERAGE WIND SPEED     3.8


SKY COVER
  POSSIBLE SUNSHINE  MM
  AVERAGE SKY COVER 0.5


WEATHER CONDITIONS
 THE FOLLOWING WEATHER WAS RECORDED YESTERDAY.
  LIGHT SNOW
  FOG


RELATIVE HUMIDITY (PERCENT)
 HIGHEST    81          1000 PM
 LOWEST     33           100 PM
 AVERAGE    57

..........................................................


THE GRAND JUNCTION CO CLIMATE NORMALS FOR TODAY
                         NORMAL    RECORD    YEAR
 MAXIMUM TEMPERATURE (F)   40        58      1894
 MINIMUM TEMPERATURE (F)   20         0      1978


SUNRISE AND SUNSET
DECEMBER  7 2016......SUNRISE   720 AM MST   SUNSET   451 PM MST
DECEMBER  8 2016......SUNRISE   721 AM MST   SUNSET   451 PM MST


-  INDICATES NEGATIVE NUMBERS.
R  INDICATES RECORD WAS SET OR TIED.
MM INDICATES DATA IS MISSING.
T  INDICATES TRACE AMOUNT.




$$
