000
CDUS43 KGLD 290747
CLIGLD

CLIMATE REPORT
NATIONAL WEATHER SERVICE GOODLAND
141 AM MDT WED MAR 29 2017

...................................

...THE GOODLAND KS CLIMATE SUMMARY FOR MARCH 28 2017...

CLIMATE NORMAL PERIOD 1981 TO 2010
CLIMATE RECORD PERIOD 1895 TO 2017

WEATHER ITEM   OBSERVED TIME   RECORD YEAR NORMAL DEPARTURE LAST
                VALUE   (LST)  VALUE       VALUE  FROM      YEAR
                                                  NORMAL
..................................................................
TEMPERATURE (F)
 YESTERDAY
  MAXIMUM         47   1017 AM  89    1963  58    -11       68
  MINIMUM         39   1159 PM   3    1931  29     10       26
  AVERAGE         43                        44     -1       47

PRECIPITATION (IN)
  YESTERDAY        0.84          1.69 2007   0.04   0.80     0.00
  MONTH TO DATE    1.59                      0.93   0.66     0.55
  SINCE MAR 1      1.59                      0.93   0.66     0.55
  SINCE JAN 1      2.52                      1.80   0.72     1.41

SNOWFALL (IN)
  YESTERDAY        0.0                       0.2   -0.2      0.0
  MONTH TO DATE    T                         6.0   -6.0      4.4
  SINCE MAR 1      T                         6.0   -6.0      4.4
  SINCE JUL 1      9.4                      30.0  -20.6     27.8
  SNOW DEPTH       0

DEGREE DAYS
 HEATING
  YESTERDAY       22                        21      1       18
  MONTH TO DATE  524                       696   -172      557
  SINCE MAR 1    524                       696   -172      557
  SINCE JUL 1   4409                      5113   -704     4403

 COOLING
  YESTERDAY        0                         0      0        0
  MONTH TO DATE    0                         0      0        0
  SINCE MAR 1      0                         0      0        0
  SINCE JAN 1      0                         0      0        0
..................................................................

WIND (MPH)
  HIGHEST WIND SPEED    25   HIGHEST WIND DIRECTION    SE (150)
  HIGHEST GUST SPEED    30   HIGHEST GUST DIRECTION    SE (150)
  AVERAGE WIND SPEED    15.0

SKY COVER
  AVERAGE SKY COVER 1.0

WEATHER CONDITIONS
 THE FOLLOWING WEATHER WAS RECORDED YESTERDAY.
  RAIN
  LIGHT RAIN
  FOG

RELATIVE HUMIDITY (PERCENT)
 HIGHEST   100
 LOWEST     82
 AVERAGE    91

..........................................................

THE GOODLAND KS CLIMATE NORMALS FOR TODAY
                         NORMAL    RECORD    YEAR
 MAXIMUM TEMPERATURE (F)   59        88      1943
 MINIMUM TEMPERATURE (F)   30         2      1987

SUNRISE AND SUNSET
MARCH 29 2017.........SUNRISE   635 AM MDT   SUNSET   708 PM MDT
MARCH 30 2017.........SUNRISE   634 AM MDT   SUNSET   709 PM MDT

-  INDICATES NEGATIVE NUMBERS.
R  INDICATES RECORD WAS SET OR TIED.
MM INDICATES DATA IS MISSING.
T  INDICATES TRACE AMOUNT.

&&

THE AVERAGE SOIL TEMPERATURE AT THE FOUR INCH DEPTH... 48
THE CURRENT DEPTH OF FROST... 0 INCHES

$$
