000
CDUS44 KJAN 022134
CLIGLH


CLIMATE REPORT
NATIONAL WEATHER SERVICE JACKSON MS
432 PM CDT TUE SEP 2 2014


...................................

...THE GREENVILLE CLIMATE SUMMARY FOR SEPTEMBER 2 2014...
VALID TODAY AS OF 0400 PM LOCAL TIME.

CLIMATE NORMAL PERIOD 1981 TO 2010
CLIMATE RECORD PERIOD 1920 TO 2014


WEATHER ITEM   OBSERVED TIME   RECORD YEAR NORMAL DEPARTURE LAST
                VALUE   (LST)  VALUE       VALUE  FROM      YEAR
                                                  NORMAL
..................................................................
TEMPERATURE (F)
 TODAY
  MAXIMUM         86   1208 PM 100    1930  91     -5       87
                                      1925
  MINIMUM         74    619 AM  55    1967  68      6       74
  AVERAGE         80                        79      1       81

PRECIPITATION (IN)
  TODAY            0.11          2.03 2008   0.10   0.01     1.11
  MONTH TO DATE    0.18                      0.20  -0.02     1.11
  SINCE SEP 1      0.18                      0.20  -0.02     1.11
  SINCE JAN 1     39.90                     34.76   5.14    30.09

SNOWFALL (IN)
  TODAY            0.0

DEGREE DAYS
 HEATING
  TODAY            0                         0      0        0
  MONTH TO DATE    0                         0      0        0
  SINCE SEP 1      0                         0      0        0
  SINCE JUL 1      0                         0      0        0

 COOLING
  TODAY           15                        14      1       16
  MONTH TO DATE   33                        28      5       36
  SINCE SEP 1     33                        28      5       36
  SINCE JAN 1   1700                      1807   -107     1763
..................................................................


WIND (MPH)
  HIGHEST WIND SPEED    16   HIGHEST WIND DIRECTION    NW (300)
  HIGHEST GUST SPEED    22   HIGHEST GUST DIRECTION     W (280)
  AVERAGE WIND SPEED     5.1


SKY COVER
  POSSIBLE SUNSHINE  MM
  AVERAGE SKY COVER 0.4


WEATHER CONDITIONS
 THE FOLLOWING WEATHER WAS RECORDED TODAY.
  THUNDERSTORM
  RAIN
  LIGHT RAIN
  FOG


RELATIVE HUMIDITY (PERCENT)
 HIGHEST   100           500 AM
 LOWEST     70          1100 AM
 AVERAGE    85

..........................................................


THE GREENVILLE CLIMATE NORMALS FOR TOMORROW
                         NORMAL    RECORD    YEAR
 MAXIMUM TEMPERATURE (F)   90       102      1925
 MINIMUM TEMPERATURE (F)   68        55      1952


SUNRISE AND SUNSET
SEPTEMBER  2 2014.....SUNRISE   639 AM CDT   SUNSET   728 PM CDT
SEPTEMBER  3 2014.....SUNRISE   639 AM CDT   SUNSET   727 PM CDT


-  INDICATES NEGATIVE NUMBERS.
R  INDICATES RECORD WAS SET OR TIED.
MM INDICATES DATA IS MISSING.
T  INDICATES TRACE AMOUNT.




$$
