000
CDUS44 KJAN 210713
CLIGLH


CLIMATE REPORT
NATIONAL WEATHER SERVICE JACKSON MS
111 AM CST SUN JAN 21 2018


...................................

...THE GREENVILLE CLIMATE SUMMARY FOR JANUARY 20 2018...

CLIMATE NORMAL PERIOD 1981 TO 2010
CLIMATE RECORD PERIOD 1903 TO 2018


WEATHER ITEM   OBSERVED TIME   RECORD YEAR NORMAL DEPARTURE LAST
                VALUE   (LST)  VALUE       VALUE  FROM      YEAR
                                                  NORMAL
..................................................................
TEMPERATURE (F)
 YESTERDAY
  MAXIMUM         65    325 PM  86    1935  52     13       72
  MINIMUM         40    720 AM  11    1943  32      8       55
  AVERAGE         53                        42     11       64

PRECIPITATION (IN)
  YESTERDAY        T             4.34 1979   0.17  -0.17      T
  MONTH TO DATE    1.28                      3.05  -1.77     4.40
  SINCE DEC 1      6.14                      8.67  -2.53     7.26
  SINCE JAN 1      1.28                      3.05  -1.77     4.40

SNOWFALL (IN)
  YESTERDAY        0.0

DEGREE DAYS
 HEATING
  YESTERDAY       12                        23    -11        1
  MONTH TO DATE  620                       457    163      274
  SINCE DEC 1   1239                      1079    160      828
  SINCE JUL 1   1653                      1541    112     1097

 COOLING
  YESTERDAY        0                         0      0        0
  MONTH TO DATE    0                         0      0       11
  SINCE DEC 1      4                         3      1       23
  SINCE JAN 1      0                         0      0       11
..................................................................


WIND (MPH)
  HIGHEST WIND SPEED    20   HIGHEST WIND DIRECTION     S (180)
  HIGHEST GUST SPEED    22   HIGHEST GUST DIRECTION     S (190)
  AVERAGE WIND SPEED     9.6


SKY COVER
  POSSIBLE SUNSHINE  MM
  AVERAGE SKY COVER 0.9


WEATHER CONDITIONS
 THE FOLLOWING WEATHER WAS RECORDED YESTERDAY.
  LIGHT RAIN


RELATIVE HUMIDITY (PERCENT)
 HIGHEST    96           900 PM
 LOWEST     53          1200 AM
 AVERAGE    75

..........................................................


THE GREENVILLE CLIMATE NORMALS FOR TODAY
                         NORMAL    RECORD    YEAR
 MAXIMUM TEMPERATURE (F)   52        80      1911
 MINIMUM TEMPERATURE (F)   32        13      1984


SUNRISE AND SUNSET
JANUARY 21 2018.......SUNRISE   706 AM CST   SUNSET   525 PM CST
JANUARY 22 2018.......SUNRISE   706 AM CST   SUNSET   526 PM CST


-  INDICATES NEGATIVE NUMBERS.
R  INDICATES RECORD WAS SET OR TIED.
MM INDICATES DATA IS MISSING.
T  INDICATES TRACE AMOUNT.




$$
