000
CDUS44 KJAN 250638
CLIGLH


CLIMATE REPORT
NATIONAL WEATHER SERVICE JACKSON MS
135 AM CDT FRI JUL 25 2014


...................................

...THE GREENVILLE CLIMATE SUMMARY FOR JULY 24 2014...

CLIMATE NORMAL PERIOD 1981 TO 2010
CLIMATE RECORD PERIOD 1920 TO 2014


WEATHER ITEM   OBSERVED TIME   RECORD YEAR NORMAL DEPARTURE LAST
                VALUE   (LST)  VALUE       VALUE  FROM      YEAR
                                                  NORMAL
..................................................................
TEMPERATURE (F)
 YESTERDAY
  MAXIMUM         89    133 PM 104    1924  92     -3       84
  MINIMUM         67   1159 PM  58    1947  72     -5       74
  AVERAGE         78                        82     -4       79

PRECIPITATION (IN)
  YESTERDAY        0.00          2.88 1957   0.10  -0.10     0.21
  MONTH TO DATE    5.20                      3.15   2.05     1.66
  SINCE JUN 1     11.57                      7.19   4.38     2.91
  SINCE JAN 1     35.70                     31.45   4.25    27.87

SNOWFALL (IN)
  YESTERDAY        0.0

DEGREE DAYS
 HEATING
  YESTERDAY        0                         0      0        0
  MONTH TO DATE    0                         0      0        0
  SINCE JUN 1      0                         0      0        0
  SINCE JUL 1      0                         0      0        0

 COOLING
  YESTERDAY       13                        17     -4       14
  MONTH TO DATE  312                       406    -94      376
  SINCE JUN 1    774                       826    -52      835
  SINCE JAN 1   1089                      1148    -59     1118
..................................................................


WIND (MPH)
  HIGHEST WIND SPEED    14   HIGHEST WIND DIRECTION     N (360)
  HIGHEST GUST SPEED    16   HIGHEST GUST DIRECTION     N (20)
  AVERAGE WIND SPEED     5.3


SKY COVER
  POSSIBLE SUNSHINE  MM
  AVERAGE SKY COVER 0.4


WEATHER CONDITIONS
 THE FOLLOWING WEATHER WAS RECORDED YESTERDAY.
  NO SIGNIFICANT WEATHER WAS OBSERVED.


RELATIVE HUMIDITY (PERCENT)
 HIGHEST   100           500 AM
 LOWEST     63           100 PM
 AVERAGE    82

..........................................................


THE GREENVILLE CLIMATE NORMALS FOR TODAY
                         NORMAL    RECORD    YEAR
 MAXIMUM TEMPERATURE (F)   92       103      1981
                                             1954
                                             1952
 MINIMUM TEMPERATURE (F)   72        62      2003


SUNRISE AND SUNSET
JULY 25 2014..........SUNRISE   612 AM CDT   SUNSET   809 PM CDT
JULY 26 2014..........SUNRISE   612 AM CDT   SUNSET   808 PM CDT


-  INDICATES NEGATIVE NUMBERS.
R  INDICATES RECORD WAS SET OR TIED.
MM INDICATES DATA IS MISSING.
T  INDICATES TRACE AMOUNT.




$$
