000
CDUS44 KJAN 252206
CLIGLH


CLIMATE REPORT
NATIONAL WEATHER SERVICE JACKSON MS
506 PM CDT TUE APR 25 2017


...................................

...THE GREENVILLE CLIMATE SUMMARY FOR APRIL 25 2017...
VALID AS OF 0500 PM LOCAL TIME.

CLIMATE NORMAL PERIOD 1981 TO 2010
CLIMATE RECORD PERIOD 1920 TO 2017


WEATHER ITEM   OBSERVED TIME   RECORD YEAR NORMAL DEPARTURE LAST
                VALUE   (LST)  VALUE       VALUE  FROM      YEAR
                                                  NORMAL
..................................................................
TEMPERATURE (F)
 TODAY
  MAXIMUM         81    247 PM  91    1965  77      4
  MINIMUM         50    547 AM  37    2013  56     -6
  AVERAGE         66                        66      0       72

PRECIPITATION (IN)
  TODAY            0.00          4.50 1958   0.15  -0.15     0.00
  MONTH TO DATE    2.79                      4.11  -1.32     1.61
  SINCE MAR 1      4.65                      8.66  -4.01    18.93
  SINCE JAN 1     12.68                     18.65  -5.97    25.44

SNOWFALL (IN)
  TODAY            0.0

DEGREE DAYS
 HEATING
  TODAY            0                         2     -2        0
  MONTH TO DATE   36                       109    -73       52
  SINCE MAR 1    273                       445   -172      238
  SINCE JUL 1   1806                      2754   -948     1918

 COOLING
  TODAY            1                         3     -2        7
  MONTH TO DATE   91                        45     46       45
  SINCE MAR 1    136                        62     74       80
  SINCE JAN 1    165                        67     98       84
..................................................................


WIND (MPH)
  HIGHEST WIND SPEED    23   HIGHEST WIND DIRECTION     S (180)
  HIGHEST GUST SPEED    27   HIGHEST GUST DIRECTION     S (180)
  AVERAGE WIND SPEED    10.2


SKY COVER
  POSSIBLE SUNSHINE  MM
  AVERAGE SKY COVER 0.0


WEATHER CONDITIONS
 THE FOLLOWING WEATHER WAS RECORDED TODAY.
  NO SIGNIFICANT WEATHER WAS OBSERVED.


RELATIVE HUMIDITY (PERCENT)
 HIGHEST    86           700 AM
 LOWEST     39           100 PM
 AVERAGE    63

..........................................................


THE GREENVILLE CLIMATE NORMALS FOR TOMORROW
                         NORMAL    RECORD    YEAR
 MAXIMUM TEMPERATURE (F)   77        90      1925
 MINIMUM TEMPERATURE (F)   56        42      1926


SUNRISE AND SUNSET
APRIL 25 2017.........SUNRISE   622 AM CDT   SUNSET   743 PM CDT
APRIL 26 2017.........SUNRISE   621 AM CDT   SUNSET   743 PM CDT


-  INDICATES NEGATIVE NUMBERS.
R  INDICATES RECORD WAS SET OR TIED.
MM INDICATES DATA IS MISSING.
T  INDICATES TRACE AMOUNT.




$$
