535
CDUS44 KJAN 250702
CLIGLH


CLIMATE REPORT
NATIONAL WEATHER SERVICE JACKSON MS
200 AM CDT MON JUL 25 2016


...................................

...THE GREENVILLE CLIMATE SUMMARY FOR JULY 24 2016...

CLIMATE NORMAL PERIOD 1981 TO 2010
CLIMATE RECORD PERIOD 1920 TO 2016


WEATHER ITEM   OBSERVED TIME   RECORD YEAR NORMAL DEPARTURE LAST
                VALUE   (LST)  VALUE       VALUE  FROM      YEAR
                                                  NORMAL
..................................................................
TEMPERATURE (F)
 YESTERDAY
  MAXIMUM         94    234 PM 104    1924  92      2       97
  MINIMUM         75   1153 PM  58    1947  72      3       78
  AVERAGE         85                        82      3       88

PRECIPITATION (IN)
  YESTERDAY        0.92          2.88 1957   0.10   0.82     0.00
  MONTH TO DATE    2.84                      3.15  -0.31     2.62
  SINCE JUN 1      4.09                      7.19  -3.10     4.14
  SINCE JAN 1     32.62                     31.45   1.17    24.11

SNOWFALL (IN)
  YESTERDAY        0.0

DEGREE DAYS
 HEATING
  YESTERDAY        0                         0      0        0
  MONTH TO DATE    0                         0      0        0
  SINCE JUN 1      0                         0      0        0
  SINCE JUL 1      0                         0      0        0

 COOLING
  YESTERDAY       20                        17      3       23
  MONTH TO DATE  473                       406     67      455
  SINCE JUN 1    973                       826    147      931
  SINCE JAN 1   1315                      1148    167     1312
..................................................................


WIND (MPH)
  HIGHEST WIND SPEED    20   HIGHEST WIND DIRECTION     W (270)
  HIGHEST GUST SPEED    25   HIGHEST GUST DIRECTION     W (280)
  AVERAGE WIND SPEED     4.1


SKY COVER
  POSSIBLE SUNSHINE  MM
  AVERAGE SKY COVER 0.2


WEATHER CONDITIONS
 THE FOLLOWING WEATHER WAS RECORDED YESTERDAY.
  THUNDERSTORM
  HEAVY RAIN
  RAIN
  LIGHT RAIN
  FOG


RELATIVE HUMIDITY (PERCENT)
 HIGHEST    94           100 AM
 LOWEST     60           100 PM
 AVERAGE    77

..........................................................


THE GREENVILLE CLIMATE NORMALS FOR TODAY
                         NORMAL    RECORD    YEAR
 MAXIMUM TEMPERATURE (F)   92       103      1981
                                             1954
                                             1952
 MINIMUM TEMPERATURE (F)   72        61      2014


SUNRISE AND SUNSET
JULY 25 2016..........SUNRISE   612 AM CDT   SUNSET   809 PM CDT
JULY 26 2016..........SUNRISE   613 AM CDT   SUNSET   808 PM CDT


-  INDICATES NEGATIVE NUMBERS.
R  INDICATES RECORD WAS SET OR TIED.
MM INDICATES DATA IS MISSING.
T  INDICATES TRACE AMOUNT.




$$
