532
CDUS44 KJAN 230713
CLIGLH


CLIMATE REPORT
NATIONAL WEATHER SERVICE JACKSON MS
211 AM CDT SUN JUL 23 2017


...................................

...THE GREENVILLE CLIMATE SUMMARY FOR JULY 22 2017...

CLIMATE NORMAL PERIOD 1981 TO 2010
CLIMATE RECORD PERIOD 1903 TO 2017


WEATHER ITEM   OBSERVED TIME   RECORD YEAR NORMAL DEPARTURE LAST
                VALUE   (LST)  VALUE       VALUE  FROM      YEAR
                                                  NORMAL
..................................................................
TEMPERATURE (F)
 YESTERDAY
  MAXIMUM         94    349 PM 103    1924  92      2       99
  MINIMUM         73    257 AM  57    1947  72      1       77
  AVERAGE         84                        82      2       88

PRECIPITATION (IN)
  YESTERDAY        0.04          1.30 1958   0.10  -0.06     0.00
  MONTH TO DATE    1.70                      2.95  -1.25     1.92
  SINCE JUN 1      6.18                      6.99  -0.81     3.17
  SINCE JAN 1     22.56                     31.25  -8.69    31.70

SNOWFALL (IN)
  YESTERDAY        0.0

DEGREE DAYS
 HEATING
  YESTERDAY        0                         0      0        0
  MONTH TO DATE    0                         0      0        0
  SINCE JUN 1      0                         0      0        0
  SINCE JUL 1      0                         0      0        0

 COOLING
  YESTERDAY       19                        17      2       23
  MONTH TO DATE  371                       372     -1      431
  SINCE JUN 1    737                       792    -55      931
  SINCE JAN 1   1134                      1114     20     1273
..................................................................


WIND (MPH)
  HIGHEST WIND SPEED    23   HIGHEST WIND DIRECTION     E (110)
  HIGHEST GUST SPEED    31   HIGHEST GUST DIRECTION     E (110)
  AVERAGE WIND SPEED     5.8


SKY COVER
  POSSIBLE SUNSHINE  MM
  AVERAGE SKY COVER 0.1


WEATHER CONDITIONS
 THE FOLLOWING WEATHER WAS RECORDED YESTERDAY.
  THUNDERSTORM
  LIGHT RAIN
  FOG


RELATIVE HUMIDITY (PERCENT)
 HIGHEST   100          1100 PM
 LOWEST     52           200 PM
 AVERAGE    76

..........................................................


THE GREENVILLE CLIMATE NORMALS FOR TODAY
                         NORMAL    RECORD    YEAR
 MAXIMUM TEMPERATURE (F)   92       105      1924
 MINIMUM TEMPERATURE (F)   72        53      1947


SUNRISE AND SUNSET
JULY 23 2017..........SUNRISE   610 AM CDT   SUNSET   810 PM CDT
JULY 24 2017..........SUNRISE   611 AM CDT   SUNSET   809 PM CDT


-  INDICATES NEGATIVE NUMBERS.
R  INDICATES RECORD WAS SET OR TIED.
MM INDICATES DATA IS MISSING.
T  INDICATES TRACE AMOUNT.




$$
