000
CDUS44 KJAN 280634
CLIGLH


CLIMATE REPORT
NATIONAL WEATHER SERVICE JACKSON MS
126 AM CDT FRI AUG 28 2015


...................................

...THE GREENVILLE CLIMATE SUMMARY FOR AUGUST 27 2015...

CLIMATE NORMAL PERIOD 1981 TO 2010
CLIMATE RECORD PERIOD 1920 TO 2015


WEATHER ITEM   OBSERVED TIME   RECORD YEAR NORMAL DEPARTURE LAST
                VALUE   (LST)  VALUE       VALUE  FROM      YEAR
                                                  NORMAL
..................................................................
TEMPERATURE (F)
 YESTERDAY
  MAXIMUM         86    317 PM 103    1943  92     -6       95
  MINIMUM         56R   518 AM  58    1958  69    -13       67
                                      1945
                                      1927
  AVERAGE         71                        81    -10       81

PRECIPITATION (IN)
  YESTERDAY        0.00          1.79 1992   0.09  -0.09     0.00
  MONTH TO DATE    1.76                      2.05  -0.29     2.71
  SINCE JUN 1      7.36                      9.89  -2.53    14.40
  SINCE JAN 1     27.33                     34.15  -6.82    38.53

SNOWFALL (IN)
  YESTERDAY        0.0

DEGREE DAYS
 HEATING
  YESTERDAY        0                         0      0        0
  MONTH TO DATE    0                         0      0        0
  SINCE JUN 1      0                         0      0        0
  SINCE JUL 1      0                         0      0        0

 COOLING
  YESTERDAY        6                        15     -9       16
  MONTH TO DATE  449                       450     -1      427
  SINCE JUN 1   1525                      1397    128     1291
  SINCE JAN 1   1906                      1719    187     1606
..................................................................


WIND (MPH)
  HIGHEST WIND SPEED    16   HIGHEST WIND DIRECTION     N (10)
  HIGHEST GUST SPEED    21   HIGHEST GUST DIRECTION    NE (30)
  AVERAGE WIND SPEED     6.6


SKY COVER
  POSSIBLE SUNSHINE  MM
  AVERAGE SKY COVER 0.0


WEATHER CONDITIONS
 THE FOLLOWING WEATHER WAS RECORDED YESTERDAY.
  FOG
  HAZE


RELATIVE HUMIDITY (PERCENT)
 HIGHEST    87           200 AM
 LOWEST     40           100 PM
 AVERAGE    64

..........................................................


THE GREENVILLE CLIMATE NORMALS FOR TODAY
                         NORMAL    RECORD    YEAR
 MAXIMUM TEMPERATURE (F)   91       102      1936
                                             1924
 MINIMUM TEMPERATURE (F)   69        54      1986


SUNRISE AND SUNSET
AUGUST 28 2015........SUNRISE   635 AM CDT   SUNSET   735 PM CDT
AUGUST 29 2015........SUNRISE   636 AM CDT   SUNSET   733 PM CDT


-  INDICATES NEGATIVE NUMBERS.
R  INDICATES RECORD WAS SET OR TIED.
MM INDICATES DATA IS MISSING.
T  INDICATES TRACE AMOUNT.




$$
