000
CDUS44 KHGX 040740
CLIGLS


CLIMATE REPORT
NATIONAL WEATHER SERVICE HOUSTON/GALVESTON TX
239 AM CDT WED MAY 4 2016


...................................

...THE GALVESTON CLIMATE SUMMARY FOR MAY 3 2016...

CLIMATE NORMAL PERIOD 1981 TO 2010
CLIMATE RECORD PERIOD 1875 TO 2016


WEATHER ITEM   OBSERVED TIME   RECORD YEAR NORMAL DEPARTURE LAST
                VALUE   (LST)  VALUE       VALUE  FROM      YEAR
                                                  NORMAL
..................................................................
TEMPERATURE (F)
 YESTERDAY
  MAXIMUM         75    434 PM  94    1984  80     -5       80
  MINIMUM         63    620 AM  50    2013  69     -6       70
  AVERAGE         69                        74     -5       75

PRECIPITATION (IN)
  YESTERDAY        0.00          1.66 1990   0.15  -0.15     0.00
  MONTH TO DATE    1.60                      0.40   1.20     0.00
  SINCE MAR 1     10.51                      6.61   3.90    12.99
  SINCE JAN 1     14.47                     13.38   1.09    19.13

SNOWFALL (IN)
  YESTERDAY        0.0          MM      MM  MM     MM        0.0
  MONTH TO DATE    0.0                      MM     MM        0.0
  SINCE MAR 1      0.0                      MM     MM        0.0
  SINCE JUL 1      0.0                       0.0    0.0      0.0
  SNOW DEPTH       0

DEGREE DAYS
 HEATING
  YESTERDAY        0                         0      0        0
  MONTH TO DATE    0                         0      0        0
  SINCE MAR 1     41                       121    -80      120
  SINCE JUL 1    745                      1009   -264     1182

 COOLING
  YESTERDAY        4                        10     -6       10
  MONTH TO DATE   21                        28     -7       26
  SINCE MAR 1    313                       254     59      303
  SINCE JAN 1    325                       271     54      309
..................................................................


WIND (MPH)
  RESULTANT WIND SPEED  15   RESULTANT WIND DIRECTION   N (360)
  HIGHEST WIND SPEED    23   HIGHEST WIND DIRECTION     N (350)
  HIGHEST GUST SPEED    28   HIGHEST GUST DIRECTION     N (350)
  AVERAGE WIND SPEED    15.0


SKY COVER
  AVERAGE SKY COVER 0.5


WEATHER CONDITIONS
 THE FOLLOWING WEATHER WAS RECORDED YESTERDAY.
  HAZE


RELATIVE HUMIDITY (PERCENT)
 HIGHEST    87
 LOWEST     46
 AVERAGE    67

..........................................................


THE GALVESTON CLIMATE NORMALS FOR TODAY
                         NORMAL    RECORD    YEAR
 MAXIMUM TEMPERATURE (F)   80        88      1951
 MINIMUM TEMPERATURE (F)   69        52      1954


SUNRISE AND SUNSET
MAY  4 2016...........SUNRISE   635 AM CDT   SUNSET   758 PM CDT
MAY  5 2016...........SUNRISE   634 AM CDT   SUNSET   759 PM CDT


-  INDICATES NEGATIVE NUMBERS.
R  INDICATES RECORD WAS SET OR TIED.
MM INDICATES DATA IS MISSING.
T  INDICATES TRACE AMOUNT.




$$
