000
CDUS44 KHGX 240825
CLIGLS


CLIMATE REPORT
NATIONAL WEATHER SERVICE HOUSTON/GALVESTON TX
224 AM CST SAT FEB 24 2018


...................................

...THE GALVESTON CLIMATE SUMMARY FOR FEBRUARY 23 2018...

CLIMATE NORMAL PERIOD 1981 TO 2010
CLIMATE RECORD PERIOD 1875 TO 2018


WEATHER ITEM   OBSERVED TIME   RECORD YEAR NORMAL DEPARTURE LAST
                VALUE   (LST)  VALUE       VALUE  FROM      YEAR
                                                  NORMAL
..................................................................
TEMPERATURE (F)
 YESTERDAY
  MAXIMUM         76    229 PM  77    2014  66     10       75
  MINIMUM         68    636 AM  33    1968  52     16       63
  AVERAGE         72                        59     13       69

PRECIPITATION (IN)
  YESTERDAY        0.00          2.39 1985   0.11  -0.11     0.00
  MONTH TO DATE    0.84                      2.09  -1.25     3.38
  SINCE DEC 1     11.30                      9.81   1.49    15.35
  SINCE JAN 1      4.16                      6.29  -2.13     4.27

SNOWFALL (IN)
  YESTERDAY        0.0          MM      MM  MM     MM        0.0
  MONTH TO DATE    0.0                      MM     MM        0.0
  SINCE DEC 1      T                         0.0    0.0      0.0
  SINCE JUL 1      T                         0.0    0.0      0.0
  SNOW DEPTH       0

DEGREE DAYS
 HEATING
  YESTERDAY        0                         7     -7        0
  MONTH TO DATE   80                       188   -108       27
  SINCE DEC 1    734                       754    -20      295
  SINCE JUL 1    777                       857    -80      307

 COOLING
  YESTERDAY        7                         1      6        4
  MONTH TO DATE   62                         3     59       86
  SINCE DEC 1     88                        27     61      233
  SINCE JAN 1     62                         8     54      155
..................................................................


WIND (MPH)
  RESULTANT WIND SPEED  10   RESULTANT WIND DIRECTION  SE (120)
  HIGHEST WIND SPEED    17   HIGHEST WIND DIRECTION    SE (140)
  HIGHEST GUST SPEED    21   HIGHEST GUST DIRECTION    SE (140)
  AVERAGE WIND SPEED    10.2


SKY COVER
  AVERAGE SKY COVER 1.0


WEATHER CONDITIONS
 THE FOLLOWING WEATHER WAS RECORDED YESTERDAY.
  FOG
  FOG W/VISIBILITY <= 1/4 MILE
  HAZE


RELATIVE HUMIDITY (PERCENT)
 HIGHEST   100
 LOWEST     82
 AVERAGE    91

..........................................................


THE GALVESTON CLIMATE NORMALS FOR TODAY
                         NORMAL    RECORD    YEAR
 MAXIMUM TEMPERATURE (F)   66        76      2017
                                             1937
 MINIMUM TEMPERATURE (F)   52        27      1914


SUNRISE AND SUNSET
FEBRUARY 24 2018......SUNRISE   650 AM CST   SUNSET   616 PM CST
FEBRUARY 25 2018......SUNRISE   649 AM CST   SUNSET   616 PM CST


-  INDICATES NEGATIVE NUMBERS.
R  INDICATES RECORD WAS SET OR TIED.
MM INDICATES DATA IS MISSING.
T  INDICATES TRACE AMOUNT.




$$
