000
CDUS44 KHGX 050717
CLIGLS


CLIMATE REPORT
NATIONAL WEATHER SERVICE HOUSTON/GALVESTON TX
117 AM CST MON DEC 5 2016


...................................

...THE GALVESTON CLIMATE SUMMARY FOR DECEMBER 4 2016...

CLIMATE NORMAL PERIOD 1981 TO 2010
CLIMATE RECORD PERIOD 1875 TO 2016


WEATHER ITEM   OBSERVED TIME   RECORD YEAR NORMAL DEPARTURE LAST
                VALUE   (LST)  VALUE       VALUE  FROM      YEAR
                                                  NORMAL
..................................................................
TEMPERATURE (F)
 YESTERDAY
  MAXIMUM         59    516 AM  79    2012  66     -7       58
                                      1998
  MINIMUM         54   1054 PM  30    1897  53      1       48
                                      1886
  AVERAGE         57                        60     -3       53

PRECIPITATION (IN)
  YESTERDAY        1.10          2.11 1887   0.14   0.96     0.00
  MONTH TO DATE    8.93                      0.60   8.33     0.29
  SINCE DEC 1      8.93                      0.60   8.33     0.29
  SINCE JAN 1     54.35                     47.84   6.51    58.33

SNOWFALL (IN)
  YESTERDAY        0.0           T    2009  MM     MM        0.0
  MONTH TO DATE    0.0                      MM     MM        0.0
  SINCE DEC 1      0.0                      MM     MM        0.0
  SINCE JUL 1      0.0                      MM     MM        0.0
  SNOW DEPTH       0

DEGREE DAYS
 HEATING
  YESTERDAY        8                         7      1       12
  MONTH TO DATE   11                        26    -15       40
  SINCE DEC 1     11                        26    -15       40
  SINCE JUL 1     23                       129   -106       93

 COOLING
  YESTERDAY        0                         1     -1        0
  MONTH TO DATE    2                         4     -2        0
  SINCE DEC 1      2                         4     -2        0
  SINCE JAN 1   3680                      3293    387     3565
..................................................................


WIND (MPH)
  RESULTANT WIND SPEED  15   RESULTANT WIND DIRECTION   N (10)
  HIGHEST WIND SPEED    25   HIGHEST WIND DIRECTION    NE (30)
  HIGHEST GUST SPEED    30   HIGHEST GUST DIRECTION     N (20)
  AVERAGE WIND SPEED    16.4


SKY COVER
  AVERAGE SKY COVER 0.9


WEATHER CONDITIONS
 THE FOLLOWING WEATHER WAS RECORDED YESTERDAY.
  HEAVY RAIN
  RAIN
  LIGHT RAIN
  FOG


RELATIVE HUMIDITY (PERCENT)
 HIGHEST   100
 LOWEST     93
 AVERAGE    97

..........................................................


THE GALVESTON CLIMATE NORMALS FOR TODAY
                         NORMAL    RECORD    YEAR
 MAXIMUM TEMPERATURE (F)   66        78      1998
 MINIMUM TEMPERATURE (F)   53        25      1886


SUNRISE AND SUNSET
DECEMBER  5 2016......SUNRISE   700 AM CST   SUNSET   521 PM CST
DECEMBER  6 2016......SUNRISE   700 AM CST   SUNSET   521 PM CST


-  INDICATES NEGATIVE NUMBERS.
R  INDICATES RECORD WAS SET OR TIED.
MM INDICATES DATA IS MISSING.
T  INDICATES TRACE AMOUNT.




$$
