000
CDUS44 KHGX 290740
CLIGLS


CLIMATE REPORT
NATIONAL WEATHER SERVICE HOUSTON/GALVESTON TX
229 AM CDT SUN MAY 29 2016


...................................

...THE GALVESTON CLIMATE SUMMARY FOR MAY 28 2016...

CLIMATE NORMAL PERIOD 1981 TO 2010
CLIMATE RECORD PERIOD 1875 TO 2016


WEATHER ITEM   OBSERVED TIME   RECORD YEAR NORMAL DEPARTURE LAST
                VALUE   (LST)  VALUE       VALUE  FROM      YEAR
                                                  NORMAL
..................................................................
TEMPERATURE (F)
 YESTERDAY
  MAXIMUM         84    319 PM  90    2010  86     -2       85
                                      1958
  MINIMUM         73    501 AM  62    1901  75     -2       77
  AVERAGE         79                        80     -1       81

PRECIPITATION (IN)
  YESTERDAY        0.00          2.11 2014   0.23  -0.23     0.00
  MONTH TO DATE    7.66                      3.73   3.93     2.87
  SINCE MAR 1     16.57                      9.94   6.63    15.86
  SINCE JAN 1     20.53                     16.71   3.82    22.00

SNOWFALL (IN)
  YESTERDAY        0.0          MM      MM  MM     MM        0.0
  MONTH TO DATE    0.0                      MM     MM        0.0
  SINCE MAR 1      0.0                      MM     MM        0.0
  SINCE JUL 1      0.0                       0.0    0.0      0.0
  SNOW DEPTH       0

DEGREE DAYS
 HEATING
  YESTERDAY        0                         0      0        0
  MONTH TO DATE    0                         0      0        0
  SINCE MAR 1     41                       121    -80      120
  SINCE JUL 1    745                      1009   -264     1182

 COOLING
  YESTERDAY       14                        15     -1       16
  MONTH TO DATE  319                       346    -27      377
  SINCE MAR 1    611                       572     39      654
  SINCE JAN 1    623                       589     34      660
..................................................................


WIND (MPH)
  RESULTANT WIND SPEED   8   RESULTANT WIND DIRECTION  SE (150)
  HIGHEST WIND SPEED    17   HIGHEST WIND DIRECTION     S (170)
  HIGHEST GUST SPEED    23   HIGHEST GUST DIRECTION     E (110)
  AVERAGE WIND SPEED     9.3


SKY COVER
  AVERAGE SKY COVER 0.1


WEATHER CONDITIONS
 THE FOLLOWING WEATHER WAS RECORDED YESTERDAY.
  THUNDERSTORM


RELATIVE HUMIDITY (PERCENT)
 HIGHEST    91
 LOWEST     74
 AVERAGE    83

..........................................................


THE GALVESTON CLIMATE NORMALS FOR TODAY
                         NORMAL    RECORD    YEAR
 MAXIMUM TEMPERATURE (F)   86        90      1959
 MINIMUM TEMPERATURE (F)   75        64      1992
                                             1881


SUNRISE AND SUNSET
MAY 29 2016...........SUNRISE   621 AM CDT   SUNSET   813 PM CDT
MAY 30 2016...........SUNRISE   621 AM CDT   SUNSET   814 PM CDT


-  INDICATES NEGATIVE NUMBERS.
R  INDICATES RECORD WAS SET OR TIED.
MM INDICATES DATA IS MISSING.
T  INDICATES TRACE AMOUNT.




$$
