000
CDUS44 KHGX 010832
CLIGLS


CLIMATE REPORT
NATIONAL WEATHER SERVICE HOUSTON/GALVESTON TX
221 AM CST SUN MAR 1 2015


...................................

...THE GALVESTON CLIMATE SUMMARY FOR FEBRUARY 28 2015...

CLIMATE NORMAL PERIOD 1981 TO 2010
CLIMATE RECORD PERIOD 1875 TO 2015


WEATHER ITEM   OBSERVED TIME   RECORD YEAR NORMAL DEPARTURE LAST
                VALUE   (LST)  VALUE       VALUE  FROM      YEAR
                                                  NORMAL
..................................................................
TEMPERATURE (F)
 YESTERDAY
  MAXIMUM         58   1159 PM  83    1932  67     -9       65
  MINIMUM         45    357 AM  34    1890  53     -8       50
  AVERAGE         52                        60     -8       58

PRECIPITATION (IN)
  YESTERDAY        0.02          1.07 1995   0.09  -0.07     0.00
  MONTH TO DATE    0.70                      2.57  -1.87     1.69
  SINCE DEC 1     10.01                     10.29  -0.28     3.70
  SINCE JAN 1      6.14                      6.77  -0.63     3.05

SNOWFALL (IN)
  YESTERDAY       MM            MM      MM  MM     MM        0.0
  MONTH TO DATE    0.0                      MM     MM        0.0
  SINCE DEC 1      0.0                      MM     MM         T
  SINCE JUL 1      0.0                      MM     MM         T
  SNOW DEPTH       0

DEGREE DAYS
 HEATING
  YESTERDAY       13                         6      7        7
  MONTH TO DATE  293                       218     75      295
  SINCE DEC 1    911                       785    126     1061
  SINCE JUL 1   1062                       888    174     1239

 COOLING
  YESTERDAY        0                         1     -1        0
  MONTH TO DATE    6                        12     -6        7
  SINCE DEC 1     27                        36     -9       20
  SINCE JAN 1      6                        17    -11        7
..................................................................


WIND (MPH)
  RESULTANT WIND SPEED  16   RESULTANT WIND DIRECTION   E (70)
  HIGHEST WIND SPEED    22   HIGHEST WIND DIRECTION     E (80)
  HIGHEST GUST SPEED    29   HIGHEST GUST DIRECTION     N (360)
  AVERAGE WIND SPEED    15.5


SKY COVER
  AVERAGE SKY COVER 1.0


WEATHER CONDITIONS
 THE FOLLOWING WEATHER WAS RECORDED YESTERDAY.
  LIGHT RAIN
  FOG


RELATIVE HUMIDITY (PERCENT)
 HIGHEST   100
 LOWEST     66
 AVERAGE    83

..........................................................


THE GALVESTON CLIMATE NORMALS FOR TODAY
                         NORMAL    RECORD    YEAR
 MAXIMUM TEMPERATURE (F)   67        79      2007
 MINIMUM TEMPERATURE (F)   53        30      1890


SUNRISE AND SUNSET
MARCH  1 2015.........SUNRISE   645 AM CST   SUNSET   619 PM CST
MARCH  2 2015.........SUNRISE   644 AM CST   SUNSET   620 PM CST


-  INDICATES NEGATIVE NUMBERS.
R  INDICATES RECORD WAS SET OR TIED.
MM INDICATES DATA IS MISSING.
T  INDICATES TRACE AMOUNT.




$$
