000
CDUS44 KHGX 260725
CLIGLS


CLIMATE REPORT
NATIONAL WEATHER SERVICE HOUSTON/GALVESTON TX
225 AM CDT THU MAR 26 2015


...................................

...THE GALVESTON CLIMATE SUMMARY FOR MARCH 25 2015...

CLIMATE NORMAL PERIOD 1981 TO 2010
CLIMATE RECORD PERIOD 1875 TO 2015


WEATHER ITEM   OBSERVED TIME   RECORD YEAR NORMAL DEPARTURE LAST
                VALUE   (LST)  VALUE       VALUE  FROM      YEAR
                                                  NORMAL
..................................................................
TEMPERATURE (F)
 YESTERDAY
  MAXIMUM         73    233 PM  81    2005  72      1       69
  MINIMUM         62    611 AM  43    1974  59      3       53
                                      1912
  AVERAGE         68                        65      3       61

PRECIPITATION (IN)
  YESTERDAY        0.00          4.22 1997   0.09  -0.09     0.00
  MONTH TO DATE    7.68                      2.63   5.05     1.70
  SINCE MAR 1      7.68                      2.63   5.05     1.70
  SINCE JAN 1     13.82                      9.40   4.42     4.75

SNOWFALL (IN)
  YESTERDAY        0.0          MM      MM  MM     MM        0.0
  MONTH TO DATE    0.0                      MM     MM        0.0
  SINCE MAR 1      0.0                      MM     MM        0.0
  SINCE JUL 1      0.0                      MM     MM         T
  SNOW DEPTH       0

DEGREE DAYS
 HEATING
  YESTERDAY        0                         2     -2        4
  MONTH TO DATE  120                        92     28      163
  SINCE MAR 1    120                        92     28      163
  SINCE JUL 1   1182                       980    202     1402

 COOLING
  YESTERDAY        3                         2      1        0
  MONTH TO DATE   28                        35     -7        9
  SINCE MAR 1     28                        35     -7        9
  SINCE JAN 1     34                        52    -18       16
..................................................................


WIND (MPH)
  RESULTANT WIND SPEED   9   RESULTANT WIND DIRECTION  SE (130)
  HIGHEST WIND SPEED    16   HIGHEST WIND DIRECTION    SE (130)
  HIGHEST GUST SPEED    19   HIGHEST GUST DIRECTION    SE (120)
  AVERAGE WIND SPEED     9.4


SKY COVER
  AVERAGE SKY COVER 0.0


WEATHER CONDITIONS
 THE FOLLOWING WEATHER WAS RECORDED YESTERDAY.
  NO SIGNIFICANT WEATHER WAS OBSERVED.


RELATIVE HUMIDITY (PERCENT)
 HIGHEST   100
 LOWEST     68
 AVERAGE    84

..........................................................


THE GALVESTON CLIMATE NORMALS FOR TODAY
                         NORMAL    RECORD    YEAR
 MAXIMUM TEMPERATURE (F)   72        80      2012
 MINIMUM TEMPERATURE (F)   59        34      1955


SUNRISE AND SUNSET
MARCH 26 2015.........SUNRISE   716 AM CDT   SUNSET   734 PM CDT
MARCH 27 2015.........SUNRISE   715 AM CDT   SUNSET   735 PM CDT


-  INDICATES NEGATIVE NUMBERS.
R  INDICATES RECORD WAS SET OR TIED.
MM INDICATES DATA IS MISSING.
T  INDICATES TRACE AMOUNT.




$$
