000
CDUS42 KJAX 272226
CLIGNV


CLIMATE REPORT
NATIONAL WEATHER SERVICE JACKSONVILLE FL
525 PM EST SAT DEC 27 2014


...................................

...THE GAINESVILLE CLIMATE SUMMARY FOR DECEMBER 27 2014...
VALID TODAY AS OF 0500 PM LOCAL TIME.

CLIMATE NORMAL PERIOD 1981 TO 2010
CLIMATE RECORD PERIOD 1890 TO 2014


WEATHER ITEM   OBSERVED TIME   RECORD YEAR NORMAL DEPARTURE LAST
                VALUE   (LST)  VALUE       VALUE  FROM      YEAR
                                                  NORMAL
..................................................................
TEMPERATURE (F)
 TODAY
  MAXIMUM         77    404 PM  84    1942  66     11       62
  MINIMUM         50    131 AM  23    1970  43      7       50
  AVERAGE         64                        54     10       56

PRECIPITATION (IN)
  TODAY            0.00          2.26 1964   0.07  -0.07     0.01
  MONTH TO DATE    3.38                      2.07   1.31     2.46
  SINCE DEC 1      3.38                      2.07   1.31     2.46
  SINCE JAN 1     51.74                     47.00   4.74    45.75

SNOWFALL (IN)
  TODAY            0.0           0.0    MM   0.0    0.0      0.0
  MONTH TO DATE    0.0                       0.0    0.0      0.0
  SINCE DEC 1      0.0                       0.0    0.0      0.0
  SINCE JUL 1      0.0                       0.0    0.0      0.0
  SNOW DEPTH       0

DEGREE DAYS
 HEATING
  TODAY            1                        11    -10        9
  MONTH TO DATE  201                       251    -50      152
  SINCE DEC 1    201                       251    -50      152
  SINCE JUL 1    466                       412     54      245

 COOLING
  TODAY            0                         0      0        0
  MONTH TO DATE   31                        24      7       55
  SINCE DEC 1     31                        24      7       55
  SINCE JAN 1   2594                      2640    -46     2880
..................................................................


WIND (MPH)
  HIGHEST WIND SPEED    10   HIGHEST WIND DIRECTION    SE (140)
  HIGHEST GUST SPEED    14   HIGHEST GUST DIRECTION    SE (150)
  AVERAGE WIND SPEED     2.9


SKY COVER
  POSSIBLE SUNSHINE  MM
  AVERAGE SKY COVER 0.6


WEATHER CONDITIONS
 THE FOLLOWING WEATHER WAS RECORDED TODAY.
  FOG
  FOG W/VISIBILITY <= 1/4 MILE


RELATIVE HUMIDITY (PERCENT)
 HIGHEST   100           100 AM
 LOWEST     54           400 PM
 AVERAGE    77

..........................................................


THE GAINESVILLE CLIMATE NORMALS FOR TOMORROW
                         NORMAL    RECORD    YEAR
 MAXIMUM TEMPERATURE (F)   66        82      1971
                                             1942
 MINIMUM TEMPERATURE (F)   43        21      2010


SUNRISE AND SUNSET
DECEMBER 27 2014......SUNRISE   723 AM EST   SUNSET   538 PM EST
DECEMBER 28 2014......SUNRISE   723 AM EST   SUNSET   538 PM EST


-  INDICATES NEGATIVE NUMBERS.
R  INDICATES RECORD WAS SET OR TIED.
MM INDICATES DATA IS MISSING.
T  INDICATES TRACE AMOUNT.




$$
