000
CDUS42 KJAX 170627
CLIGNV


CLIMATE REPORT
NATIONAL WEATHER SERVICE JACKSONVILLE FL
127 AM EST SUN DEC 17 2017


...................................

...THE GAINESVILLE CLIMATE SUMMARY FOR DECEMBER 16 2017...

CLIMATE NORMAL PERIOD 1981 TO 2010
CLIMATE RECORD PERIOD 1890 TO 2017


WEATHER ITEM   OBSERVED TIME   RECORD YEAR NORMAL DEPARTURE LAST
                VALUE   (LST)  VALUE       VALUE  FROM      YEAR
                                                  NORMAL
..................................................................
TEMPERATURE (F)
 YESTERDAY
  MAXIMUM         63    413 PM  85    1956  68     -5       75
  MINIMUM         45   1155 PM  22    1968  44      1       43
  AVERAGE         54                        56     -2       59

PRECIPITATION (IN)
  YESTERDAY        0.00          1.84 1973   0.07  -0.07     0.00
  MONTH TO DATE    2.62                      1.20   1.42     1.64
  SINCE DEC 1      2.62                      1.20   1.42     1.64
  SINCE JAN 1     71.28                     46.13  25.15    41.00

SNOWFALL (IN)
  YESTERDAY        0.0           0.0    MM   0.0    0.0      0.0
  MONTH TO DATE    0.0                       0.0    0.0      0.0
  SINCE DEC 1      0.0                       0.0    0.0      0.0
  SINCE JUL 1      0.0                       0.0    0.0      0.0
  SNOW DEPTH       0

DEGREE DAYS
 HEATING
  YESTERDAY       11                        10      1        6
  MONTH TO DATE  149                       135     14       68
  SINCE DEC 1    149                       135     14       68
  SINCE JUL 1    283                       296    -13      174

 COOLING
  YESTERDAY        0                         1     -1        0
  MONTH TO DATE    7                        16     -9       32
  SINCE DEC 1      7                        16     -9       32
  SINCE JAN 1   2895                      2632    263     3066
..................................................................


WIND (MPH)
  HIGHEST WIND SPEED    12   HIGHEST WIND DIRECTION     N (350)
  HIGHEST GUST SPEED    15   HIGHEST GUST DIRECTION     N (350)
  AVERAGE WIND SPEED     3.5


SKY COVER
  POSSIBLE SUNSHINE  MM
  AVERAGE SKY COVER 0.5


WEATHER CONDITIONS
 THE FOLLOWING WEATHER WAS RECORDED YESTERDAY.
  NO SIGNIFICANT WEATHER WAS OBSERVED.


RELATIVE HUMIDITY (PERCENT)
 HIGHEST    86           800 PM
 LOWEST     43           200 PM
 AVERAGE    65

..........................................................


THE GAINESVILLE CLIMATE NORMALS FOR TODAY
                         NORMAL    RECORD    YEAR
 MAXIMUM TEMPERATURE (F)   68        85      1956
 MINIMUM TEMPERATURE (F)   44        25      1968
                                             1901


SUNRISE AND SUNSET
DECEMBER 17 2017......SUNRISE   718 AM EST   SUNSET   533 PM EST
DECEMBER 18 2017......SUNRISE   719 AM EST   SUNSET   533 PM EST


-  INDICATES NEGATIVE NUMBERS.
R  INDICATES RECORD WAS SET OR TIED.
MM INDICATES DATA IS MISSING.
T  INDICATES TRACE AMOUNT.




$$
