000
CDUS42 KJAX 120532
CLIGNV


CLIMATE REPORT
NATIONAL WEATHER SERVICE JACKSONVILLE FL
1230 AM EST FRI FEB 12 2016


...................................

...THE GAINESVILLE CLIMATE SUMMARY FOR FEBRUARY 11 2016...

CLIMATE NORMAL PERIOD 1981 TO 2010
CLIMATE RECORD PERIOD 1890 TO 2016


WEATHER ITEM   OBSERVED TIME   RECORD YEAR NORMAL DEPARTURE LAST
                VALUE   (LST)  VALUE       VALUE  FROM      YEAR
                                                  NORMAL
..................................................................
TEMPERATURE (F)
 YESTERDAY
  MAXIMUM         68    412 PM  87    1932  69     -1       66
  MINIMUM         28    720 AM  24    1971  45    -17       37
  AVERAGE         48                        57     -9       52

PRECIPITATION (IN)
  YESTERDAY        0.00          1.81 1956   0.12  -0.12     0.00
  MONTH TO DATE    3.60                      1.22   2.38     0.63
  SINCE DEC 1      8.30                      7.01   1.29     7.25
  SINCE JAN 1      6.33                      4.53   1.80     3.87

SNOWFALL (IN)
  YESTERDAY        0.0           0.0    MM   0.0    0.0      0.0
  MONTH TO DATE    0.0                       0.0    0.0      0.0
  SINCE DEC 1      0.0                       0.0    0.0      0.0
  SINCE JUL 1      0.0                       0.0    0.0      0.0
  SNOW DEPTH       0

DEGREE DAYS
 HEATING
  YESTERDAY       17                         9      8       13
  MONTH TO DATE  130                       104     26      133
  SINCE DEC 1    588                       745   -157      683
  SINCE JUL 1    627                       906   -279      948

 COOLING
  YESTERDAY        0                         1     -1        0
  MONTH TO DATE   14                         7      7        0
  SINCE DEC 1    162                        41    121       50
  SINCE JAN 1     16                        19     -3       14
..................................................................


WIND (MPH)
  HIGHEST WIND SPEED    16   HIGHEST WIND DIRECTION    SW (230)
  HIGHEST GUST SPEED    23   HIGHEST GUST DIRECTION     W (250)
  AVERAGE WIND SPEED     5.9


SKY COVER
  POSSIBLE SUNSHINE  MM
  AVERAGE SKY COVER 0.0


WEATHER CONDITIONS
 THE FOLLOWING WEATHER WAS RECORDED YESTERDAY.
  NO SIGNIFICANT WEATHER WAS OBSERVED.


RELATIVE HUMIDITY (PERCENT)
 HIGHEST    92           600 AM
 LOWEST     39           400 PM
 AVERAGE    66

..........................................................


THE GAINESVILLE CLIMATE NORMALS FOR TODAY
                         NORMAL    RECORD    YEAR
 MAXIMUM TEMPERATURE (F)   69        84      1950
                                             1945
                                             1932
 MINIMUM TEMPERATURE (F)   45        25      2012
                                             1926


SUNRISE AND SUNSET
FEBRUARY 12 2016......SUNRISE   711 AM EST   SUNSET   615 PM EST
FEBRUARY 13 2016......SUNRISE   711 AM EST   SUNSET   616 PM EST


-  INDICATES NEGATIVE NUMBERS.
R  INDICATES RECORD WAS SET OR TIED.
MM INDICATES DATA IS MISSING.
T  INDICATES TRACE AMOUNT.




$$
