000
CDUS42 KJAX 250530
CLIGNV


CLIMATE REPORT
NATIONAL WEATHER SERVICE JACKSONVILLE FL
130 AM EDT SAT MAR 25 2017


...................................

...THE GAINESVILLE CLIMATE SUMMARY FOR MARCH 24 2017...

CLIMATE NORMAL PERIOD 1981 TO 2010
CLIMATE RECORD PERIOD 1890 TO 2017


WEATHER ITEM   OBSERVED TIME   RECORD YEAR NORMAL DEPARTURE LAST
                VALUE   (LST)  VALUE       VALUE  FROM      YEAR
                                                  NORMAL
..................................................................
TEMPERATURE (F)
 YESTERDAY
  MAXIMUM         80    115 PM  95    1907  76      4       84
  MINIMUM         49    422 AM  30    1968  51     -2       51
  AVERAGE         65                        64      1       68

PRECIPITATION (IN)
  YESTERDAY        0.00          3.75 1901   0.13  -0.13     0.26
  MONTH TO DATE    0.67                      3.45  -2.78     1.74
  SINCE MAR 1      0.67                      3.45  -2.78     1.74
  SINCE JAN 1      2.51                      9.96  -7.45     8.59

SNOWFALL (IN)
  YESTERDAY        0.0           0.0    MM   0.0    0.0      0.0
  MONTH TO DATE    0.0                       0.0    0.0      0.0
  SINCE MAR 1      0.0                       0.0    0.0      0.0
  SINCE JUL 1      0.0                       0.0    0.0      0.0
  SNOW DEPTH       0

DEGREE DAYS
 HEATING
  YESTERDAY        0                         3     -3        0
  MONTH TO DATE  125                       117      8       74
  SINCE MAR 1    125                       117      8       74
  SINCE JUL 1    628                      1151   -523      839

 COOLING
  YESTERDAY        0                         2     -2        3
  MONTH TO DATE   34                        42     -8       80
  SINCE MAR 1     34                        42     -8       80
  SINCE JAN 1    118                        74     44      105
..................................................................


WIND (MPH)
  HIGHEST WIND SPEED    22   HIGHEST WIND DIRECTION     E (110)
  HIGHEST GUST SPEED    27   HIGHEST GUST DIRECTION    SE (120)
  AVERAGE WIND SPEED     8.0


SKY COVER
  POSSIBLE SUNSHINE  MM
  AVERAGE SKY COVER 0.3


WEATHER CONDITIONS
 THE FOLLOWING WEATHER WAS RECORDED YESTERDAY.
  NO SIGNIFICANT WEATHER WAS OBSERVED.


RELATIVE HUMIDITY (PERCENT)
 HIGHEST    96           700 AM
 LOWEST     33           100 PM
 AVERAGE    65

..........................................................


THE GAINESVILLE CLIMATE NORMALS FOR TODAY
                         NORMAL    RECORD    YEAR
 MAXIMUM TEMPERATURE (F)   76        95      1907
 MINIMUM TEMPERATURE (F)   51        30      1968


SUNRISE AND SUNSET
MARCH 25 2017.........SUNRISE   727 AM EDT   SUNSET   744 PM EDT
MARCH 26 2017.........SUNRISE   725 AM EDT   SUNSET   744 PM EDT


-  INDICATES NEGATIVE NUMBERS.
R  INDICATES RECORD WAS SET OR TIED.
MM INDICATES DATA IS MISSING.
T  INDICATES TRACE AMOUNT.




$$
