000
CDUS42 KJAX 220528
CLIGNV


CLIMATE REPORT
NATIONAL WEATHER SERVICE JACKSONVILLE FL
127 AM EDT SUN OCT 22 2017


...................................

...THE GAINESVILLE CLIMATE SUMMARY FOR OCTOBER 21 2017...

CLIMATE NORMAL PERIOD 1981 TO 2010
CLIMATE RECORD PERIOD 1890 TO 2017


WEATHER ITEM   OBSERVED TIME   RECORD YEAR NORMAL DEPARTURE LAST
                VALUE   (LST)  VALUE       VALUE  FROM      YEAR
                                                  NORMAL
..................................................................
TEMPERATURE (F)
 YESTERDAY
  MAXIMUM         85    136 PM  89    2005  80      5       87
                                      1936
                                      1922
  MINIMUM         62    531 AM  33    1989  59      3       60
  AVERAGE         74                        69      5       74

PRECIPITATION (IN)
  YESTERDAY        T             1.53 1990   0.07  -0.07     0.00
  MONTH TO DATE    1.46                      2.20  -0.74     1.65
  SINCE SEP 1     16.74                      6.62  10.12     9.62
  SINCE JAN 1     65.79                     42.19  23.60    39.34

SNOWFALL (IN)
  YESTERDAY        0.0           0.0    MM   0.0    0.0      0.0
  MONTH TO DATE    0.0                       0.0    0.0      0.0
  SINCE SEP 1      0.0                       0.0    0.0      0.0
  SINCE JUL 1      0.0                       0.0    0.0      0.0
  SNOW DEPTH       0

DEGREE DAYS
 HEATING
  YESTERDAY        0                         1     -1        0
  MONTH TO DATE    0                         9     -9        0
  SINCE SEP 1      0                         9     -9        0
  SINCE JUL 1      0                         9     -9        0

 COOLING
  YESTERDAY        9                         6      3        9
  MONTH TO DATE  253                       166     87      213
  SINCE SEP 1    658                       562     96      670
  SINCE JAN 1   2818                      2506    312     2913
..................................................................


WIND (MPH)
  HIGHEST WIND SPEED    21   HIGHEST WIND DIRECTION     E (110)
  HIGHEST GUST SPEED    26   HIGHEST GUST DIRECTION     E (110)
  AVERAGE WIND SPEED     7.8


SKY COVER
  POSSIBLE SUNSHINE  MM
  AVERAGE SKY COVER 0.2


WEATHER CONDITIONS
 THE FOLLOWING WEATHER WAS RECORDED YESTERDAY.
  LIGHT RAIN


RELATIVE HUMIDITY (PERCENT)
 HIGHEST   100           100 AM
 LOWEST     47          1200 PM
 AVERAGE    74

..........................................................


THE GAINESVILLE CLIMATE NORMALS FOR TODAY
                         NORMAL    RECORD    YEAR
 MAXIMUM TEMPERATURE (F)   80        90      2006
                                             1979
                                             1934
 MINIMUM TEMPERATURE (F)   58        38      1989
                                             1976
                                             1925


SUNRISE AND SUNSET
OCTOBER 22 2017.......SUNRISE   735 AM EDT   SUNSET   651 PM EDT
OCTOBER 23 2017.......SUNRISE   736 AM EDT   SUNSET   650 PM EDT


-  INDICATES NEGATIVE NUMBERS.
R  INDICATES RECORD WAS SET OR TIED.
MM INDICATES DATA IS MISSING.
T  INDICATES TRACE AMOUNT.




$$
