748
CDUS42 KJAX 290532
CLIGNV


CLIMATE REPORT
NATIONAL WEATHER SERVICE JACKSONVILLE FL
132 AM EDT FRI APR 29 2016


...................................

...THE GAINESVILLE CLIMATE SUMMARY FOR APRIL 28 2016...

CLIMATE NORMAL PERIOD 1981 TO 2010
CLIMATE RECORD PERIOD 1890 TO 2016


WEATHER ITEM   OBSERVED TIME   RECORD YEAR NORMAL DEPARTURE LAST
                VALUE   (LST)  VALUE       VALUE  FROM      YEAR
                                                  NORMAL
..................................................................
TEMPERATURE (F)
 YESTERDAY
  MAXIMUM         88    239 PM  95    1991  83      5       76
  MINIMUM         64    538 AM  41    1978  57      7       66
  AVERAGE         76                        70      6       71

PRECIPITATION (IN)
  YESTERDAY        0.00          2.81 1964   0.07  -0.07      T
  MONTH TO DATE    1.66                      2.52  -0.86     2.96
  SINCE MAR 1      4.01                      6.85  -2.84     4.13
  SINCE JAN 1     10.86                     13.36  -2.50     9.39

SNOWFALL (IN)
  YESTERDAY        0.0           0.0    MM   0.0    0.0      0.0
  MONTH TO DATE    0.0                       0.0    0.0      0.0
  SINCE MAR 1      0.0                       0.0    0.0      0.0
  SINCE JUL 1      0.0                       0.0    0.0      0.0
  SNOW DEPTH       0

DEGREE DAYS
 HEATING
  YESTERDAY        0                         1     -1        0
  MONTH TO DATE    9                        43    -34        0
  SINCE MAR 1     83                       180    -97       60
  SINCE JUL 1    848                      1214   -366     1211

 COOLING
  YESTERDAY       11                         6      5        6
  MONTH TO DATE  114                       109      5      234
  SINCE MAR 1    243                       163     80      373
  SINCE JAN 1    268                       195     73      388
..................................................................


WIND (MPH)
  HIGHEST WIND SPEED    15   HIGHEST WIND DIRECTION    SW (240)
  HIGHEST GUST SPEED    20   HIGHEST GUST DIRECTION     W (280)
  AVERAGE WIND SPEED     5.7


SKY COVER
  POSSIBLE SUNSHINE  MM
  AVERAGE SKY COVER 0.1


WEATHER CONDITIONS
 THE FOLLOWING WEATHER WAS RECORDED YESTERDAY.
  NO SIGNIFICANT WEATHER WAS OBSERVED.


RELATIVE HUMIDITY (PERCENT)
 HIGHEST    93          1200 AM
 LOWEST     45          1200 PM
 AVERAGE    69

..........................................................


THE GAINESVILLE CLIMATE NORMALS FOR TODAY
                         NORMAL    RECORD    YEAR
 MAXIMUM TEMPERATURE (F)   83        95      1914
 MINIMUM TEMPERATURE (F)   58        39      1928


SUNRISE AND SUNSET
APRIL 29 2016.........SUNRISE   648 AM EDT   SUNSET   805 PM EDT
APRIL 30 2016.........SUNRISE   647 AM EDT   SUNSET   806 PM EDT


-  INDICATES NEGATIVE NUMBERS.
R  INDICATES RECORD WAS SET OR TIED.
MM INDICATES DATA IS MISSING.
T  INDICATES TRACE AMOUNT.




$$
