000
CDUS45 KMSO 312230
CLIGPI


CLIMATE REPORT
NATIONAL WEATHER SERVICE MISSOULA, MT
430 PM MDT TUE MAY 31 2016


...................................

...THE KALISPELL MT CLIMATE SUMMARY FOR MAY 31 2016...
VALID TODAY AS OF 0400 PM LOCAL TIME.

CLIMATE NORMAL PERIOD 1981 TO 2010
CLIMATE RECORD PERIOD 1894 TO 2016


WEATHER ITEM   OBSERVED TIME   RECORD YEAR NORMAL DEPARTURE LAST
                VALUE   (LST)  VALUE       VALUE  FROM      YEAR
                                                  NORMAL
..................................................................
TEMPERATURE (F)
 TODAY
  MAXIMUM         70    259 PM  92    1986  69      1       80
  MINIMUM         43    453 AM  28    1950  43      0       43
  AVERAGE         57                        56      1       62

PRECIPITATION (IN)
  TODAY            0.00          0.94 1990   0.09  -0.09     0.00
  MONTH TO DATE    3.12                      1.98   1.14     0.22
  SINCE OCT 1     12.34                     10.61   1.73    11.84
  SINCE JAN 1      8.29                      6.61   1.68     5.76

SNOWFALL (IN)
  TODAY            0.0
  MONTH TO DATE    0.0
  SINCE JAN 1     14.6
  SINCE JUL 1     41.4
  SNOW DEPTH       0

DEGREE DAYS
 HEATING
  TODAY            8                        10     -2        3
  MONTH TO DATE  355                       413    -58      339
  SINCE MAR 1   1648                      1971   -323     1763
  SINCE JUL 1   6950                      7823   -873     7213

 COOLING
  TODAY            0                         0      0        0
  MONTH TO DATE    0                         3     -3        0
  SINCE MAR 1      0                         3     -3        0
  SINCE JAN 1      0                         3     -3        0
..................................................................


WIND (MPH)
  HIGHEST WIND SPEED    15   HIGHEST WIND DIRECTION     N (360)
  HIGHEST GUST SPEED    19   HIGHEST GUST DIRECTION     N (20)
  AVERAGE WIND SPEED     7.8


SKY COVER
  POSSIBLE SUNSHINE  MM
  AVERAGE SKY COVER 0.1


WEATHER CONDITIONS
 THE FOLLOWING WEATHER WAS RECORDED TODAY.
  NO SIGNIFICANT WEATHER WAS OBSERVED.


RELATIVE HUMIDITY (PERCENT)
 HIGHEST    76           500 AM
 LOWEST     26           200 PM
 AVERAGE    51

..........................................................


THE KALISPELL MT CLIMATE NORMALS FOR TOMORROW
                         NORMAL    RECORD    YEAR
 MAXIMUM TEMPERATURE (F)   69        90      1986
 MINIMUM TEMPERATURE (F)   43        28      1951


SUNRISE AND SUNSET
MAY 31 2016...........SUNRISE   541 AM MDT   SUNSET   929 PM MDT
JUNE  1 2016..........SUNRISE   540 AM MDT   SUNSET   930 PM MDT


-  INDICATES NEGATIVE NUMBERS.
R  INDICATES RECORD WAS SET OR TIED.
MM INDICATES DATA IS MISSING.
T  INDICATES TRACE AMOUNT.




$$
