000
CDUS45 KMSO 012232
CLIGPI


CLIMATE REPORT
NATIONAL WEATHER SERVICE MISSOULA, MT
431 PM MDT SAT AUG 1 2015


...................................

...THE KALISPELL MT CLIMATE SUMMARY FOR AUGUST 1 2015...
VALID TODAY AS OF 0400 PM LOCAL TIME.

CLIMATE NORMAL PERIOD 1981 TO 2010
CLIMATE RECORD PERIOD 1894 TO 2015


WEATHER ITEM   OBSERVED TIME   RECORD YEAR NORMAL DEPARTURE LAST
                VALUE   (LST)  VALUE       VALUE  FROM      YEAR
                                                  NORMAL
..................................................................
TEMPERATURE (F)
 TODAY
  MAXIMUM         97    259 PM  98    1971  84     13       93
  MINIMUM         42    525 AM  37    1953  49     -7       51
  AVERAGE         70                        67      3       72

PRECIPITATION (IN)
  TODAY            0.00          0.84 1960   0.03  -0.03     0.00
  MONTH TO DATE    0.00                      0.03  -0.03     0.00
  SINCE OCT 1     12.80                     14.65  -1.85    17.33
  SINCE JAN 1      6.72                     10.65  -3.93    12.88

SNOWFALL (IN)
  TODAY            0.0
  MONTH TO DATE    0.0
  SINCE JAN 1     32.9
  SINCE JUL 1      0.0
  SNOW DEPTH       0

DEGREE DAYS
 HEATING
  TODAY            0                         2     -2        0
  MONTH TO DATE    0                         2     -2        0
  SINCE JUN 1    141                       295   -154      267
  SINCE JUL 1     60                        79    -19       14

 COOLING
  TODAY            5                         3      2        7
  MONTH TO DATE    5                         3      2        7
  SINCE JUN 1    170                        83     87      137
  SINCE JAN 1    170                        86     84      137
..................................................................


WIND (MPH)
  HIGHEST WIND SPEED    15   HIGHEST WIND DIRECTION     S (160)
  HIGHEST GUST SPEED    20   HIGHEST GUST DIRECTION     S (160)
  AVERAGE WIND SPEED     3.9


SKY COVER
  POSSIBLE SUNSHINE  MM
  AVERAGE SKY COVER 0.0


WEATHER CONDITIONS
 THE FOLLOWING WEATHER WAS RECORDED TODAY.
  NO SIGNIFICANT WEATHER WAS OBSERVED.


RELATIVE HUMIDITY (PERCENT)
 HIGHEST    83           600 AM
 LOWEST     10           300 PM
 AVERAGE    47

..........................................................


THE KALISPELL MT CLIMATE NORMALS FOR TOMORROW
                         NORMAL    RECORD    YEAR
 MAXIMUM TEMPERATURE (F)   84        99      1961
 MINIMUM TEMPERATURE (F)   49        36      1963


SUNRISE AND SUNSET
AUGUST  1 2015........SUNRISE   612 AM MDT   SUNSET   914 PM MDT
AUGUST  2 2015........SUNRISE   613 AM MDT   SUNSET   912 PM MDT


-  INDICATES NEGATIVE NUMBERS.
R  INDICATES RECORD WAS SET OR TIED.
MM INDICATES DATA IS MISSING.
T  INDICATES TRACE AMOUNT.




$$
