000
CDUS45 KMSO 260738
CLIGPI


CLIMATE REPORT
NATIONAL WEATHER SERVICE MISSOULA, MT
137 AM MDT TUE SEP 26 2017


...................................

...THE KALISPELL MT CLIMATE SUMMARY FOR SEPTEMBER 25 2017...

CLIMATE NORMAL PERIOD 1981 TO 2010
CLIMATE RECORD PERIOD 1894 TO 2017


WEATHER ITEM   OBSERVED TIME   RECORD YEAR NORMAL DEPARTURE LAST
                VALUE   (LST)  VALUE       VALUE  FROM      YEAR
                                                  NORMAL
..................................................................
TEMPERATURE (F)
 YESTERDAY
  MAXIMUM         59    349 PM  88    2001  66     -7       63
  MINIMUM         45    653 AM  17    1934  35     10       34
  AVERAGE         52                        50      2       49

PRECIPITATION (IN)
  YESTERDAY        0.05          0.68 1998   0.04   0.01     0.00
  MONTH TO DATE    0.47                      1.19  -0.72     0.85
  SINCE OCT 1     19.03                     16.80   2.23    17.12
  SINCE JAN 1     11.80                     12.80  -1.00    13.07

SNOWFALL (IN)
  YESTERDAY        0.0
  MONTH TO DATE    0.0
  SINCE JAN 1     54.5
  SINCE JUL 1      0.0
  SNOW DEPTH       0

DEGREE DAYS
 HEATING
  YESTERDAY       13                        15     -2       16
  MONTH TO DATE  226                       251    -25      313
  SINCE SEP 1    226                       251    -25      313
  SINCE JUL 1    275                       421   -146      460

 COOLING
  YESTERDAY        0                         0      0        0
  MONTH TO DATE    4                         1      3        0
  SINCE SEP 1      4                         1      3        0
  SINCE JAN 1    228                       144     84      156
..................................................................


WIND (MPH)
  HIGHEST WIND SPEED    12   HIGHEST WIND DIRECTION     S (180)
  HIGHEST GUST SPEED    17   HIGHEST GUST DIRECTION    SE (150)
  AVERAGE WIND SPEED     3.6


SKY COVER
  POSSIBLE SUNSHINE  MM
  AVERAGE SKY COVER 1.0


WEATHER CONDITIONS
 THE FOLLOWING WEATHER WAS RECORDED YESTERDAY.
  LIGHT RAIN
  FOG


RELATIVE HUMIDITY (PERCENT)
 HIGHEST   100          1000 PM
 LOWEST     57           100 PM
 AVERAGE    79

..........................................................


THE KALISPELL MT CLIMATE NORMALS FOR TODAY
                         NORMAL    RECORD    YEAR
 MAXIMUM TEMPERATURE (F)   65        87      1952
 MINIMUM TEMPERATURE (F)   35        24      1970


SUNRISE AND SUNSET
SEPTEMBER 26 2017.....SUNRISE   730 AM MDT   SUNSET   726 PM MDT
SEPTEMBER 27 2017.....SUNRISE   731 AM MDT   SUNSET   724 PM MDT


-  INDICATES NEGATIVE NUMBERS.
R  INDICATES RECORD WAS SET OR TIED.
MM INDICATES DATA IS MISSING.
T  INDICATES TRACE AMOUNT.




$$
