000
CDUS45 KMSO 192333
CLIGPI


CLIMATE REPORT
NATIONAL WEATHER SERVICE MISSOULA, MT
432 PM MST MON FEB 19 2018


...................................

...THE KALISPELL MT CLIMATE SUMMARY FOR FEBRUARY 19 2018...
VALID TODAY AS OF 0400 PM LOCAL TIME.

CLIMATE NORMAL PERIOD 1981 TO 2010
CLIMATE RECORD PERIOD 1894 TO 2018


WEATHER ITEM   OBSERVED TIME   RECORD YEAR NORMAL DEPARTURE LAST
                VALUE   (LST)  VALUE       VALUE  FROM      YEAR
                                                  NORMAL
..................................................................
TEMPERATURE (F)
 TODAY
  MAXIMUM         17    214 PM  53    1930  37    -20       41
  MINIMUM         -1    752 AM  -6    2006  18    -19       32
                                      1960
  AVERAGE          8                        28    -20       37

PRECIPITATION (IN)
  TODAY            0.00          0.44 1982   0.04  -0.04     0.21
  MONTH TO DATE    0.88                      0.65   0.23     2.04
  SINCE OCT 1      7.45                      5.98   1.47    10.24
  SINCE JAN 1      2.30                      1.98   0.32     3.01

SNOWFALL (IN)
  TODAY            0.0
  MONTH TO DATE   20.2
  SINCE JAN 1     30.7
  SINCE JUL 1     72.7
  SNOW DEPTH      18

DEGREE DAYS
 HEATING
  TODAY           57                        37     20       28
  MONTH TO DATE  819                       733     86      820
  SINCE DEC 1   3198                      3320   -122     3890
  SINCE JUL 1   5211                      5524   -313     5849

 COOLING
  TODAY            0                         0      0        0
  MONTH TO DATE    0                         0      0        0
  SINCE DEC 1      0                         0      0        0
  SINCE JAN 1      0                         0      0        0
..................................................................


WIND (MPH)
  HIGHEST WIND SPEED    22   HIGHEST WIND DIRECTION     N (20)
  HIGHEST GUST SPEED    26   HIGHEST GUST DIRECTION    NE (30)
  AVERAGE WIND SPEED     9.4


SKY COVER
  POSSIBLE SUNSHINE  MM
  AVERAGE SKY COVER 0.6


WEATHER CONDITIONS
 THE FOLLOWING WEATHER WAS RECORDED TODAY.
  NO SIGNIFICANT WEATHER WAS OBSERVED.


RELATIVE HUMIDITY (PERCENT)
 HIGHEST    65           800 AM
 LOWEST     36           200 PM
 AVERAGE    51

..........................................................


THE KALISPELL MT CLIMATE NORMALS FOR TOMORROW
                         NORMAL    RECORD    YEAR
 MAXIMUM TEMPERATURE (F)   37        57      1995
 MINIMUM TEMPERATURE (F)   18       -13      1936


SUNRISE AND SUNSET
FEBRUARY 19 2018......SUNRISE   737 AM MST   SUNSET   606 PM MST
FEBRUARY 20 2018......SUNRISE   735 AM MST   SUNSET   607 PM MST


-  INDICATES NEGATIVE NUMBERS.
R  INDICATES RECORD WAS SET OR TIED.
MM INDICATES DATA IS MISSING.
T  INDICATES TRACE AMOUNT.




$$
