000
CDUS45 KMSO 162235
CLIGPI


CLIMATE REPORT
NATIONAL WEATHER SERVICE MISSOULA, MT
430 PM MDT TUE SEP 16 2014


...................................

...THE KALISPELL MT CLIMATE SUMMARY FOR SEPTEMBER 16 2014...
VALID TODAY AS OF 0400 PM LOCAL TIME.

CLIMATE NORMAL PERIOD 1981 TO 2010
CLIMATE RECORD PERIOD 1894 TO 2014


WEATHER ITEM   OBSERVED TIME   RECORD YEAR NORMAL DEPARTURE LAST
                VALUE   (LST)  VALUE       VALUE  FROM      YEAR
                                                  NORMAL
..................................................................
TEMPERATURE (F)
 TODAY
  MAXIMUM         79    259 PM  88    2009  70      9       79
  MINIMUM         36    628 AM  23    1973  38     -2       48
  AVERAGE         58                        54      4       64

PRECIPITATION (IN)
  TODAY            0.00          0.49 1977   0.04  -0.04     0.03
  MONTH TO DATE    0.72                      0.77  -0.05     0.89
  SINCE OCT 1     19.51                     16.38   3.13    16.89
  SINCE JAN 1     15.06                     12.38   2.68    11.51

SNOWFALL (IN)
  TODAY            0.0
  MONTH TO DATE    0.0
  SINCE JAN 1     38.2
  SINCE JUL 1      0.0
  SNOW DEPTH       0

DEGREE DAYS
 HEATING
  TODAY            7                        11     -4        1
  MONTH TO DATE  200                       134     66       18
  SINCE SEP 1    200                       134     66       18
  SINCE JUL 1    277                       304    -27       59

 COOLING
  TODAY            0                         0      0        0
  MONTH TO DATE    0                         1     -1       29
  SINCE SEP 1      0                         1     -1       29
  SINCE JAN 1    215                       144     71      264
..................................................................


WIND (MPH)
  HIGHEST WIND SPEED     9   HIGHEST WIND DIRECTION    NE (50)
  HIGHEST GUST SPEED    11   HIGHEST GUST DIRECTION     S (180)
  AVERAGE WIND SPEED     4.3


SKY COVER
  POSSIBLE SUNSHINE  MM
  AVERAGE SKY COVER 0.0


WEATHER CONDITIONS
 THE FOLLOWING WEATHER WAS RECORDED TODAY.
  NO SIGNIFICANT WEATHER WAS OBSERVED.


RELATIVE HUMIDITY (PERCENT)
 HIGHEST    92           200 AM
 LOWEST     23           300 PM
 AVERAGE    58

..........................................................


THE KALISPELL MT CLIMATE NORMALS FOR TOMORROW
                         NORMAL    RECORD    YEAR
 MAXIMUM TEMPERATURE (F)   69        89      1981
 MINIMUM TEMPERATURE (F)   38        22      1973


SUNRISE AND SUNSET
SEPTEMBER 16 2014.....SUNRISE   715 AM MDT   SUNSET   747 PM MDT
SEPTEMBER 17 2014.....SUNRISE   717 AM MDT   SUNSET   745 PM MDT


-  INDICATES NEGATIVE NUMBERS.
R  INDICATES RECORD WAS SET OR TIED.
MM INDICATES DATA IS MISSING.
T  INDICATES TRACE AMOUNT.




$$
