000
CDUS45 KMSO 202239
CLIGPI


CLIMATE REPORT
NATIONAL WEATHER SERVICE MISSOULA, MT
439 PM MDT WED AUG 20 2014


...................................

...THE KALISPELL MT CLIMATE SUMMARY FOR AUGUST 20 2014...
VALID TODAY AS OF 0400 PM LOCAL TIME.

CLIMATE NORMAL PERIOD 1981 TO 2010
CLIMATE RECORD PERIOD 1894 TO 2014


WEATHER ITEM   OBSERVED TIME   RECORD YEAR NORMAL DEPARTURE LAST
                VALUE   (LST)  VALUE       VALUE  FROM      YEAR
                                                  NORMAL
..................................................................
TEMPERATURE (F)
 TODAY
  MAXIMUM         71    259 PM  96    1898  81    -10       85
  MINIMUM         54    550 AM  32    2000  46      8       46
  AVERAGE         63                        63      0       66

PRECIPITATION (IN)
  TODAY            0.03          0.65 1932   0.03   0.00     0.00
  MONTH TO DATE    0.82                      0.59   0.23     0.93
  SINCE OCT 1     18.15                     15.21   2.94    15.63
  SINCE JAN 1     13.70                     11.21   2.49    10.25

SNOWFALL (IN)
  TODAY            0.0
  MONTH TO DATE    0.0
  SINCE JAN 1     38.2
  SINCE JUL 1      0.0
  SNOW DEPTH       0

DEGREE DAYS
 HEATING
  TODAY            2                         3     -1        0
  MONTH TO DATE    7                        47    -40       11
  SINCE JUN 1    274                       340    -66      216
  SINCE JUL 1     21                       124   -103       30

 COOLING
  TODAY            0                         2     -2        1
  MONTH TO DATE   85                        51     34       81
  SINCE JUN 1    215                       131     84      222
  SINCE JAN 1    215                       134     81      222
..................................................................


WIND (MPH)
  HIGHEST WIND SPEED    22   HIGHEST WIND DIRECTION    SE (140)
  HIGHEST GUST SPEED    28   HIGHEST GUST DIRECTION    SE (150)
  AVERAGE WIND SPEED     7.6


SKY COVER
  POSSIBLE SUNSHINE  MM
  AVERAGE SKY COVER 0.8


WEATHER CONDITIONS
 THE FOLLOWING WEATHER WAS RECORDED TODAY.
  LIGHT RAIN


RELATIVE HUMIDITY (PERCENT)
 HIGHEST   100           300 AM
 LOWEST     49           300 PM
 AVERAGE    75

..........................................................


THE KALISPELL MT CLIMATE NORMALS FOR TOMORROW
                         NORMAL    RECORD    YEAR
 MAXIMUM TEMPERATURE (F)   80        95      1969
 MINIMUM TEMPERATURE (F)   46        33      1966
                                             2000


SUNRISE AND SUNSET
AUGUST 20 2014........SUNRISE   638 AM MDT   SUNSET   842 PM MDT
AUGUST 21 2014........SUNRISE   640 AM MDT   SUNSET   840 PM MDT


-  INDICATES NEGATIVE NUMBERS.
R  INDICATES RECORD WAS SET OR TIED.
MM INDICATES DATA IS MISSING.
T  INDICATES TRACE AMOUNT.




$$
