000
CDUS45 KMSO 202332
CLIGPI


CLIMATE REPORT
NATIONAL WEATHER SERVICE MISSOULA, MT
431 PM MST FRI JAN 20 2017


...................................

...THE KALISPELL MT CLIMATE SUMMARY FOR JANUARY 20 2017...
VALID TODAY AS OF 0400 PM LOCAL TIME.

CLIMATE NORMAL PERIOD 1981 TO 2010
CLIMATE RECORD PERIOD 1894 TO 2017


WEATHER ITEM   OBSERVED TIME   RECORD YEAR NORMAL DEPARTURE LAST
                VALUE   (LST)  VALUE       VALUE  FROM      YEAR
                                                  NORMAL
..................................................................
TEMPERATURE (F)
 TODAY
  MAXIMUM         40    315 PM  48    1944  32      8       36
  MINIMUM         23   1237 AM -27    1937  17      6       31
  AVERAGE         32                        24      8       34

PRECIPITATION (IN)
  TODAY            0.00          0.63 1943   0.04  -0.04     0.25
  MONTH TO DATE    0.82                      0.94  -0.12     0.82
  SINCE OCT 1      8.05                      4.94   3.11     4.87
  SINCE JAN 1      0.82                      0.94  -0.12     0.82

SNOWFALL (IN)
  TODAY            0.0
  MONTH TO DATE    9.5
  SINCE JAN 1      9.5
  SINCE JUL 1     44.8
  SNOW DEPTH      11

DEGREE DAYS
 HEATING
  TODAY           33                        41     -8       31
  MONTH TO DATE 1097                       839    258      815
  SINCE DEC 1   2578                      2149    429     2007
  SINCE JUL 1   4537                      4353    184     4026

 COOLING
  TODAY            0                         0      0        0
  MONTH TO DATE    0                         0      0        0
  SINCE DEC 1      0                         0      0        0
  SINCE JAN 1      0                         0      0        0
..................................................................


WIND (MPH)
  HIGHEST WIND SPEED     8   HIGHEST WIND DIRECTION     W (280)
  HIGHEST GUST SPEED     8   HIGHEST GUST DIRECTION     W (290)
  AVERAGE WIND SPEED     0.9


SKY COVER
  POSSIBLE SUNSHINE  MM
  AVERAGE SKY COVER 0.8


WEATHER CONDITIONS
 THE FOLLOWING WEATHER WAS RECORDED TODAY.
  FOG
  FOG W/VISIBILITY <= 1/4 MILE


RELATIVE HUMIDITY (PERCENT)
 HIGHEST   100           200 AM
 LOWEST     70           300 PM
 AVERAGE    85

..........................................................


THE KALISPELL MT CLIMATE NORMALS FOR TOMORROW
                         NORMAL    RECORD    YEAR
 MAXIMUM TEMPERATURE (F)   32        45      2005
                                             1934
 MINIMUM TEMPERATURE (F)   17       -26      1962


SUNRISE AND SUNSET
JANUARY 20 2017.......SUNRISE   819 AM MST   SUNSET   518 PM MST
JANUARY 21 2017.......SUNRISE   818 AM MST   SUNSET   520 PM MST


-  INDICATES NEGATIVE NUMBERS.
R  INDICATES RECORD WAS SET OR TIED.
MM INDICATES DATA IS MISSING.
T  INDICATES TRACE AMOUNT.




$$
