000
CDUS43 KGRB 102224
CLIGRB


CLIMATE REPORT
NATIONAL WEATHER SERVICE GREEN BAY
423 PM CST SUN DEC 10 2017


...................................

...THE GREEN BAY WI CLIMATE SUMMARY FOR DECEMBER 10 2017...
VALID TODAY AS OF 0400 PM LOCAL TIME.

CLIMATE NORMAL PERIOD 1981 TO 2010
CLIMATE RECORD PERIOD 1886 TO 2017


WEATHER ITEM   OBSERVED TIME   RECORD YEAR NORMAL DEPARTURE LAST
                VALUE   (LST)  VALUE       VALUE  FROM      YEAR
                                                  NORMAL
..................................................................
TEMPERATURE (F)
 TODAY
  MAXIMUM         28    136 PM  54    2015  30     -2       23
  MINIMUM         15   1202 AM -15    1972  16     -1       17
                                      1919
  AVERAGE         22                        23     -1       20

PRECIPITATION (IN)
  TODAY            T             0.82 1971   0.06  -0.06     0.02
  MONTH TO DATE    0.43                      0.58  -0.15     0.36
  SINCE DEC 1      0.43                      0.58  -0.15     0.36
  SINCE JAN 1     31.09                     28.59   2.50    31.22

SNOWFALL (IN)
  TODAY            0.1           3.4  1992   0.4   -0.3      0.2
  MONTH TO DATE    1.4                       4.0   -2.6      4.0
  SINCE DEC 1      1.4                       4.0   -2.6      4.0
  SINCE JUL 1      2.0                       8.2   -6.2      4.9
  SNOW DEPTH       1

DEGREE DAYS
 HEATING
  TODAY           43                        42      1       45
  MONTH TO DATE  336                       401    -65      342
  SINCE DEC 1    336                       401    -65      342
  SINCE JUL 1   1752                      2141   -389     1404

 COOLING
  TODAY            0                         0      0        0
  MONTH TO DATE    0                         0      0        0
  SINCE DEC 1      0                         0      0        0
  SINCE JAN 1    477                       398     79      577
..................................................................


WIND (MPH)
  HIGHEST WIND SPEED    15   HIGHEST WIND DIRECTION    NW (310)
  HIGHEST GUST SPEED    17   HIGHEST GUST DIRECTION    NW (330)
  AVERAGE WIND SPEED     7.4


SKY COVER
  POSSIBLE SUNSHINE  MM
  AVERAGE SKY COVER 1.0


WEATHER CONDITIONS
 THE FOLLOWING WEATHER WAS RECORDED TODAY.
  LIGHT SNOW
  FOG


RELATIVE HUMIDITY (PERCENT)
 HIGHEST    91           900 AM
 LOWEST     73          1200 AM
 AVERAGE    82

..........................................................


THE GREEN BAY WI CLIMATE NORMALS FOR TOMORROW
                         NORMAL    RECORD    YEAR
 MAXIMUM TEMPERATURE (F)   30        57      1949
 MINIMUM TEMPERATURE (F)   16       -17      1977
                                             1972


SUNRISE AND SUNSET
DECEMBER 10 2017......SUNRISE   718 AM CST   SUNSET   413 PM CST
DECEMBER 11 2017......SUNRISE   719 AM CST   SUNSET   413 PM CST


-  INDICATES NEGATIVE NUMBERS.
R  INDICATES RECORD WAS SET OR TIED.
MM INDICATES DATA IS MISSING.
T  INDICATES TRACE AMOUNT.




$$
