000
CDUS43 KGRB 250715
CLIGRB


CLIMATE REPORT
NATIONAL WEATHER SERVICE GREEN BAY
213 AM CDT SUN JUN 25 2017


...................................

...THE GREEN BAY WI CLIMATE SUMMARY FOR JUNE 24 2017...

CLIMATE NORMAL PERIOD 1981 TO 2010
CLIMATE RECORD PERIOD 1886 TO 2017


WEATHER ITEM   OBSERVED TIME   RECORD YEAR NORMAL DEPARTURE LAST
                VALUE   (LST)  VALUE       VALUE  FROM      YEAR
                                                  NORMAL
..................................................................
TEMPERATURE (F)
 YESTERDAY
  MAXIMUM         71    331 PM  95    1937  78     -7       83
  MINIMUM         54   1159 PM  43    1887  57     -3       54
  AVERAGE         63                        67     -4       69

PRECIPITATION (IN)
  YESTERDAY        T             1.52 1940   0.13  -0.13     0.00
  MONTH TO DATE    3.08                      3.13  -0.05     3.52
  SINCE JUN 1      3.08                      3.13  -0.05     3.52
  SINCE JAN 1     16.08                     12.78   3.30    14.70

SNOWFALL (IN)
  YESTERDAY        0.0           0.0    MM   0.0    0.0      0.0
  MONTH TO DATE    0.0                       0.0    0.0      0.0
  SINCE JUN 1      0.0                       0.0    0.0      0.0
  SINCE JUL 1     53.2                      51.4    1.8     50.0
  SNOW DEPTH       0

DEGREE DAYS
 HEATING
  YESTERDAY        2                         2      0        0
  MONTH TO DATE   11                        84    -73       25
  SINCE JUN 1     11                        84    -73       25
  SINCE JUL 1   6398                      7947  -1549     6622

 COOLING
  YESTERDAY        0                         4     -4        4
  MONTH TO DATE  105                        58     47       71
  SINCE JUN 1    105                        58     47       71
  SINCE JAN 1    113                        76     37      104
..................................................................


WIND (MPH)
  HIGHEST WIND SPEED    24   HIGHEST WIND DIRECTION     W (290)
  HIGHEST GUST SPEED    30   HIGHEST GUST DIRECTION     W (280)
  AVERAGE WIND SPEED    12.4


SKY COVER
  POSSIBLE SUNSHINE  MM
  AVERAGE SKY COVER 0.7


WEATHER CONDITIONS
 THE FOLLOWING WEATHER WAS RECORDED YESTERDAY.
  LIGHT RAIN


RELATIVE HUMIDITY (PERCENT)
 HIGHEST    93           200 AM
 LOWEST     37           500 PM
 AVERAGE    65

..........................................................


THE GREEN BAY WI CLIMATE NORMALS FOR TODAY
                         NORMAL    RECORD    YEAR
 MAXIMUM TEMPERATURE (F)   78        92      1966
                                             1963
 MINIMUM TEMPERATURE (F)   57        41      1970


SUNRISE AND SUNSET
JUNE 25 2017..........SUNRISE   509 AM CDT   SUNSET   841 PM CDT
JUNE 26 2017..........SUNRISE   509 AM CDT   SUNSET   841 PM CDT


-  INDICATES NEGATIVE NUMBERS.
R  INDICATES RECORD WAS SET OR TIED.
MM INDICATES DATA IS MISSING.
T  INDICATES TRACE AMOUNT.

$$
