000
CDUS43 KGID 250626
CLIGRI


CLIMATE REPORT
NATIONAL WEATHER SERVICE HASTINGS NE
126 AM CDT SUN JUN 25 2017


...................................

...THE GRAND ISLAND NE CLIMATE SUMMARY FOR JUNE 24 2017...

CLIMATE NORMAL PERIOD 1981 TO 2010
CLIMATE RECORD PERIOD 1895 TO 2017


WEATHER ITEM   OBSERVED TIME   RECORD YEAR NORMAL DEPARTURE LAST
                VALUE   (LST)  VALUE       VALUE  FROM      YEAR
                                                  NORMAL
..................................................................
TEMPERATURE (F)
 YESTERDAY
  MAXIMUM         81    313 PM 106    1973  86     -5       93
  MINIMUM         47R   517 AM  47    1951  62    -15       65
  AVERAGE         64                        74    -10       79

PRECIPITATION (IN)
  YESTERDAY        T             3.10 1910   0.14  -0.14     0.00
  MONTH TO DATE    1.64                      3.50  -1.86     0.01
  SINCE JUN 1      1.64                      3.50  -1.86     0.01
  SINCE JAN 1     11.69                     13.45  -1.76    14.69

SNOWFALL (IN)
  YESTERDAY        0.0                       0.0    0.0      0.0
  MONTH TO DATE    0.0                       0.0    0.0      0.0
  SINCE JUN 1      0.0                       0.0    0.0      0.0
  SINCE JUL 1      9.2                      29.0  -19.8     33.8
  SNOW DEPTH       0

DEGREE DAYS
 HEATING
  YESTERDAY        1                         0      1        0
  MONTH TO DATE    1                        21    -20        0
  SINCE JUN 1      1                        21    -20        0
  SINCE JUL 1   5358                      6196   -838     5131

 COOLING
  YESTERDAY        0                         9     -9       14
  MONTH TO DATE  258                       152    106      286
  SINCE JUN 1    258                       152    106      286
  SINCE JAN 1    308                       217     91      320
..................................................................


WIND (MPH)
  HIGHEST WIND SPEED    23   HIGHEST WIND DIRECTION     W (290)
  HIGHEST GUST SPEED    28   HIGHEST GUST DIRECTION     W (290)
  AVERAGE WIND SPEED     8.8


SKY COVER
  AVERAGE SKY COVER 0.2


WEATHER CONDITIONS
 THE FOLLOWING WEATHER WAS RECORDED YESTERDAY.
  LIGHT RAIN


RELATIVE HUMIDITY (PERCENT)
 HIGHEST    86           300 AM
 LOWEST     21           300 PM
 AVERAGE    54

..........................................................


THE GRAND ISLAND NE CLIMATE NORMALS FOR TODAY
                         NORMAL    RECORD    YEAR
 MAXIMUM TEMPERATURE (F)   86       105      1936
 MINIMUM TEMPERATURE (F)   62        41      1958


SUNRISE AND SUNSET
JUNE 25 2017..........SUNRISE   603 AM CDT   SUNSET   909 PM CDT
JUNE 26 2017..........SUNRISE   603 AM CDT   SUNSET   909 PM CDT


-  INDICATES NEGATIVE NUMBERS.
R  INDICATES RECORD WAS SET OR TIED.
MM INDICATES DATA IS MISSING.
T  INDICATES TRACE AMOUNT.




$$
