000
CDUS43 KGID 010636
CLIGRI


CLIMATE REPORT
NATIONAL WEATHER SERVICE HASTINGS NE
134 AM CDT SUN MAY 1 2016


...................................

...THE GRAND ISLAND NE CLIMATE SUMMARY FOR APRIL 30 2016...

CLIMATE NORMAL PERIOD 1981 TO 2010
CLIMATE RECORD PERIOD 1895 TO 2016


WEATHER ITEM   OBSERVED TIME   RECORD YEAR NORMAL DEPARTURE LAST
                VALUE   (LST)  VALUE       VALUE  FROM      YEAR
                                                  NORMAL
..................................................................
TEMPERATURE (F)
 YESTERDAY
  MAXIMUM         47    618 PM  93    1992  68    -21       76
  MINIMUM         41    241 AM  17    1903  44     -3       38
  AVERAGE         44                        56    -12       57

PRECIPITATION (IN)
  YESTERDAY        0.94          1.15 1985   0.11   0.83     0.00
  MONTH TO DATE    5.05                      2.53   2.52     2.14
  SINCE MAR 1      5.66                      4.33   1.33     2.30
  SINCE JAN 1      7.84                      5.54   2.30     3.47

SNOWFALL (IN)
  YESTERDAY        0.0           0.8  1994   0.0    0.0      0.0
  MONTH TO DATE    0.0                       1.5   -1.5      0.8
  SINCE MAR 1      2.6                       6.9   -4.3      1.4
  SINCE JUL 1     33.8                      29.0    4.8     24.3
  SNOW DEPTH       0

DEGREE DAYS
 HEATING
  YESTERDAY       21                        10     11        8
  MONTH TO DATE  370                       445    -75      378
  SINCE MAR 1    957                      1241   -284     1026
  SINCE JUL 1   4955                      6002  -1047     5763

 COOLING
  YESTERDAY        0                         1     -1        0
  MONTH TO DATE    0                        11    -11        4
  SINCE MAR 1      0                        11    -11        4
  SINCE JAN 1      0                        11    -11        4
..................................................................


WIND (MPH)
  HIGHEST WIND SPEED    23   HIGHEST WIND DIRECTION    NE (60)
  HIGHEST GUST SPEED    28   HIGHEST GUST DIRECTION    NE (60)
  AVERAGE WIND SPEED    13.3


SKY COVER
  AVERAGE SKY COVER 1.0


WEATHER CONDITIONS
 THE FOLLOWING WEATHER WAS RECORDED YESTERDAY.
  HEAVY RAIN
  RAIN
  LIGHT RAIN
  FOG


RELATIVE HUMIDITY (PERCENT)
 HIGHEST   100          1000 PM
 LOWEST     89          1200 AM
 AVERAGE    95

..........................................................


THE GRAND ISLAND NE CLIMATE NORMALS FOR TODAY
                         NORMAL    RECORD    YEAR
 MAXIMUM TEMPERATURE (F)   68        94      1955
 MINIMUM TEMPERATURE (F)   44        22      1909


SUNRISE AND SUNSET
MAY  1 2016...........SUNRISE   631 AM CDT   SUNSET   831 PM CDT
MAY  2 2016...........SUNRISE   629 AM CDT   SUNSET   832 PM CDT


-  INDICATES NEGATIVE NUMBERS.
R  INDICATES RECORD WAS SET OR TIED.
MM INDICATES DATA IS MISSING.
T  INDICATES TRACE AMOUNT.

$$

HALBLAUB
