000
CDUS43 KGID 050639
CLIGRI


CLIMATE REPORT
NATIONAL WEATHER SERVICE HASTINGS NE
1238 AM CST THU MAR 5 2015


...................................

...THE GRAND ISLAND NE CLIMATE SUMMARY FOR MARCH 4 2015...

CLIMATE NORMAL PERIOD 1981 TO 2010
CLIMATE RECORD PERIOD 1895 TO 2015


WEATHER ITEM   OBSERVED TIME   RECORD YEAR NORMAL DEPARTURE LAST
                VALUE   (LST)  VALUE       VALUE  FROM      YEAR
                                                  NORMAL
..................................................................
TEMPERATURE (F)
 YESTERDAY
  MAXIMUM         29    422 PM  79    1905  46    -17       47
  MINIMUM          4   1117 PM -21    1960  24    -20       13
  AVERAGE         17                        35    -18       30

PRECIPITATION (IN)
  YESTERDAY        0.05          1.00 1915   0.04   0.01     0.00
  MONTH TO DATE    0.06                      0.15  -0.09     0.01
  SINCE MAR 1      0.06                      0.15  -0.09     0.01
  SINCE JAN 1      1.23                      1.36  -0.13     0.66

SNOWFALL (IN)
  YESTERDAY        0.4          10.0  1915   0.2    0.2      0.0
  MONTH TO DATE    0.6                       0.8   -0.2      0.1
  SINCE MAR 1      0.6                       0.8   -0.2      0.1
  SINCE JUL 1     23.5                      22.9    0.6     13.6
  SNOW DEPTH 6AM   1

DEGREE DAYS
 HEATING
  YESTERDAY       48                        30     18       35
  MONTH TO DATE  157                       123     34      208
  SINCE MAR 1    157                       123     34      208
  SINCE JUL 1   4894                      4884     10     5043

 COOLING
  YESTERDAY        0                         0      0        0
  MONTH TO DATE    0                         0      0        0
  SINCE MAR 1      0                         0      0        0
  SINCE JAN 1      0                         0      0        0
..................................................................


WIND (MPH)
  HIGHEST WIND SPEED    22   HIGHEST WIND DIRECTION     N (340)
  HIGHEST GUST SPEED    28   HIGHEST GUST DIRECTION     N (340)
  AVERAGE WIND SPEED    10.5


SKY COVER
  AVERAGE SKY COVER 0.4


WEATHER CONDITIONS
 THE FOLLOWING WEATHER WAS RECORDED YESTERDAY.
  SNOW
  LIGHT SNOW
  FOG


RELATIVE HUMIDITY (PERCENT)
 HIGHEST    88           100 AM
 LOWEST     33           600 PM
 AVERAGE    61

..........................................................


THE GRAND ISLAND NE CLIMATE NORMALS FOR TODAY
                         NORMAL    RECORD    YEAR
 MAXIMUM TEMPERATURE (F)   46        78      1921
 MINIMUM TEMPERATURE (F)   24        -1      1989
                                             1960


SUNRISE AND SUNSET
MARCH  5 2015.........SUNRISE   701 AM CST   SUNSET   629 PM CST
MARCH  6 2015.........SUNRISE   700 AM CST   SUNSET   630 PM CST


-  INDICATES NEGATIVE NUMBERS.
R  INDICATES RECORD WAS SET OR TIED.
MM INDICATES DATA IS MISSING.
T  INDICATES TRACE AMOUNT.




$$
