000
CDUS43 KGID 280633
CLIGRI


CLIMATE REPORT
NATIONAL WEATHER SERVICE HASTINGS NE
1232 AM CST WED JAN 28 2015


...................................

...THE GRAND ISLAND NE CLIMATE SUMMARY FOR JANUARY 27 2015...

CLIMATE NORMAL PERIOD 1981 TO 2010
CLIMATE RECORD PERIOD 1895 TO 2015


WEATHER ITEM   OBSERVED TIME   RECORD YEAR NORMAL DEPARTURE LAST
                VALUE   (LST)  VALUE       VALUE  FROM      YEAR
                                                  NORMAL
..................................................................
TEMPERATURE (F)
 YESTERDAY
  MAXIMUM         64    233 PM  68    1934  36     28       16
  MINIMUM         26    430 AM -28    1963  15     11       -1
  AVERAGE         45                        26     19        8

PRECIPITATION (IN)
  YESTERDAY        0.00          0.35 1944   0.02  -0.02     0.00
  MONTH TO DATE    0.03                      0.45  -0.42     0.14
  SINCE DEC 1      0.79                      1.08  -0.29     0.25
  SINCE JAN 1      0.03                      0.45  -0.42     0.14

SNOWFALL (IN)
  YESTERDAY        0.0           5.6  1994   0.2   -0.2      0.0
  MONTH TO DATE    0.9                       5.5   -4.6      2.4
  SINCE DEC 1      6.8                      10.6   -3.8      4.6
  SINCE JUL 1      9.0                      14.8   -5.8      4.8
  SNOW DEPTH       0

DEGREE DAYS
 HEATING
  YESTERDAY       20                        40    -20       57
  MONTH TO DATE 1039                      1080    -41     1047
  SINCE DEC 1   2144                      2269   -125     2283
  SINCE JUL 1   3477                      3599   -122     3511

 COOLING
  YESTERDAY        0                         0      0        0
  MONTH TO DATE    0                         0      0        0
  SINCE DEC 1      0                         0      0        0
  SINCE JAN 1      0                         0      0        0
..................................................................


WIND (MPH)
  HIGHEST WIND SPEED    14   HIGHEST WIND DIRECTION    SE (140)
  HIGHEST GUST SPEED    19   HIGHEST GUST DIRECTION     S (190)
  AVERAGE WIND SPEED     8.6


SKY COVER
  AVERAGE SKY COVER 0.0


WEATHER CONDITIONS
 THE FOLLOWING WEATHER WAS RECORDED YESTERDAY.
  NO SIGNIFICANT WEATHER WAS OBSERVED.


RELATIVE HUMIDITY (PERCENT)
 HIGHEST    92           300 AM
 LOWEST     34           200 PM
 AVERAGE    63

..........................................................


THE GRAND ISLAND NE CLIMATE NORMALS FOR TODAY
                         NORMAL    RECORD    YEAR
 MAXIMUM TEMPERATURE (F)   36        63      1986
 MINIMUM TEMPERATURE (F)   15       -14      1972


SUNRISE AND SUNSET
JANUARY 28 2015.......SUNRISE   748 AM CST   SUNSET   545 PM CST
JANUARY 29 2015.......SUNRISE   747 AM CST   SUNSET   546 PM CST


-  INDICATES NEGATIVE NUMBERS.
R  INDICATES RECORD WAS SET OR TIED.
MM INDICATES DATA IS MISSING.
T  INDICATES TRACE AMOUNT.




$$

BRYANT
