000
CDUS43 KGRR 280525
CLIGRR


CLIMATE REPORT
NATIONAL WEATHER SERVICE GRAND RAPIDS, MI
1223 AM EST SUN DEC 28 2014


...................................

...THE GRAND RAPIDS MI CLIMATE SUMMARY FOR DECEMBER 27 2014...

CLIMATE NORMAL PERIOD 1981 TO 2010
CLIMATE RECORD PERIOD 1892 TO 2014


WEATHER ITEM   OBSERVED TIME   RECORD YEAR NORMAL DEPARTURE LAST
                VALUE   (LST)  VALUE       VALUE  FROM      YEAR
                                                  NORMAL
..................................................................
TEMPERATURE (F)
 YESTERDAY
  MAXIMUM         49    317 PM  60    2008  32     17       40
  MINIMUM         34   1159 PM  -5    1993  21     13       27
  AVERAGE         42                        26     16       34

PRECIPITATION (IN)
  YESTERDAY        0.01          1.51 2008   0.07  -0.06      T
  MONTH TO DATE    1.54                      2.20  -0.66     2.58
  SINCE DEC 1      1.54                      2.20  -0.66     2.58
  SINCE JAN 1     40.25                     37.97   2.28    45.36

SNOWFALL (IN)
  YESTERDAY        T             9.6  2001   0.8   -0.8       T
  MONTH TO DATE    0.3                      18.7  -18.4     31.5
  SINCE DEC 1      0.3                      18.7  -18.4     31.5
  SINCE JUL 1     31.3                      26.0    5.3     33.7
  SNOW DEPTH       0

DEGREE DAYS
 HEATING
  YESTERDAY       23                        39    -16       31
  MONTH TO DATE  853                       954   -101     1042
  SINCE DEC 1    853                       954   -101     1042
  SINCE JUL 1   2349                      2292     57     2364

 COOLING
  YESTERDAY        0                         0      0        0
  MONTH TO DATE    0                         0      0        0
  SINCE DEC 1      0                         0      0        0
  SINCE JAN 1    611                       699    -88      767
..................................................................


WIND (MPH)
  RESULTANT WIND SPEED  12   RESULTANT WIND DIRECTION  SW (220)
  HIGHEST WIND SPEED    35   HIGHEST WIND DIRECTION     W (250)
  HIGHEST GUST SPEED    42   HIGHEST GUST DIRECTION     W (250)
  AVERAGE WIND SPEED    14.7


SKY COVER
  POSSIBLE SUNSHINE   0 PERCENT
  AVERAGE SKY COVER 0.9


WEATHER CONDITIONS
 THE FOLLOWING WEATHER WAS RECORDED YESTERDAY.
  LIGHT RAIN
  LIGHT SNOW
  FOG


RELATIVE HUMIDITY (PERCENT)
 HIGHEST    93          1200 PM
 LOWEST     75           900 PM
 AVERAGE    84

..........................................................


THE GRAND RAPIDS MI CLIMATE NORMALS FOR TODAY
                         NORMAL    RECORD    YEAR
 MAXIMUM TEMPERATURE (F)   32        65      1984
 MINIMUM TEMPERATURE (F)   20        -9      2000


SUNRISE AND SUNSET
DECEMBER 28 2014......SUNRISE   812 AM EST   SUNSET   515 PM EST
DECEMBER 29 2014......SUNRISE   813 AM EST   SUNSET   516 PM EST


-  INDICATES NEGATIVE NUMBERS.
R  INDICATES RECORD WAS SET OR TIED.
MM INDICATES DATA IS MISSING.
T  INDICATES TRACE AMOUNT.




$$
