000
CDUS42 KRAH 222151
CLIGSO


CLIMATE REPORT
NATIONAL WEATHER SERVICE RALEIGH NC
447 PM EST MON JAN 22 2018


...................................

...THE PIEDMONT TRIAD INTL AIRPORT NC CLIMATE SUMMARY FOR JANUARY 22 2018...
VALID TODAY AS OF 0400 PM LOCAL TIME.

CLIMATE NORMAL PERIOD 1981 TO 2010
CLIMATE RECORD PERIOD 1903 TO 2018


WEATHER ITEM   OBSERVED TIME   RECORD YEAR NORMAL DEPARTURE LAST
                VALUE   (LST)  VALUE       VALUE  FROM      YEAR
                                                  NORMAL
..................................................................
TEMPERATURE (F)
 TODAY
  MAXIMUM         63    358 PM  72    1967  49     14       54
                                      1932
  MINIMUM         38    516 AM   4    1985  30      8       51
  AVERAGE         51                        39     12       53

PRECIPITATION (IN)
  TODAY            0.00          2.02 1954   0.09  -0.09     0.52
  MONTH TO DATE    1.98                      2.20  -0.22     4.21
  SINCE DEC 1      3.58                      5.18  -1.60     5.91
  SINCE JAN 1      1.98                      2.20  -0.22     4.21

SNOWFALL (IN)
  TODAY            0.0          10.2  1987   0.1   -0.1      0.0
  MONTH TO DATE    7.0                       2.4    4.6      8.0
  SINCE DEC 1      9.2                       3.2    6.0      8.0
  SINCE JUL 1      9.2                       3.3    5.9      8.0
  SNOW DEPTH       0

DEGREE DAYS
 HEATING
  TODAY           14                        26    -12       12
  MONTH TO DATE  708                       572    136      462
  SINCE DEC 1   1438                      1306    132     1147
  SINCE JUL 1   2065                      1986     79     1597

 COOLING
  TODAY            0                         0      0        0
  MONTH TO DATE    0                         0      0        0
  SINCE DEC 1      0                         1     -1        0
  SINCE JAN 1      0                         0      0        0
..................................................................


WIND (MPH)
  HIGHEST WIND SPEED    16   HIGHEST WIND DIRECTION     S (180)
  HIGHEST GUST SPEED    20   HIGHEST GUST DIRECTION     S (180)
  AVERAGE WIND SPEED     6.3


SKY COVER
  POSSIBLE SUNSHINE  MM
  AVERAGE SKY COVER 0.6


WEATHER CONDITIONS
 THE FOLLOWING WEATHER WAS RECORDED TODAY.
  NO SIGNIFICANT WEATHER WAS OBSERVED.


RELATIVE HUMIDITY (PERCENT)
 HIGHEST    93           700 AM
 LOWEST     48           300 PM
 AVERAGE    71

..........................................................


THE PIEDMONT TRIAD INTL AIRPORT NC CLIMATE NORMALS FOR TOMORROW
                         NORMAL    RECORD    YEAR
 MAXIMUM TEMPERATURE (F)   49        73      1967
 MINIMUM TEMPERATURE (F)   30         6      1936


SUNRISE AND SUNSET
JANUARY 22 2018.......SUNRISE   727 AM EST   SUNSET   536 PM EST
JANUARY 23 2018.......SUNRISE   727 AM EST   SUNSET   537 PM EST


-  INDICATES NEGATIVE NUMBERS.
R  INDICATES RECORD WAS SET OR TIED.
MM INDICATES DATA IS MISSING.
T  INDICATES TRACE AMOUNT.




$$
