000
CDUS42 KRAH 232048
CLIGSO


CLIMATE REPORT
NATIONAL WEATHER SERVICE RALEIGH NC
446 PM EDT MON OCT 23 2017


...................................

...THE PIEDMONT TRIAD INTL AIRPORT NC CLIMATE SUMMARY FOR OCTOBER 23 2017...
VALID TODAY AS OF 0440 PM LOCAL TIME.

CLIMATE NORMAL PERIOD 1981 TO 2010
CLIMATE RECORD PERIOD 1903 TO 2017


WEATHER ITEM   OBSERVED TIME   RECORD YEAR NORMAL DEPARTURE LAST
                VALUE   (LST)  VALUE       VALUE  FROM      YEAR
                                                  NORMAL
..................................................................
TEMPERATURE (F)
 TODAY
  MAXIMUM         71    223 PM  86    1941  68      3       70
                                      1927
  MINIMUM         63    640 AM  29    1987  46     17       38
                                      1930
  AVERAGE         67                        57     10       54

PRECIPITATION (IN)
  TODAY            0.23          1.74 1983   0.10   0.13     0.00
  MONTH TO DATE    1.39                      2.31  -0.92     3.91
  SINCE SEP 1      4.19                      6.50  -2.31     6.13
  SINCE JAN 1     38.64                     35.29   3.35    36.93

DEGREE DAYS
 HEATING
  TODAY            0                         8     -8       11
  MONTH TO DATE   56                       127    -71       62
  SINCE SEP 1     78                       157    -79       62
  SINCE JUL 1     78                       158    -80       62

 COOLING
  TODAY            2                         1      1        0
  MONTH TO DATE   73                        32     41       52
  SINCE SEP 1    259                       217     42      391
  SINCE JAN 1   1613                      1479    134     1958
..................................................................


WIND (MPH)
  HIGHEST WIND SPEED    23   HIGHEST WIND DIRECTION     S (160)
  HIGHEST GUST SPEED    30   HIGHEST GUST DIRECTION    SE (130)
  AVERAGE WIND SPEED     8.3


SKY COVER
  POSSIBLE SUNSHINE  MM
  AVERAGE SKY COVER 0.9


WEATHER CONDITIONS
 THE FOLLOWING WEATHER WAS RECORDED TODAY.
  HEAVY RAIN
  RAIN
  LIGHT RAIN
  FOG


RELATIVE HUMIDITY (PERCENT)
 HIGHEST   100           800 AM
 LOWEST     87          1200 AM
 AVERAGE    94

..........................................................


THE PIEDMONT TRIAD INTL AIRPORT NC CLIMATE NORMALS FOR TOMORROW
                         NORMAL    RECORD    YEAR
 MAXIMUM TEMPERATURE (F)   68        84      2001
 MINIMUM TEMPERATURE (F)   46        28      1969


SUNRISE AND SUNSET
OCTOBER 23 2017.......SUNRISE   734 AM EDT   SUNSET   634 PM EDT
OCTOBER 24 2017.......SUNRISE   735 AM EDT   SUNSET   632 PM EDT


-  INDICATES NEGATIVE NUMBERS.
R  INDICATES RECORD WAS SET OR TIED.
MM INDICATES DATA IS MISSING.
T  INDICATES TRACE AMOUNT.




$$
