000
CDUS42 KRAH 292056
CLIGSO


CLIMATE REPORT
NATIONAL WEATHER SERVICE RALEIGH NC
454 PM EDT SUN MAR 29 2015


...................................

...THE PIEDMONT TRIAD INTL AIRPORT NC CLIMATE SUMMARY FOR MARCH 29 2015...
VALID TODAY AS OF 0454 PM LOCAL TIME.

CLIMATE NORMAL PERIOD 1981 TO 2010
CLIMATE RECORD PERIOD 1903 TO 2015


WEATHER ITEM   OBSERVED TIME   RECORD YEAR NORMAL DEPARTURE LAST
                VALUE   (LST)  VALUE       VALUE  FROM      YEAR
                                                  NORMAL
..................................................................
TEMPERATURE (F)
 TODAY
  MAXIMUM         51    348 PM  91    1907  65    -14       64
  MINIMUM         24    507 AM  20    1966  43    -19       48
  AVERAGE         38                        54    -16       56

PRECIPITATION (IN)
  TODAY            0.00          3.60 1991   0.12  -0.12     0.14
  MONTH TO DATE    2.68                      3.48  -0.80     4.35
  SINCE MAR 1      2.68                      3.48  -0.80     4.35
  SINCE JAN 1      7.36                      9.50  -2.14    10.57

SNOWFALL (IN)
  TODAY            0.0           T    1959   0.0    0.0      0.0
  MONTH TO DATE    T                         0.8   -0.8      4.7
  SINCE MAR 1      T                         0.8   -0.8      4.7
  SINCE JUL 1      9.6                       7.5    2.1     15.3
  SNOW DEPTH       0

DEGREE DAYS
 HEATING
  TODAY           27                        11     16        9
  MONTH TO DATE  408                       447    -39      598
  SINCE MAR 1    408                       447    -39      598
  SINCE JUL 1   3493                      3302    191     3575

 COOLING
  TODAY            0                         0      0        0
  MONTH TO DATE    2                         0      2        0
  SINCE MAR 1      2                         0      2        0
  SINCE JAN 1      2                         0      2        0
..................................................................


WIND (MPH)
  HIGHEST WIND SPEED    13   HIGHEST WIND DIRECTION     S (190)
  HIGHEST GUST SPEED    17   HIGHEST GUST DIRECTION     S (200)
  AVERAGE WIND SPEED     3.3


SKY COVER
  POSSIBLE SUNSHINE  MM
  AVERAGE SKY COVER 0.1


WEATHER CONDITIONS
 THE FOLLOWING WEATHER WAS RECORDED TODAY.
  NO SIGNIFICANT WEATHER WAS OBSERVED.


RELATIVE HUMIDITY (PERCENT)
 HIGHEST    50           500 AM
 LOWEST     16           300 PM
 AVERAGE    33

..........................................................


THE PIEDMONT TRIAD INTL AIRPORT NC CLIMATE NORMALS FOR TOMORROW
                         NORMAL    RECORD    YEAR
 MAXIMUM TEMPERATURE (F)   65        93      1907
 MINIMUM TEMPERATURE (F)   43        23      1964


SUNRISE AND SUNSET
MARCH 29 2015.........SUNRISE   711 AM EDT   SUNSET   739 PM EDT
MARCH 30 2015.........SUNRISE   709 AM EDT   SUNSET   740 PM EDT


-  INDICATES NEGATIVE NUMBERS.
R  INDICATES RECORD WAS SET OR TIED.
MM INDICATES DATA IS MISSING.
T  INDICATES TRACE AMOUNT.




$$
