000
CDUS42 KRAH 232042
CLIGSO


CLIMATE REPORT
NATIONAL WEATHER SERVICE RALEIGH NC
440 PM EDT THU MAR 23 2017


...................................

...THE PIEDMONT TRIAD INTL AIRPORT NC CLIMATE SUMMARY FOR MARCH 23 2017...
VALID TODAY AS OF 0440 PM LOCAL TIME.

CLIMATE NORMAL PERIOD 1981 TO 2010
CLIMATE RECORD PERIOD 1903 TO 2017


WEATHER ITEM   OBSERVED TIME   RECORD YEAR NORMAL DEPARTURE LAST
                VALUE   (LST)  VALUE       VALUE  FROM      YEAR
                                                  NORMAL
..................................................................
TEMPERATURE (F)
 TODAY
  MAXIMUM         55    308 PM  89    1907  63     -8       76
  MINIMUM         31    611 AM  23    2004  41    -10       46
                                      1963
  AVERAGE         43                        52     -9       61

PRECIPITATION (IN)
  TODAY            0.00          1.72 1903   0.12  -0.12     0.00
  MONTH TO DATE    1.55                      2.75  -1.20     0.54
  SINCE MAR 1      1.55                      2.75  -1.20     0.54
  SINCE JAN 1      7.16                      8.77  -1.61     6.68

SNOWFALL (IN)
  TODAY            0.0           4.6  1981   0.0    0.0      0.0
  MONTH TO DATE    T                         0.7   -0.7      0.0
  SINCE MAR 1      T                         0.7   -0.7      0.0
  SINCE JUL 1      8.0                       7.4    0.6      4.5
  SNOW DEPTH       0

DEGREE DAYS
 HEATING
  TODAY           22                        13      9        4
  MONTH TO DATE  413                       374     39      222
  SINCE MAR 1    413                       374     39      222
  SINCE JUL 1   2583                      3229   -646     2608

 COOLING
  TODAY            0                         0      0        0
  MONTH TO DATE    3                         0      3       23
  SINCE MAR 1      3                         0      3       23
  SINCE JAN 1      7                         0      7       23
..................................................................


WIND (MPH)
  HIGHEST WIND SPEED    13   HIGHEST WIND DIRECTION     E (80)
  HIGHEST GUST SPEED    16   HIGHEST GUST DIRECTION     E (80)
  AVERAGE WIND SPEED     6.0


SKY COVER
  POSSIBLE SUNSHINE  MM
  AVERAGE SKY COVER 0.1


WEATHER CONDITIONS
 THE FOLLOWING WEATHER WAS RECORDED TODAY.
  NO SIGNIFICANT WEATHER WAS OBSERVED.


RELATIVE HUMIDITY (PERCENT)
 HIGHEST    45           600 AM
 LOWEST     21           100 PM
 AVERAGE    33

..........................................................


THE PIEDMONT TRIAD INTL AIRPORT NC CLIMATE NORMALS FOR TOMORROW
                         NORMAL    RECORD    YEAR
 MAXIMUM TEMPERATURE (F)   64        91      1907
 MINIMUM TEMPERATURE (F)   41        19      1940


SUNRISE AND SUNSET
MARCH 23 2017.........SUNRISE   719 AM EDT   SUNSET   734 PM EDT
MARCH 24 2017.........SUNRISE   717 AM EDT   SUNSET   735 PM EDT


-  INDICATES NEGATIVE NUMBERS.
R  INDICATES RECORD WAS SET OR TIED.
MM INDICATES DATA IS MISSING.
T  INDICATES TRACE AMOUNT.




$$
