000
CDUS42 KRAH 210537
CLIGSO


CLIMATE REPORT
NATIONAL WEATHER SERVICE RALEIGH NC
136 AM EDT SUN SEP 21 2014


...................................

...THE PIEDMONT TRIAD INTL AIRPORT NC CLIMATE SUMMARY FOR SEPTEMBER 20 2014...

CLIMATE NORMAL PERIOD 1981 TO 2010
CLIMATE RECORD PERIOD 1903 TO 2014


WEATHER ITEM   OBSERVED TIME   RECORD YEAR NORMAL DEPARTURE LAST
                VALUE   (LST)  VALUE       VALUE  FROM      YEAR
                                                  NORMAL
..................................................................
TEMPERATURE (F)
 YESTERDAY
  MAXIMUM         81    216 PM  94    1925  78      3       80
                                      1905
  MINIMUM         58    640 AM  39    1929  59     -1       65
  AVERAGE         70                        69      1       73

PRECIPITATION (IN)
  YESTERDAY        0.00          1.30 1969   0.14  -0.14      T
  MONTH TO DATE    2.54                      2.98  -0.44     1.42
  SINCE SEP 1      2.54                      2.98  -0.44     1.42
  SINCE JAN 1     28.42                     31.77  -3.35    39.81

DEGREE DAYS
 HEATING
  YESTERDAY        0                         1     -1        0
  MONTH TO DATE    0                         8     -8        2
  SINCE SEP 1      0                         8     -8        2
  SINCE JUL 1      0                         9     -9        4

 COOLING
  YESTERDAY        5                         5      0        8
  MONTH TO DATE  178                       148     30      161
  SINCE SEP 1    178                       148     30      161
  SINCE JAN 1   1431                      1410     21     1320
..................................................................


WIND (MPH)
  HIGHEST WIND SPEED    12   HIGHEST WIND DIRECTION    NE (60)
  HIGHEST GUST SPEED    15   HIGHEST GUST DIRECTION    NE (40)
  AVERAGE WIND SPEED     4.6


SKY COVER
  POSSIBLE SUNSHINE  MM
  AVERAGE SKY COVER 0.5


WEATHER CONDITIONS
 THE FOLLOWING WEATHER WAS RECORDED YESTERDAY.
  FOG


RELATIVE HUMIDITY (PERCENT)
 HIGHEST   100           600 AM
 LOWEST     42           300 PM
 AVERAGE    71

..........................................................


THE PIEDMONT TRIAD INTL AIRPORT NC CLIMATE NORMALS FOR TODAY
                         NORMAL    RECORD    YEAR
 MAXIMUM TEMPERATURE (F)   78        94      1931
 MINIMUM TEMPERATURE (F)   59        39      1918


SUNRISE AND SUNSET
SEPTEMBER 21 2014.....SUNRISE   707 AM EDT   SUNSET   718 PM EDT
SEPTEMBER 22 2014.....SUNRISE   708 AM EDT   SUNSET   717 PM EDT


-  INDICATES NEGATIVE NUMBERS.
R  INDICATES RECORD WAS SET OR TIED.
MM INDICATES DATA IS MISSING.
T  INDICATES TRACE AMOUNT.




$$
