069
CDUS42 KRAH 220626
CLIGSO


CLIMATE REPORT
NATIONAL WEATHER SERVICE RALEIGH NC
224 AM EDT FRI MAY 22 2015


...................................

...THE PIEDMONT TRIAD INTL AIRPORT NC CLIMATE SUMMARY FOR MAY 21 2015...

CLIMATE NORMAL PERIOD 1981 TO 2010
CLIMATE RECORD PERIOD 1903 TO 2015


WEATHER ITEM   OBSERVED TIME   RECORD YEAR NORMAL DEPARTURE LAST
                VALUE   (LST)  VALUE       VALUE  FROM      YEAR
                                                  NORMAL
..................................................................
TEMPERATURE (F)
 YESTERDAY
  MAXIMUM         72   1243 AM  96    1941  79     -7       86
                                      1917
  MINIMUM         57   1143 AM  42    1954  58     -1       62
  AVERAGE         65                        68     -3       74

PRECIPITATION (IN)
  YESTERDAY        0.89          2.60 1909   0.11   0.78     0.00
  MONTH TO DATE    2.64                      2.20   0.44     1.92
  SINCE MAR 1      7.86                      9.50  -1.64    10.58
  SINCE JAN 1     12.54                     15.52  -2.98    16.80

DEGREE DAYS
 HEATING
  YESTERDAY        0                         1     -1        0
  MONTH TO DATE   18                        57    -39       31
  SINCE MAR 1    608                       748   -140      841
  SINCE JUL 1   3693                      3603     90     3818

 COOLING
  YESTERDAY        0                         5     -5        9
  MONTH TO DATE  122                        64     58       91
  SINCE MAR 1    159                       102     57      111
  SINCE JAN 1    159                       102     57      111
..................................................................


WIND (MPH)
  HIGHEST WIND SPEED    25   HIGHEST WIND DIRECTION    NW (300)
  HIGHEST GUST SPEED    33   HIGHEST GUST DIRECTION    NW (300)
  AVERAGE WIND SPEED     8.1


SKY COVER
  POSSIBLE SUNSHINE  MM
  AVERAGE SKY COVER 0.8


WEATHER CONDITIONS
 THE FOLLOWING WEATHER WAS RECORDED YESTERDAY.
  THUNDERSTORM
  HEAVY RAIN
  RAIN
  LIGHT RAIN
  FOG


RELATIVE HUMIDITY (PERCENT)
 HIGHEST   100           600 AM
 LOWEST     53          1200 AM
 AVERAGE    77

..........................................................


THE PIEDMONT TRIAD INTL AIRPORT NC CLIMATE NORMALS FOR TODAY
                         NORMAL    RECORD    YEAR
 MAXIMUM TEMPERATURE (F)   79        97      1941
 MINIMUM TEMPERATURE (F)   58        40      2002


SUNRISE AND SUNSET
MAY 22 2015...........SUNRISE   609 AM EDT   SUNSET   824 PM EDT
MAY 23 2015...........SUNRISE   608 AM EDT   SUNSET   825 PM EDT


-  INDICATES NEGATIVE NUMBERS.
R  INDICATES RECORD WAS SET OR TIED.
MM INDICATES DATA IS MISSING.
T  INDICATES TRACE AMOUNT.




$$
