000
CDUS42 KRAH 300748
CLIGSO


CLIMATE REPORT
NATIONAL WEATHER SERVICE RALEIGH NC
346 AM EDT MON MAY 30 2016


...................................

...THE PIEDMONT TRIAD INTL AIRPORT NC CLIMATE SUMMARY FOR MAY 29 2016...

CLIMATE NORMAL PERIOD 1981 TO 2010
CLIMATE RECORD PERIOD 1903 TO 2016


WEATHER ITEM   OBSERVED TIME   RECORD YEAR NORMAL DEPARTURE LAST
                VALUE   (LST)  VALUE       VALUE  FROM      YEAR
                                                  NORMAL
..................................................................
TEMPERATURE (F)
 YESTERDAY
  MAXIMUM         77    135 PM  99    1914  81     -4       86
  MINIMUM         64   1159 PM  44    1922  60      4       67
  AVERAGE         71                        70      1       77

PRECIPITATION (IN)
  YESTERDAY        0.18          2.01 1940   0.12   0.06     0.00
  MONTH TO DATE    8.67                      3.13   5.54     2.70
  SINCE MAR 1     12.83                     10.43   2.40     7.92
  SINCE JAN 1     18.97                     16.45   2.52    12.60

DEGREE DAYS
 HEATING
  YESTERDAY        0                         1     -1        0
  MONTH TO DATE   67                        65      2       20
  SINCE MAR 1    520                       756   -236      610
  SINCE JUL 1   2906                      3611   -705     3695

 COOLING
  YESTERDAY        6                         6      0       12
  MONTH TO DATE  103                       108     -5      174
  SINCE MAR 1    180                       146     34      211
  SINCE JAN 1    180                       146     34      211
..................................................................


WIND (MPH)
  HIGHEST WIND SPEED    17   HIGHEST WIND DIRECTION    NE (40)
  HIGHEST GUST SPEED    23   HIGHEST GUST DIRECTION    NE (30)
  AVERAGE WIND SPEED     6.1


SKY COVER
  POSSIBLE SUNSHINE  MM
  AVERAGE SKY COVER 1.0


WEATHER CONDITIONS
 THE FOLLOWING WEATHER WAS RECORDED YESTERDAY.
  LIGHT RAIN
  FOG


RELATIVE HUMIDITY (PERCENT)
 HIGHEST    93           700 AM
 LOWEST     57           100 AM
 AVERAGE    75

..........................................................


THE PIEDMONT TRIAD INTL AIRPORT NC CLIMATE NORMALS FOR TODAY
                         NORMAL    RECORD    YEAR
 MAXIMUM TEMPERATURE (F)   81        97      1914
 MINIMUM TEMPERATURE (F)   61        45      1984


SUNRISE AND SUNSET
MAY 30 2016...........SUNRISE   605 AM EDT   SUNSET   830 PM EDT
MAY 31 2016...........SUNRISE   604 AM EDT   SUNSET   831 PM EDT


-  INDICATES NEGATIVE NUMBERS.
R  INDICATES RECORD WAS SET OR TIED.
MM INDICATES DATA IS MISSING.
T  INDICATES TRACE AMOUNT.




$$
