000
CDUS42 KRAH 230745
CLIGSO


CLIMATE REPORT
NATIONAL WEATHER SERVICE RALEIGH NC
341 AM EDT SAT AUG 23 2014


...................................

...THE PIEDMONT TRIAD INTL AIRPORT NC CLIMATE SUMMARY FOR AUGUST 22 2014...

CLIMATE NORMAL PERIOD 1981 TO 2010
CLIMATE RECORD PERIOD 1903 TO 2014


WEATHER ITEM   OBSERVED TIME   RECORD YEAR NORMAL DEPARTURE LAST
                VALUE   (LST)  VALUE       VALUE  FROM      YEAR
                                                  NORMAL
..................................................................
TEMPERATURE (F)
 YESTERDAY
  MAXIMUM         90   1233 PM 100    1983  86      4       87
  MINIMUM         70    548 AM  50    1922  68      2       69
  AVERAGE         80                        77      3       78

PRECIPITATION (IN)
  YESTERDAY        T             2.96 1931   0.13  -0.13     0.00
  MONTH TO DATE    2.66                      2.71  -0.05     5.32
  SINCE JUN 1      8.39                     10.92  -2.53    19.71
  SINCE JAN 1     25.88                     27.62  -1.74    38.06

DEGREE DAYS
 HEATING
  YESTERDAY        0                         0      0        0
  MONTH TO DATE    0                         0      0        2
  SINCE JUN 1      0                         6     -6        2
  SINCE JUL 1      0                         0      0        2

 COOLING
  YESTERDAY       15                        12      3       13
  MONTH TO DATE  212                       279    -67      221
  SINCE JUN 1    953                      1005    -52      920
  SINCE JAN 1   1150                      1164    -14     1070
..................................................................


WIND (MPH)
  HIGHEST WIND SPEED    15   HIGHEST WIND DIRECTION    NW (310)
  HIGHEST GUST SPEED    MM   HIGHEST GUST DIRECTION    MM
  AVERAGE WIND SPEED     3.9


SKY COVER
  POSSIBLE SUNSHINE  MM
  AVERAGE SKY COVER 0.8


WEATHER CONDITIONS
 THE FOLLOWING WEATHER WAS RECORDED YESTERDAY.
  NO SIGNIFICANT WEATHER WAS OBSERVED.


RELATIVE HUMIDITY (PERCENT)
 HIGHEST    87           200 AM
 LOWEST     55           100 PM
 AVERAGE    71

..........................................................


THE PIEDMONT TRIAD INTL AIRPORT NC CLIMATE NORMALS FOR TODAY
                         NORMAL    RECORD    YEAR
 MAXIMUM TEMPERATURE (F)   86        99      1983
 MINIMUM TEMPERATURE (F)   68        52      1925


SUNRISE AND SUNSET
AUGUST 23 2014........SUNRISE   644 AM EDT   SUNSET   800 PM EDT
AUGUST 24 2014........SUNRISE   645 AM EDT   SUNSET   758 PM EDT


-  INDICATES NEGATIVE NUMBERS.
R  INDICATES RECORD WAS SET OR TIED.
MM INDICATES DATA IS MISSING.
T  INDICATES TRACE AMOUNT.




$$
