000
CDUS42 KRAH 040852
CLIGSO


CLIMATE REPORT
NATIONAL WEATHER SERVICE RALEIGH NC
352 AM EST SUN DEC 4 2016


...................................

...THE PIEDMONT TRIAD INTL AIRPORT NC CLIMATE SUMMARY FOR DECEMBER 3 2016...

CLIMATE NORMAL PERIOD 1981 TO 2010
CLIMATE RECORD PERIOD 1903 TO 2016


WEATHER ITEM   OBSERVED TIME   RECORD YEAR NORMAL DEPARTURE LAST
                VALUE   (LST)  VALUE       VALUE  FROM      YEAR
                                                  NORMAL
..................................................................
TEMPERATURE (F)
 YESTERDAY
  MAXIMUM         50    243 PM  73    2012  54     -4       51
  MINIMUM         36    731 AM  15    1979  35      1       36
                                      1960
                                      1946
  AVERAGE         43                        44     -1       44

PRECIPITATION (IN)
  YESTERDAY        0.00          1.90 1990   0.10  -0.10     0.00
  MONTH TO DATE    T                         0.31  -0.31     0.63
  SINCE DEC 1      T                         0.31  -0.31     0.63
  SINCE JAN 1     37.95                     39.53  -1.58    42.47

SNOWFALL (IN)
  YESTERDAY        0.0           4.2  1971   0.0    0.0      0.0
  MONTH TO DATE    0.0                       0.0    0.0      0.0
  SINCE DEC 1      0.0                       0.0    0.0      0.0
  SINCE JUL 1      0.0                       0.1   -0.1      0.0
  SNOW DEPTH       0

DEGREE DAYS
 HEATING
  YESTERDAY       22                        21      1       21
  MONTH TO DATE   53                        61     -8       49
  SINCE DEC 1     53                        61     -8       49
  SINCE JUL 1    503                       741   -238      563

 COOLING
  YESTERDAY        0                         0      0        0
  MONTH TO DATE    0                         0      0        0
  SINCE DEC 1      0                         0      0        0
  SINCE JAN 1   1974                      1483    491     1766
..................................................................


WIND (MPH)
  HIGHEST WIND SPEED    14   HIGHEST WIND DIRECTION    NW (320)
  HIGHEST GUST SPEED    19   HIGHEST GUST DIRECTION    NW (310)
  AVERAGE WIND SPEED     3.9


SKY COVER
  POSSIBLE SUNSHINE  MM
  AVERAGE SKY COVER 0.7


WEATHER CONDITIONS
 THE FOLLOWING WEATHER WAS RECORDED YESTERDAY.
  NO SIGNIFICANT WEATHER WAS OBSERVED.


RELATIVE HUMIDITY (PERCENT)
 HIGHEST    70           800 AM
 LOWEST     42          1200 PM
 AVERAGE    56

..........................................................


THE PIEDMONT TRIAD INTL AIRPORT NC CLIMATE NORMALS FOR TODAY
                         NORMAL    RECORD    YEAR
 MAXIMUM TEMPERATURE (F)   54        73      1998
 MINIMUM TEMPERATURE (F)   34        13      1940


SUNRISE AND SUNSET
DECEMBER  4 2016......SUNRISE   715 AM EST   SUNSET   505 PM EST
DECEMBER  5 2016......SUNRISE   716 AM EST   SUNSET   505 PM EST


-  INDICATES NEGATIVE NUMBERS.
R  INDICATES RECORD WAS SET OR TIED.
MM INDICATES DATA IS MISSING.
T  INDICATES TRACE AMOUNT.




$$
