000
CDUS42 KRAH 070631
CLIGSO

CLIMATE REPORT
NATIONAL WEATHER SERVICE RALEIGH NC
225 AM EDT TUE JUL 7 2015
...................................

...THE PIEDMONT TRIAD INTL AIRPORT NC CLIMATE SUMMARY FOR JULY 6 2015...

CLIMATE NORMAL PERIOD 1981 TO 2010
CLIMATE RECORD PERIOD 1903 TO 2015


WEATHER ITEM   OBSERVED TIME   RECORD YEAR NORMAL DEPARTURE LAST
                VALUE   (LST)  VALUE       VALUE  FROM      YEAR
                                                  NORMAL
..................................................................
TEMPERATURE (F)
 YESTERDAY
  MAXIMUM         88    412 PM 100    1977  88      0       87
  MINIMUM         70    337 AM  53    1979  69      1       61
                                      1933
  AVERAGE         79                        78      1       74

PRECIPITATION (IN)
  YESTERDAY        T             1.42 1995   0.12  -0.12     0.00
  MONTH TO DATE    0.89                      0.75   0.14     0.01
  SINCE JUN 1      2.95                      4.48  -1.53     3.01
  SINCE JAN 1     15.91                     21.18  -5.27    20.50

DEGREE DAYS
 HEATING
  YESTERDAY        0                         0      0        0
  MONTH TO DATE    0                         0      0        0
  SINCE JUN 1      3                         6     -3        0
  SINCE JUL 1      0                         0      0        0

 COOLING
  YESTERDAY       14                        13      1        9
  MONTH TO DATE   74                        78     -4       81
  SINCE JUN 1    493                       385    108      438
  SINCE JAN 1    727                       544    183      635
..................................................................


WIND (MPH)
  HIGHEST WIND SPEED    21   HIGHEST WIND DIRECTION    NW (310)
  HIGHEST GUST SPEED    28   HIGHEST GUST DIRECTION    NW (310)
  AVERAGE WIND SPEED     7.7


SKY COVER
  POSSIBLE SUNSHINE  MM
  AVERAGE SKY COVER 0.8


WEATHER CONDITIONS
 THE FOLLOWING WEATHER WAS RECORDED YESTERDAY.
  HAZE


RELATIVE HUMIDITY (PERCENT)
 HIGHEST   100           100 AM
 LOWEST     46           200 PM
 AVERAGE    73

..........................................................


THE PIEDMONT TRIAD INTL AIRPORT NC CLIMATE NORMALS FOR TODAY
                         NORMAL    RECORD    YEAR
 MAXIMUM TEMPERATURE (F)   88       101      1977
 MINIMUM TEMPERATURE (F)   69        51      1972


SUNRISE AND SUNSET
JULY  7 2015..........SUNRISE   609 AM EDT   SUNSET   840 PM EDT
JULY  8 2015..........SUNRISE   610 AM EDT   SUNSET   840 PM EDT


-  INDICATES NEGATIVE NUMBERS.
R  INDICATES RECORD WAS SET OR TIED.
MM INDICATES DATA IS MISSING.
T  INDICATES TRACE AMOUNT.


$$
