000
CDUS42 KRAH 020750
CLIGSO


CLIMATE REPORT
NATIONAL WEATHER SERVICE RALEIGH NC
348 AM EDT SUN AUG 2 2015


...................................

...THE PIEDMONT TRIAD INTL AIRPORT NC CLIMATE SUMMARY FOR AUGUST 1 2015...

CLIMATE NORMAL PERIOD 1981 TO 2010
CLIMATE RECORD PERIOD 1903 TO 2015


WEATHER ITEM   OBSERVED TIME   RECORD YEAR NORMAL DEPARTURE LAST
                VALUE   (LST)  VALUE       VALUE  FROM      YEAR
                                                  NORMAL
..................................................................
TEMPERATURE (F)
 YESTERDAY
  MAXIMUM         91    503 PM 100    1915  88      3       68
  MINIMUM         64    556 AM  56    1997  69     -5       63
                                      1914
  AVERAGE         78                        78      0       66

PRECIPITATION (IN)
  YESTERDAY        0.00          1.53 1994   0.13  -0.13     1.30
  MONTH TO DATE    0.00                      0.13  -0.13     1.30
  SINCE JUN 1      5.40                      8.34  -2.94     7.03
  SINCE JAN 1     18.36                     25.04  -6.68    24.52

DEGREE DAYS
 HEATING
  YESTERDAY        0                         0      0        0
  MONTH TO DATE    0                         0      0        0
  SINCE JUN 1      3                         6     -3        0
  SINCE JUL 1      0                         0      0        0

 COOLING
  YESTERDAY       13                        13      0        1
  MONTH TO DATE   13                        13      0        1
  SINCE JUN 1    900                       739    161      742
  SINCE JAN 1   1134                       898    236      939
..................................................................


WIND (MPH)
  HIGHEST WIND SPEED    17   HIGHEST WIND DIRECTION    NW (300)
  HIGHEST GUST SPEED    21   HIGHEST GUST DIRECTION     W (290)
  AVERAGE WIND SPEED     4.0


SKY COVER
  POSSIBLE SUNSHINE  MM
  AVERAGE SKY COVER 0.3


WEATHER CONDITIONS
 THE FOLLOWING WEATHER WAS RECORDED YESTERDAY.
  NO SIGNIFICANT WEATHER WAS OBSERVED.


RELATIVE HUMIDITY (PERCENT)
 HIGHEST    87           600 AM
 LOWEST     26           600 PM
 AVERAGE    57

..........................................................


THE PIEDMONT TRIAD INTL AIRPORT NC CLIMATE NORMALS FOR TODAY
                         NORMAL    RECORD    YEAR
 MAXIMUM TEMPERATURE (F)   87       101      1915
 MINIMUM TEMPERATURE (F)   69        57      1912


SUNRISE AND SUNSET
AUGUST  2 2015........SUNRISE   628 AM EDT   SUNSET   824 PM EDT
AUGUST  3 2015........SUNRISE   628 AM EDT   SUNSET   823 PM EDT


-  INDICATES NEGATIVE NUMBERS.
R  INDICATES RECORD WAS SET OR TIED.
MM INDICATES DATA IS MISSING.
T  INDICATES TRACE AMOUNT.




$$
