000
CDUS42 KRAH 010712
CLIGSO


CLIMATE REPORT
NATIONAL WEATHER SERVICE RALEIGH NC
210 AM EST SUN MAR 1 2015


...................................

...THE PIEDMONT TRIAD INTL AIRPORT NC CLIMATE SUMMARY FOR FEBRUARY 28 2015...

CLIMATE NORMAL PERIOD 1981 TO 2010
CLIMATE RECORD PERIOD 1903 TO 2015


WEATHER ITEM   OBSERVED TIME   RECORD YEAR NORMAL DEPARTURE LAST
                VALUE   (LST)  VALUE       VALUE  FROM      YEAR
                                                  NORMAL
..................................................................
TEMPERATURE (F)
 YESTERDAY
  MAXIMUM         36    521 PM  79    1948  56    -20       44
  MINIMUM         24    710 AM  10    1934  35    -11       25
  AVERAGE         30                        46    -16       35

PRECIPITATION (IN)
  YESTERDAY        0.00          1.68 1966   0.11  -0.11     0.00
  MONTH TO DATE    2.59                      2.96  -0.37     2.24
  SINCE DEC 1      6.84                      9.00  -2.16    11.41
  SINCE JAN 1      4.63                      6.02  -1.39     6.22

SNOWFALL (IN)
  YESTERDAY        0.0           4.0  1937   0.1   -0.1      0.0
  MONTH TO DATE    9.6                       2.4    7.2      9.0
  SINCE DEC 1      9.6                       6.6    3.0     10.6
  SINCE JUL 1      9.6                       6.7    2.9     10.6
  SNOW DEPTH       2

DEGREE DAYS
 HEATING
  YESTERDAY       35                        20     15       30
  MONTH TO DATE  864                       633    231      639
  SINCE DEC 1   2335                      2175    160     2243
  SINCE JUL 1   3085                      2855    230     2977

 COOLING
  YESTERDAY        0                         0      0        0
  MONTH TO DATE    0                         0      0        0
  SINCE DEC 1      0                         1     -1        8
  SINCE JAN 1      0                         0      0        0
..................................................................


WIND (MPH)
  HIGHEST WIND SPEED    16   HIGHEST WIND DIRECTION    NE (60)
  HIGHEST GUST SPEED    17   HIGHEST GUST DIRECTION    NE (50)
  AVERAGE WIND SPEED     7.2


SKY COVER
  POSSIBLE SUNSHINE  MM
  AVERAGE SKY COVER 0.6


WEATHER CONDITIONS
 THE FOLLOWING WEATHER WAS RECORDED YESTERDAY.
  NO SIGNIFICANT WEATHER WAS OBSERVED.


RELATIVE HUMIDITY (PERCENT)
 HIGHEST    74           900 AM
 LOWEST     44           500 PM
 AVERAGE    59

..........................................................


THE PIEDMONT TRIAD INTL AIRPORT NC CLIMATE NORMALS FOR TODAY
                         NORMAL    RECORD    YEAR
 MAXIMUM TEMPERATURE (F)   56        77      2012
                                             2006
 MINIMUM TEMPERATURE (F)   35        11      1937


SUNRISE AND SUNSET
MARCH  1 2015.........SUNRISE   650 AM EST   SUNSET   614 PM EST
MARCH  2 2015.........SUNRISE   649 AM EST   SUNSET   615 PM EST


-  INDICATES NEGATIVE NUMBERS.
R  INDICATES RECORD WAS SET OR TIED.
MM INDICATES DATA IS MISSING.
T  INDICATES TRACE AMOUNT.

$$
