000
CDUS42 KRAH 210759
CLIGSO


CLIMATE REPORT
NATIONAL WEATHER SERVICE RALEIGH NC
356 AM EDT TUE OCT 21 2014


...................................

...THE PIEDMONT TRIAD INTL AIRPORT NC CLIMATE SUMMARY FOR OCTOBER 20 2014...

CLIMATE NORMAL PERIOD 1981 TO 2010
CLIMATE RECORD PERIOD 1903 TO 2014


WEATHER ITEM   OBSERVED TIME   RECORD YEAR NORMAL DEPARTURE LAST
                VALUE   (LST)  VALUE       VALUE  FROM      YEAR
                                                  NORMAL
..................................................................
TEMPERATURE (F)
 YESTERDAY
  MAXIMUM         70    224 PM  86    1924  69      1       64
  MINIMUM         42    347 AM  25    1972  47     -5       44
  AVERAGE         56                        58     -2       54

PRECIPITATION (IN)
  YESTERDAY        T             2.43 1976   0.09  -0.09     0.00
  MONTH TO DATE    1.58                      2.00  -0.42     1.11
  SINCE SEP 1      4.51                      6.19  -1.68     3.24
  SINCE JAN 1     30.39                     34.98  -4.59    41.63

DEGREE DAYS
 HEATING
  YESTERDAY        9                         7      2       11
  MONTH TO DATE   73                       103    -30       46
  SINCE SEP 1     90                       133    -43       60
  SINCE JUL 1     90                       134    -44       62

 COOLING
  YESTERDAY        0                         1     -1        0
  MONTH TO DATE   45                        29     16       49
  SINCE SEP 1    244                       214     30      221
  SINCE JAN 1   1497                      1476     21     1380
..................................................................


WIND (MPH)
  HIGHEST WIND SPEED    16   HIGHEST WIND DIRECTION    SW (210)
  HIGHEST GUST SPEED    23   HIGHEST GUST DIRECTION     W (250)
  AVERAGE WIND SPEED     7.0


SKY COVER
  POSSIBLE SUNSHINE  MM
  AVERAGE SKY COVER 0.6


WEATHER CONDITIONS
 THE FOLLOWING WEATHER WAS RECORDED YESTERDAY.
  LIGHT RAIN


RELATIVE HUMIDITY (PERCENT)
 HIGHEST    96           700 AM
 LOWEST     40           200 PM
 AVERAGE    68

..........................................................


THE PIEDMONT TRIAD INTL AIRPORT NC CLIMATE NORMALS FOR TODAY
                         NORMAL    RECORD    YEAR
 MAXIMUM TEMPERATURE (F)   69        85      1947
                                             1910
 MINIMUM TEMPERATURE (F)   47        26      1972


SUNRISE AND SUNSET
OCTOBER 21 2014.......SUNRISE   732 AM EDT   SUNSET   636 PM EDT
OCTOBER 22 2014.......SUNRISE   733 AM EDT   SUNSET   635 PM EDT


-  INDICATES NEGATIVE NUMBERS.
R  INDICATES RECORD WAS SET OR TIED.
MM INDICATES DATA IS MISSING.
T  INDICATES TRACE AMOUNT.




$$
