000
CDUS42 KGSP 140633
CLIGSP

CLIMATE REPORT
NATIONAL WEATHER SERVICE GREENVILLE-SPARTANBURG SC
133 AM EST SUN FEB 14 2016


...................................

...THE GREENVILLE-SPARTANBURG SC CLIMATE SUMMARY FOR FEBRUARY 13 2016...

CLIMATE NORMAL PERIOD 1981 TO 2010
CLIMATE RECORD PERIOD 1884 TO 2016


WEATHER ITEM   OBSERVED TIME   RECORD YEAR NORMAL DEPARTURE LAST
                VALUE   (LST)  VALUE       VALUE  FROM      YEAR
                                                  NORMAL
..................................................................
TEMPERATURE (F)
 YESTERDAY
  MAXIMUM         42    338 PM  74    1898  56    -14       42
  MINIMUM         26   1159 PM   1    1899  35     -9       23
  AVERAGE         34                        45    -11       33

PRECIPITATION (IN)
  YESTERDAY        0.00          3.23 1984   0.14  -0.14     0.00
  MONTH TO DATE    1.66                      1.73  -0.07     1.34
  SINCE DEC 1     15.28                      9.66   5.62     8.83
  SINCE JAN 1      5.20                      5.55  -0.35     5.20

SNOWFALL (IN)
  YESTERDAY        0.0           1.4  1960   0.1   -0.1      0.0
  MONTH TO DATE    0.4                       0.5   -0.1      0.0
  SINCE DEC 1      2.6                       3.2   -0.6      0.0
  SINCE JUL 1      2.6                       3.3   -0.7       T
  SNOW DEPTH       0

DEGREE DAYS
 HEATING
  YESTERDAY       31                        20     11       32
  MONTH TO DATE  288                       269     19      281
  SINCE DEC 1   1356                      1626   -270     1522
  SINCE JUL 1   1801                      2179   -378     2159

 COOLING
  YESTERDAY        0                         0      0        0
  MONTH TO DATE    0                         0      0        0
  SINCE DEC 1     11                         1     10        0
  SINCE JAN 1      0                         0      0        0
..................................................................


WIND (MPH)
  HIGHEST WIND SPEED    20   HIGHEST WIND DIRECTION     N (350)
  HIGHEST GUST SPEED    29   HIGHEST GUST DIRECTION     N (350)
  AVERAGE WIND SPEED     9.3


SKY COVER
  POSSIBLE SUNSHINE  MM
  AVERAGE SKY COVER 0.0


WEATHER CONDITIONS
 THE FOLLOWING WEATHER WAS RECORDED YESTERDAY.
  NO SIGNIFICANT WEATHER WAS OBSERVED.


RELATIVE HUMIDITY (PERCENT)
 HIGHEST    75          1200 AM
 LOWEST     23           400 PM
 AVERAGE    49

..........................................................


THE GREENVILLE-SPARTANBURG SC CLIMATE NORMALS FOR TODAY
                         NORMAL    RECORD    YEAR
 MAXIMUM TEMPERATURE (F)   56        76      1962
                                             1961
                                             1921
 MINIMUM TEMPERATURE (F)   35        -5      1899


SUNRISE AND SUNSET
FEBRUARY 14 2016......SUNRISE   716 AM EST   SUNSET   610 PM EST
FEBRUARY 15 2016......SUNRISE   715 AM EST   SUNSET   611 PM EST


-  INDICATES NEGATIVE NUMBERS.
R  INDICATES RECORD WAS SET OR TIED.
MM INDICATES DATA IS MISSING.
T  INDICATES TRACE AMOUNT.

$$

OUTLAW
