000
CDUS42 KGSP 280645
CLIGSP

CLIMATE REPORT
NATIONAL WEATHER SERVICE GREENVILLE-SPARTANBURG SC
145 AM EST SUN DEC 28 2014


...................................

...THE GREENVILLE-SPARTANBURG SC CLIMATE SUMMARY FOR DECEMBER 27 2014...

CLIMATE NORMAL PERIOD 1981 TO 2010
CLIMATE RECORD PERIOD 1884 TO 2014


WEATHER ITEM   OBSERVED TIME   RECORD YEAR NORMAL DEPARTURE LAST
                VALUE   (LST)  VALUE       VALUE  FROM      YEAR
                                                  NORMAL
..................................................................
TEMPERATURE (F)
 YESTERDAY
  MAXIMUM         65    335 PM  75    1971  52     13       53
  MINIMUM         34    644 AM  12    1925  32      2       31
  AVERAGE         50                        42      8       42

PRECIPITATION (IN)
  YESTERDAY        0.00          1.29 2011   0.12  -0.12     0.00
  MONTH TO DATE    3.21                      3.63  -0.42     5.29
  SINCE DEC 1      3.21                      3.63  -0.42     5.29
  SINCE JAN 1     49.78                     46.71   3.07    68.18

SNOWFALL (IN)
  YESTERDAY        0.0           T    1992   0.0    0.0      0.0
                                      1990
                                      1980
  MONTH TO DATE    0.0                       0.3   -0.3      0.0
  SINCE DEC 1      0.0                       0.3   -0.3      0.0
  SINCE JUL 1      T                         0.4   -0.4      0.1
  SNOW DEPTH       0

DEGREE DAYS
 HEATING
  YESTERDAY       15                        23     -8       23
  MONTH TO DATE  460                       561   -101      474
  SINCE DEC 1    460                       561   -101      474
  SINCE JUL 1   1097                      1114    -17     1078

 COOLING
  YESTERDAY        0                         0      0        0
  MONTH TO DATE    0                         0      0        6
  SINCE DEC 1      0                         0      0        6
  SINCE JAN 1   1693                      1715    -22     1533
..................................................................


WIND (MPH)
  HIGHEST WIND SPEED    17   HIGHEST WIND DIRECTION    SW (230)
  HIGHEST GUST SPEED    21   HIGHEST GUST DIRECTION    SW (230)
  AVERAGE WIND SPEED     5.7


SKY COVER
  POSSIBLE SUNSHINE  MM
  AVERAGE SKY COVER 0.1


WEATHER CONDITIONS
 THE FOLLOWING WEATHER WAS RECORDED YESTERDAY.
  NO SIGNIFICANT WEATHER WAS OBSERVED.


RELATIVE HUMIDITY (PERCENT)
 HIGHEST    92           500 AM
 LOWEST     25           400 PM
 AVERAGE    59

..........................................................


THE GREENVILLE-SPARTANBURG SC CLIMATE NORMALS FOR TODAY
                         NORMAL    RECORD    YEAR
 MAXIMUM TEMPERATURE (F)   52        75      1971
 MINIMUM TEMPERATURE (F)   32         9      1925


SUNRISE AND SUNSET
DECEMBER 28 2014......SUNRISE   736 AM EST   SUNSET   525 PM EST
DECEMBER 29 2014......SUNRISE   736 AM EST   SUNSET   526 PM EST


-  INDICATES NEGATIVE NUMBERS.
R  INDICATES RECORD WAS SET OR TIED.
MM INDICATES DATA IS MISSING.
T  INDICATES TRACE AMOUNT.




$$
