000
CDUS45 KTFX 310859
CLIGTF


CLIMATE REPORT
NATIONAL WEATHER SERVICE GREAT FALLS MT
156 AM MST SAT JAN 31 2015


...................................

...THE GREAT FALLS MT CLIMATE SUMMARY FOR JANUARY 30 2015...

CLIMATE NORMAL PERIOD 1981 TO 2010
CLIMATE RECORD PERIOD 1886 TO 2015


WEATHER ITEM   OBSERVED TIME   RECORD YEAR NORMAL DEPARTURE LAST
                VALUE   (LST)  VALUE       VALUE  FROM      YEAR
                                                  NORMAL
..................................................................
TEMPERATURE (F)
 YESTERDAY
  MAXIMUM         50    320 PM  62    1989  36     14       16
  MINIMUM         22    801 AM -41    1916  16      6       -4
  AVERAGE         36                        26     10        6

PRECIPITATION (IN)
  YESTERDAY        0.00          0.64 1974   0.01  -0.01     0.12
  MONTH TO DATE    0.90                      0.49   0.41     1.24
  SINCE OCT 1      3.85                      2.49   1.36     3.29
  SINCE JAN 1      0.90                      0.49   0.41     1.24

SNOWFALL (IN)
  YESTERDAY        0.0           5.3  1974   0.2   -0.2      2.5
  MONTH TO DATE   14.0                       8.3    5.7     18.2
  SINCE DEC 1     30.2                      17.8   12.4     31.4
  SINCE JUL 1     47.6                      31.5   16.1     41.1
  SNOW DEPTH       0

DEGREE DAYS
 HEATING
  YESTERDAY       29                        39    -10       59
  MONTH TO DATE 1127                      1194    -67     1040
  SINCE DEC 1   2255                      2442   -187     2394
  SINCE JUL 1   4144                      4411   -267     4194

 COOLING
  YESTERDAY        0                         0      0        0
  MONTH TO DATE    0                         0      0        0
  SINCE DEC 1      0                         0      0        0
  SINCE JAN 1      0                         0      0        0
..................................................................


WIND (MPH)
  HIGHEST WIND SPEED    18   HIGHEST WIND DIRECTION     S (200)
  HIGHEST GUST SPEED    21   HIGHEST GUST DIRECTION     S (200)
  AVERAGE WIND SPEED     9.8


SKY COVER
  AVERAGE SKY COVER 0.0


WEATHER CONDITIONS
 THE FOLLOWING WEATHER WAS RECORDED YESTERDAY.
  NO SIGNIFICANT WEATHER WAS OBSERVED.


RELATIVE HUMIDITY (PERCENT)
 HIGHEST    81           800 AM
 LOWEST     24           300 PM
 AVERAGE    53

..........................................................


THE GREAT FALLS MT CLIMATE NORMALS FOR TODAY
                         NORMAL    RECORD    YEAR
 MAXIMUM TEMPERATURE (F)   36        67      1992
                                             1892
 MINIMUM TEMPERATURE (F)   16       -38      1893


SUNRISE AND SUNSET
JANUARY 31 2015.......SUNRISE   753 AM MST   SUNSET   525 PM MST
FEBRUARY  1 2015......SUNRISE   752 AM MST   SUNSET   527 PM MST


-  INDICATES NEGATIVE NUMBERS.
R  INDICATES RECORD WAS SET OR TIED.
MM INDICATES DATA IS MISSING.
T  INDICATES TRACE AMOUNT.




$$
