000
CDUS45 KTFX 281017
CLIGTF


CLIMATE REPORT
NATIONAL WEATHER SERVICE GREAT FALLS MT
414 AM MDT SAT MAY 28 2016


...................................

...THE GREAT FALLS MT CLIMATE SUMMARY FOR MAY 27 2016...

CLIMATE NORMAL PERIOD 1981 TO 2010
CLIMATE RECORD PERIOD 1886 TO 2016


WEATHER ITEM   OBSERVED TIME   RECORD YEAR NORMAL DEPARTURE LAST
                VALUE   (LST)  VALUE       VALUE  FROM      YEAR
                                                  NORMAL
..................................................................
TEMPERATURE (F)
 YESTERDAY
  MAXIMUM         67    159 PM  95    1936  68     -1       66
  MINIMUM         37    439 AM  28    1918  42     -5       46
  AVERAGE         52                        55     -3       56

PRECIPITATION (IN)
  YESTERDAY        T             1.58 2006   0.10  -0.10     0.01
  MONTH TO DATE    1.99                      1.98   0.01     2.77
  SINCE OCT 1     11.07                      7.29   3.78     8.10
  SINCE JAN 1      5.97                      5.29   0.68     5.15

SNOWFALL (IN)
  YESTERDAY        0.0           T    1977   0.0    0.0      0.0
                                      1998
  MONTH TO DATE    T                         2.5   -2.5       T
  SINCE MAR 1      9.0                      23.0  -14.0      1.6
  SINCE JUL 1     46.9                      63.0  -16.1     57.9
  SNOW DEPTH       0

DEGREE DAYS
 HEATING
  YESTERDAY       13                        11      2        9
  MONTH TO DATE  371                       379     -8      408
  SINCE MAR 1   1702                      1991   -289     1681
  SINCE JUL 1   6640                      7496   -856     6819

 COOLING
  YESTERDAY        0                         0      0        0
  MONTH TO DATE    0                         0      0        0
  SINCE MAR 1      0                         1     -1        0
  SINCE JAN 1      0                         1     -1        0
..................................................................


WIND (MPH)
  HIGHEST WIND SPEED    24   HIGHEST WIND DIRECTION    NW (330)
  HIGHEST GUST SPEED    30   HIGHEST GUST DIRECTION    NW (330)
  AVERAGE WIND SPEED     8.7


SKY COVER
  AVERAGE SKY COVER 0.5


WEATHER CONDITIONS
 THE FOLLOWING WEATHER WAS RECORDED YESTERDAY.
  LIGHT RAIN


RELATIVE HUMIDITY (PERCENT)
 HIGHEST   100           400 AM
 LOWEST     34           100 PM
 AVERAGE    67

..........................................................


THE GREAT FALLS MT CLIMATE NORMALS FOR TODAY
                         NORMAL    RECORD    YEAR
 MAXIMUM TEMPERATURE (F)   68       100      1919
 MINIMUM TEMPERATURE (F)   42        27      1947


SUNRISE AND SUNSET
MAY 28 2016...........SUNRISE   535 AM MDT   SUNSET   911 PM MDT
MAY 29 2016...........SUNRISE   534 AM MDT   SUNSET   912 PM MDT


-  INDICATES NEGATIVE NUMBERS.
R  INDICATES RECORD WAS SET OR TIED.
MM INDICATES DATA IS MISSING.
T  INDICATES TRACE AMOUNT.




$$
