000
CDUS45 KTFX 291005
CLIGTF


CLIMATE REPORT
NATIONAL WEATHER SERVICE GREAT FALLS MT
405 AM MDT WED JUL 29 2015


...................................

...THE GREAT FALLS MT CLIMATE SUMMARY FOR JULY 28 2015...

CLIMATE NORMAL PERIOD 1981 TO 2010
CLIMATE RECORD PERIOD 1886 TO 2015


WEATHER ITEM   OBSERVED TIME   RECORD YEAR NORMAL DEPARTURE LAST
                VALUE   (LST)  VALUE       VALUE  FROM      YEAR
                                                  NORMAL
..................................................................
TEMPERATURE (F)
 YESTERDAY
  MAXIMUM         76    406 PM 100    2007  86    -10       91
                                      2006
                                      1975
  MINIMUM         50   1132 PM  40    1894  53     -3       56
  AVERAGE         63                        69     -6       74

PRECIPITATION (IN)
  YESTERDAY        0.03          0.51 1909   0.04  -0.01      T
  MONTH TO DATE    1.43                      1.39   0.04     0.78
  SINCE OCT 1     10.62                     11.65  -1.03    14.12
  SINCE JAN 1      7.67                      9.65  -1.98    12.07

SNOWFALL (IN)
  YESTERDAY        0.0           0.0  2002   0.0    0.0      0.0
  MONTH TO DATE    0.0                       0.0    0.0      0.0
  SINCE JUN 1      0.0                       0.3   -0.3      0.0
  SINCE JUL 1      0.0                       0.0    0.0      0.0
  SNOW DEPTH       0

DEGREE DAYS
 HEATING
  YESTERDAY        2                         1      1        0
  MONTH TO DATE   47                        47      0        5
  SINCE JUN 1    129                       238   -109      228
  SINCE JUL 1     47                        47      0        5

 COOLING
  YESTERDAY        0                         5     -5        9
  MONTH TO DATE  117                       110      7      144
  SINCE JUN 1    211                       142     69      144
  SINCE JAN 1    211                       149     62      144
..................................................................


WIND (MPH)
  HIGHEST WIND SPEED    24   HIGHEST WIND DIRECTION     W (270)
  HIGHEST GUST SPEED    31   HIGHEST GUST DIRECTION     W (270)
  AVERAGE WIND SPEED    13.3


SKY COVER
  AVERAGE SKY COVER 0.4


WEATHER CONDITIONS
 THE FOLLOWING WEATHER WAS RECORDED YESTERDAY.
  LIGHT RAIN


RELATIVE HUMIDITY (PERCENT)
 HIGHEST    83           100 AM
 LOWEST     22           600 PM
 AVERAGE    53

..........................................................


THE GREAT FALLS MT CLIMATE NORMALS FOR TODAY
                         NORMAL    RECORD    YEAR
 MAXIMUM TEMPERATURE (F)   86       102      1934
 MINIMUM TEMPERATURE (F)   53        45      1971
                                             1924
                                             1896


SUNRISE AND SUNSET
JULY 29 2015..........SUNRISE   559 AM MDT   SUNSET   904 PM MDT
JULY 30 2015..........SUNRISE   601 AM MDT   SUNSET   902 PM MDT


-  INDICATES NEGATIVE NUMBERS.
R  INDICATES RECORD WAS SET OR TIED.
MM INDICATES DATA IS MISSING.
T  INDICATES TRACE AMOUNT.




$$
