000
CDUS45 KTFX 241003
CLIGTF


CLIMATE REPORT
NATIONAL WEATHER SERVICE GREAT FALLS MT
402 AM MDT SUN MAY 24 2015


...................................

...THE GREAT FALLS MT CLIMATE SUMMARY FOR MAY 23 2015...

CLIMATE NORMAL PERIOD 1981 TO 2010
CLIMATE RECORD PERIOD 1886 TO 2015


WEATHER ITEM   OBSERVED TIME   RECORD YEAR NORMAL DEPARTURE LAST
                VALUE   (LST)  VALUE       VALUE  FROM      YEAR
                                                  NORMAL
..................................................................
TEMPERATURE (F)
 YESTERDAY
  MAXIMUM         63    121 PM  88    1988  67     -4       85
                                      1929
                                      1919
  MINIMUM         48    502 AM  30    1949  41      7       45
  AVERAGE         56                        54      2       65

PRECIPITATION (IN)
  YESTERDAY        0.40          1.05 2004   0.09   0.31      T
  MONTH TO DATE    2.20                      1.60   0.60     1.30
  SINCE OCT 1      7.53                      6.91   0.62     8.84
  SINCE JAN 1      4.58                      4.91  -0.33     6.79

SNOWFALL (IN)
  YESTERDAY        0.0           3.0  2004   0.0    0.0      0.0
                                      1949
  MONTH TO DATE    T                         2.3   -2.3      3.7
  SINCE MAR 1      1.6                      22.8  -21.2     18.9
  SINCE JUL 1     57.9                      62.8   -4.9     76.4
  SNOW DEPTH       0

DEGREE DAYS
 HEATING
  YESTERDAY        9                        12     -3        0
  MONTH TO DATE  370                       335     35      355
  SINCE MAR 1   1643                      1947   -304     2085
  SINCE JUL 1   6781                      7452   -671     7739

 COOLING
  YESTERDAY        0                         0      0        0
  MONTH TO DATE    0                         0      0        0
  SINCE MAR 1      0                         1     -1        0
  SINCE JAN 1      0                         1     -1        0
..................................................................


WIND (MPH)
  HIGHEST WIND SPEED    21   HIGHEST WIND DIRECTION     E (110)
  HIGHEST GUST SPEED    26   HIGHEST GUST DIRECTION     E (80)
  AVERAGE WIND SPEED     5.9


SKY COVER
  AVERAGE SKY COVER 0.9


WEATHER CONDITIONS
 THE FOLLOWING WEATHER WAS RECORDED YESTERDAY.
  RAIN
  LIGHT RAIN
  FOG


RELATIVE HUMIDITY (PERCENT)
 HIGHEST   100           800 AM
 LOWEST     61          1200 AM
 AVERAGE    81

..........................................................


THE GREAT FALLS MT CLIMATE NORMALS FOR TODAY
                         NORMAL    RECORD    YEAR
 MAXIMUM TEMPERATURE (F)   67        90      1922
                                             1919
 MINIMUM TEMPERATURE (F)   41        30      1995


SUNRISE AND SUNSET
MAY 24 2015...........SUNRISE   539 AM MDT   SUNSET   906 PM MDT
MAY 25 2015...........SUNRISE   538 AM MDT   SUNSET   908 PM MDT


-  INDICATES NEGATIVE NUMBERS.
R  INDICATES RECORD WAS SET OR TIED.
MM INDICATES DATA IS MISSING.
T  INDICATES TRACE AMOUNT.




$$
