000
CDUS45 KTFX 070928
CLIGTF


CLIMATE REPORT
NATIONAL WEATHER SERVICE GREAT FALLS MT
228 AM MST SUN FEB 7 2016


...................................

...THE GREAT FALLS MT CLIMATE SUMMARY FOR FEBRUARY 6 2016...

CLIMATE NORMAL PERIOD 1981 TO 2010
CLIMATE RECORD PERIOD 1886 TO 2016


WEATHER ITEM   OBSERVED TIME   RECORD YEAR NORMAL DEPARTURE LAST
                VALUE   (LST)  VALUE       VALUE  FROM      YEAR
                                                  NORMAL
..................................................................
TEMPERATURE (F)
 YESTERDAY
  MAXIMUM         44    431 AM  65    2015  37      7       65
  MINIMUM         26    946 PM -34    2014  16     10       47
  AVERAGE         35                        26      9       56

PRECIPITATION (IN)
  YESTERDAY        0.02          0.24 1933   0.01   0.01     0.00
                                      1916
  MONTH TO DATE    0.03                      0.09  -0.06     0.01
  SINCE OCT 1      5.75                      2.60   3.15     3.97
  SINCE JAN 1      0.65                      0.60   0.05     1.02

SNOWFALL (IN)
  YESTERDAY        0.0           5.8  1986   0.3   -0.3      0.0
  MONTH TO DATE    0.1                       1.7   -1.6      0.1
  SINCE DEC 1     22.0                      19.8    2.2     33.2
  SINCE JUL 1     37.9                      33.5    4.4     50.6
  SNOW DEPTH       0

DEGREE DAYS
 HEATING
  YESTERDAY       30                        39     -9        9
  MONTH TO DATE  206                       234    -28      205
  SINCE DEC 1   2549                      2716   -167     2508
  SINCE JUL 1   4370                      4685   -315     4397

 COOLING
  YESTERDAY        0                         0      0        0
  MONTH TO DATE    0                         0      0        0
  SINCE DEC 1      0                         0      0        0
  SINCE JAN 1      0                         0      0        0
..................................................................


WIND (MPH)
  HIGHEST WIND SPEED    48   HIGHEST WIND DIRECTION     W (250)
  HIGHEST GUST SPEED    58   HIGHEST GUST DIRECTION     W (250)
  AVERAGE WIND SPEED    25.2


SKY COVER
  AVERAGE SKY COVER 0.1


WEATHER CONDITIONS
 THE FOLLOWING WEATHER WAS RECORDED YESTERDAY.
  RAIN
  LIGHT RAIN
  FOG


RELATIVE HUMIDITY (PERCENT)
 HIGHEST    89           800 AM
 LOWEST     37           400 AM
 AVERAGE    63

..........................................................


THE GREAT FALLS MT CLIMATE NORMALS FOR TODAY
                         NORMAL    RECORD    YEAR
 MAXIMUM TEMPERATURE (F)   37        64      1954
 MINIMUM TEMPERATURE (F)   16       -32      1936


SUNRISE AND SUNSET
FEBRUARY  7 2016......SUNRISE   744 AM MST   SUNSET   536 PM MST
FEBRUARY  8 2016......SUNRISE   742 AM MST   SUNSET   537 PM MST


-  INDICATES NEGATIVE NUMBERS.
R  INDICATES RECORD WAS SET OR TIED.
MM INDICATES DATA IS MISSING.
T  INDICATES TRACE AMOUNT.




$$
