000
CDUS45 KTFX 192229
CLIGTF


CLIMATE REPORT
NATIONAL WEATHER SERVICE GREAT FALLS MT
428 PM MDT SAT APR 19 2014


...................................

...THE GREAT FALLS MT CLIMATE SUMMARY FOR APRIL 19 2014...
VALID TODAY AS OF 0400 PM LOCAL TIME.

CLIMATE NORMAL PERIOD 1981 TO 2010
CLIMATE RECORD PERIOD 1886 TO 2014


WEATHER ITEM   OBSERVED TIME   RECORD YEAR NORMAL DEPARTURE LAST
                VALUE   (LST)  VALUE       VALUE  FROM      YEAR
                                                  NORMAL
..................................................................
TEMPERATURE (F)
 TODAY
  MAXIMUM         63    259 PM  83    1962  57      6       57
  MINIMUM         29    525 AM   6    1951  31     -2       33
  AVERAGE         46                        44      2       45

PRECIPITATION (IN)
  TODAY            0.00          0.82 1967   0.05  -0.05      T
  MONTH TO DATE    0.56                      0.85  -0.29     0.55
  SINCE OCT 1      6.34                      4.74   1.60     5.17
  SINCE JAN 1      4.29                      2.74   1.55     1.83

SNOWFALL (IN)
  TODAY            0.0           9.6  2008   0.3   -0.3      0.0
  MONTH TO DATE    2.4                       5.9   -3.5      8.2
  SINCE MAR 1     15.2                      17.8   -2.6     12.2
  SINCE JUL 1     72.7                      57.8   14.9     68.0
  SNOW DEPTH       0

DEGREE DAYS
 HEATING
  TODAY           19                        21     -2       20
  MONTH TO DATE  436                       446    -10      513
  SINCE MAR 1   1520                      1399    121     1405
  SINCE JUL 1   7174                      6904    270     6218

 COOLING
  TODAY            0                         0      0        0
  MONTH TO DATE    0                         0      0        0
  SINCE MAR 1      0                         0      0        0
  SINCE JAN 1      0                         0      0        0
..................................................................


WIND (MPH)
  HIGHEST WIND SPEED    24   HIGHEST WIND DIRECTION     W (250)
  HIGHEST GUST SPEED    29   HIGHEST GUST DIRECTION     W (250)
  AVERAGE WIND SPEED    13.1


SKY COVER
  AVERAGE SKY COVER 0.0


WEATHER CONDITIONS
 THE FOLLOWING WEATHER WAS RECORDED TODAY.
  NO SIGNIFICANT WEATHER WAS OBSERVED.


RELATIVE HUMIDITY (PERCENT)
 HIGHEST    59           300 AM
 LOWEST     14           200 PM
 AVERAGE    37

..........................................................


THE GREAT FALLS MT CLIMATE NORMALS FOR TOMORROW
                         NORMAL    RECORD    YEAR
 MAXIMUM TEMPERATURE (F)   57        89      1980
 MINIMUM TEMPERATURE (F)   31        -1      2008


SUNRISE AND SUNSET
APRIL 19 2014.........SUNRISE   629 AM MDT   SUNSET   821 PM MDT
APRIL 20 2014.........SUNRISE   628 AM MDT   SUNSET   822 PM MDT


-  INDICATES NEGATIVE NUMBERS.
R  INDICATES RECORD WAS SET OR TIED.
MM INDICATES DATA IS MISSING.
T  INDICATES TRACE AMOUNT.




$$
