000
CDUS45 KTFX 250858
CLIGTF


CLIMATE REPORT
NATIONAL WEATHER SERVICE GREAT FALLS MT
257 AM MDT TUE JUL 25 2017


...................................

...THE GREAT FALLS MT CLIMATE SUMMARY FOR JULY 24 2017...

CLIMATE NORMAL PERIOD 1981 TO 2010
CLIMATE RECORD PERIOD 1886 TO 2017


WEATHER ITEM   OBSERVED TIME   RECORD YEAR NORMAL DEPARTURE LAST
                VALUE   (LST)  VALUE       VALUE  FROM      YEAR
                                                  NORMAL
..................................................................
TEMPERATURE (F)
 YESTERDAY
  MAXIMUM         87    526 PM 102    1929  86      1       87
  MINIMUM         50    518 AM  36    1918  53     -3       48
  AVERAGE         69                        69      0       68

PRECIPITATION (IN)
  YESTERDAY        0.00          0.95 2009   0.04  -0.04     0.00
  MONTH TO DATE    0.08                      1.24  -1.16     1.20
  SINCE OCT 1     12.53                     11.50   1.03    13.28
  SINCE JAN 1      9.60                      9.50   0.10     8.18

SNOWFALL (IN)
  YESTERDAY        0.0           0.0  2002   0.0    0.0      0.0
  MONTH TO DATE    0.0                       0.0    0.0       T
  SINCE JUN 1      0.0                       0.3   -0.3       T
  SINCE JUL 1      0.0                       0.0    0.0       T
  SNOW DEPTH       0

DEGREE DAYS
 HEATING
  YESTERDAY        0                         1     -1        0
  MONTH TO DATE    1                        43    -42       44
  SINCE JUN 1    126                       234   -108      152
  SINCE JUL 1      1                        43    -42       44

 COOLING
  YESTERDAY        4                         5     -1        3
  MONTH TO DATE  205                        90    115       76
  SINCE JUN 1    239                       122    117      119
  SINCE JAN 1    246                       129    117      119
..................................................................


WIND (MPH)
  HIGHEST WIND SPEED    28   HIGHEST WIND DIRECTION     N (350)
  HIGHEST GUST SPEED    37   HIGHEST GUST DIRECTION     N (340)
  AVERAGE WIND SPEED    10.7


SKY COVER
  AVERAGE SKY COVER 0.0


WEATHER CONDITIONS
 THE FOLLOWING WEATHER WAS RECORDED YESTERDAY.
  NO SIGNIFICANT WEATHER WAS OBSERVED.


RELATIVE HUMIDITY (PERCENT)
 HIGHEST    71           400 AM
 LOWEST     22           400 PM
 AVERAGE    47

..........................................................


THE GREAT FALLS MT CLIMATE NORMALS FOR TODAY
                         NORMAL    RECORD    YEAR
 MAXIMUM TEMPERATURE (F)   86       107      1933
 MINIMUM TEMPERATURE (F)   53        37      1918


SUNRISE AND SUNSET
JULY 25 2017..........SUNRISE   555 AM MDT   SUNSET   908 PM MDT
JULY 26 2017..........SUNRISE   556 AM MDT   SUNSET   907 PM MDT


-  INDICATES NEGATIVE NUMBERS.
R  INDICATES RECORD WAS SET OR TIED.
MM INDICATES DATA IS MISSING.
T  INDICATES TRACE AMOUNT.




$$
