000
CDUS45 KTFX 042231
CLIGTF


CLIMATE REPORT
NATIONAL WEATHER SERVICE GREAT FALLS MT
429 PM MDT FRI SEP 4 2015


...................................

...THE GREAT FALLS MT CLIMATE SUMMARY FOR SEPTEMBER 4 2015...
VALID TODAY AS OF 0400 PM LOCAL TIME.

CLIMATE NORMAL PERIOD 1981 TO 2010
CLIMATE RECORD PERIOD 1886 TO 2015


WEATHER ITEM   OBSERVED TIME   RECORD YEAR NORMAL DEPARTURE LAST
                VALUE   (LST)  VALUE       VALUE  FROM      YEAR
                                                  NORMAL
..................................................................
TEMPERATURE (F)
 TODAY
  MAXIMUM         52    120 PM  94    2003  75    -23       67
                                      2001
                                      1998
  MINIMUM         48    656 AM  33    1929  46      2       40
  AVERAGE         50                        60    -10       54

PRECIPITATION (IN)
  TODAY            0.50          0.72 1910   0.06   0.44     0.06
  MONTH TO DATE    0.94                      0.22   0.72     0.06
  SINCE OCT 1     11.94                     13.55  -1.61    18.57
  SINCE JAN 1      8.99                     11.55  -2.56    16.52

SNOWFALL (IN)
  TODAY            0.0           0.0  2002   0.1   -0.1      0.0
  MONTH TO DATE    0.0                       0.1   -0.1      0.0
  SINCE SEP 1      0.0                       0.1   -0.1      0.0
  SINCE JUL 1      0.0                       0.4   -0.4      0.0
  SNOW DEPTH       0

DEGREE DAYS
 HEATING
  TODAY           15                         6      9       11
  MONTH TO DATE   24                        22      2       28
  SINCE SEP 1     24                        22      2       28
  SINCE JUL 1    120                       143    -23       98

 COOLING
  TODAY            0                         1     -1        0
  MONTH TO DATE    8                         6      2        0
  SINCE SEP 1      8                         6      2        0
  SINCE JAN 1    399                       282    117      324
..................................................................


WIND (MPH)
  HIGHEST WIND SPEED    23   HIGHEST WIND DIRECTION     E (110)
  HIGHEST GUST SPEED    27   HIGHEST GUST DIRECTION     E (110)
  AVERAGE WIND SPEED     7.2


SKY COVER
  AVERAGE SKY COVER 0.9


WEATHER CONDITIONS
 THE FOLLOWING WEATHER WAS RECORDED TODAY.
  HEAVY RAIN
  RAIN
  LIGHT RAIN
  FOG
  FOG W/VISIBILITY <= 1/4 MILE


RELATIVE HUMIDITY (PERCENT)
 HIGHEST   100           100 AM
 LOWEST     86           800 AM
 AVERAGE    93

..........................................................


THE GREAT FALLS MT CLIMATE NORMALS FOR TOMORROW
                         NORMAL    RECORD    YEAR
 MAXIMUM TEMPERATURE (F)   75        98      1967
 MINIMUM TEMPERATURE (F)   45        31      1956


SUNRISE AND SUNSET
SEPTEMBER  4 2015.....SUNRISE   648 AM MDT   SUNSET   800 PM MDT
SEPTEMBER  5 2015.....SUNRISE   649 AM MDT   SUNSET   758 PM MDT


-  INDICATES NEGATIVE NUMBERS.
R  INDICATES RECORD WAS SET OR TIED.
MM INDICATES DATA IS MISSING.
T  INDICATES TRACE AMOUNT.




$$
