000
CDGM40 PGUM 311845
CLIGUM


CLIMATE REPORT
NATIONAL WEATHER SERVICE TIYAN, GUAM
445 AM CHST WED JUN 1 2016


...................................

...THE GUAM INTERNATIONAL AIRPORT GU CLIMATE SUMMARY FOR MAY 31 2016...

CLIMATE NORMAL PERIOD 1981 TO 2010
CLIMATE RECORD PERIOD 1945 TO 2016


WEATHER ITEM   OBSERVED TIME   RECORD YEAR NORMAL DEPARTURE LAST
                VALUE   (LST)  VALUE       VALUE  FROM      YEAR
                                                  NORMAL
..................................................................
TEMPERATURE (F)
 YESTERDAY
  MAXIMUM         90    128 PM  93    1988  88      2       89
                                      1985
  MINIMUM         79    211 AM  72    1985  78      1       77
  AVERAGE         85                        83      2       83

PRECIPITATION (IN)
  YESTERDAY        0.01          1.47 1991   0.15  -0.14     0.28
  MONTH TO DATE    1.80                      4.30  -2.50     9.91
  SINCE MAR 1      4.74                     10.65  -5.91    20.65
  SINCE JAN 1     10.99                     20.14  -9.15    29.39

SNOWFALL (IN)
  YESTERDAY        0.0
  MONTH TO DATE    0.0
  SINCE MAR 1      0.0
  SINCE JUL 1      0.0
  SNOW DEPTH       0

DEGREE DAYS
 HEATING
  YESTERDAY        0                         0      0        0
  MONTH TO DATE    0                         0      0        0
  SINCE MAR 1      0                         0      0        0
  SINCE JUL 1      0                         0      0        0

 COOLING
  YESTERDAY       20                        18      2       18
  MONTH TO DATE  626                       544     82      540
  SINCE MAR 1   1714                      1538    176     1552
  SINCE JAN 1   2686                      2428    258     2505
..................................................................


WIND (MPH)
  RESULTANT WIND SPEED   5   RESULTANT WIND DIRECTION   E (100)
  HIGHEST WIND SPEED    12   HIGHEST WIND DIRECTION     E (110)
  HIGHEST GUST SPEED    16   HIGHEST GUST DIRECTION     E (110)
  AVERAGE WIND SPEED     5.8


SKY COVER
  POSSIBLE SUNSHINE  MM
  AVERAGE SKY COVER 0.1


WEATHER CONDITIONS
 THE FOLLOWING WEATHER WAS RECORDED YESTERDAY.
  NO SIGNIFICANT WEATHER WAS OBSERVED.


RELATIVE HUMIDITY (PERCENT)
 HIGHEST    79           400 AM
 LOWEST     55          1200 PM
 AVERAGE    67

..........................................................


THE GUAM INTERNATIONAL AIRPORT GU CLIMATE NORMALS FOR TODAY
                         NORMAL    RECORD    YEAR
 MAXIMUM TEMPERATURE (F)   88        92      1990
                                             1987
 MINIMUM TEMPERATURE (F)   78        73      1961


SUNRISE AND SUNSET
JUNE  1 2016..........SUNRISE   553 AM CHST  SUNSET   645 PM CHST
JUNE  2 2016..........SUNRISE   553 AM CHST  SUNSET   645 PM CHST


-  INDICATES NEGATIVE NUMBERS.
R  INDICATES RECORD WAS SET OR TIED.
MM INDICATES DATA IS MISSING.
T  INDICATES TRACE AMOUNT.




$$
