000
CDGM40 PGUM 190625
CLIGUM


CLIMATE REPORT
NATIONAL WEATHER SERVICE TIYAN, GUAM
425 PM CHST SAT APR 19 2014


...................................

...THE GUAM INTERNATIONAL AIRPORT GU CLIMATE SUMMARY FOR APRIL 19 2014...
VALID TODAY AS OF 0400 PM LOCAL TIME.

CLIMATE NORMAL PERIOD 1981 TO 2010
CLIMATE RECORD PERIOD 1945 TO 2014


WEATHER ITEM   OBSERVED TIME   RECORD YEAR NORMAL DEPARTURE LAST
                VALUE   (LST)  VALUE       VALUE  FROM      YEAR
                                                  NORMAL
..................................................................
TEMPERATURE (F)
 TODAY
  MAXIMUM         88    234 PM  91    1985  88      0       90
                                      1984
  MINIMUM         79    553 AM  71    1994  77      2       77
  AVERAGE         84                        82      2       84

PRECIPITATION (IN)
  TODAY            0.05          2.09 1962   0.13  -0.08     0.07
  MONTH TO DATE    1.28                      2.01  -0.73     0.70
  SINCE MAR 1      4.19                      4.78  -0.59     4.65
  SINCE JAN 1     26.22                     14.27  11.95    12.72

SNOWFALL (IN)
  TODAY            0.0
  MONTH TO DATE    0.0
  SINCE MAR 1      0.0
  SINCE JUL 1      0.0
  SNOW DEPTH       0

DEGREE DAYS
 HEATING
  TODAY            0
  MONTH TO DATE    0
  SINCE MAR 1      0
  SINCE JUL 1      0

 COOLING
  TODAY           19                        17      2       19
  MONTH TO DATE  358                       320     38      369
  SINCE MAR 1    885                       807     78      946
  SINCE JAN 1   1832                      1697    135     1850
..................................................................


WIND (MPH)
  RESULTANT WIND SPEED   9   RESULTANT WIND DIRECTION   E (90)
  HIGHEST WIND SPEED    18   HIGHEST WIND DIRECTION     E (110)
  HIGHEST GUST SPEED    24   HIGHEST GUST DIRECTION     E (100)
  AVERAGE WIND SPEED     9.9


SKY COVER
  POSSIBLE SUNSHINE  MM
  AVERAGE SKY COVER 0.5


WEATHER CONDITIONS
 THE FOLLOWING WEATHER WAS RECORDED TODAY.
  RAIN
  LIGHT RAIN


RELATIVE HUMIDITY (PERCENT)
 HIGHEST    94           200 AM
 LOWEST     72           100 PM
 AVERAGE    83

..........................................................


THE GUAM INTERNATIONAL AIRPORT GU CLIMATE NORMALS FOR TOMORROW
                         NORMAL    RECORD    YEAR
 MAXIMUM TEMPERATURE (F)   88        91      1987
                                             1985
                                             1984
 MINIMUM TEMPERATURE (F)   77        72      1972


SUNRISE AND SUNSET
APRIL 19 2014.........SUNRISE   606 AM CHST  SUNSET   634 PM CHST
APRIL 20 2014.........SUNRISE   605 AM CHST  SUNSET   634 PM CHST


-  INDICATES NEGATIVE NUMBERS.
R  INDICATES RECORD WAS SET OR TIED.
MM INDICATES DATA IS MISSING.
T  INDICATES TRACE AMOUNT.




$$
