000
CDGM40 PGUM 240630
CLIGUM


CLIMATE REPORT
NATIONAL WEATHER SERVICE TIYAN, GUAM
430 PM CHST SUN JUL 24 2016


...................................

...THE GUAM INTERNATIONAL AIRPORT GU CLIMATE SUMMARY FOR JULY 24 2016...
VALID TODAY AS OF 0400 PM LOCAL TIME.

CLIMATE NORMAL PERIOD 1981 TO 2010
CLIMATE RECORD PERIOD 1945 TO 2016


WEATHER ITEM   OBSERVED TIME   RECORD YEAR NORMAL DEPARTURE LAST
                VALUE   (LST)  VALUE       VALUE  FROM      YEAR
                                                  NORMAL
..................................................................
TEMPERATURE (F)
 TODAY
  MAXIMUM         89    349 PM  92    1991  87      2       87
                                      1984
                                      1966
  MINIMUM         77    222 AM  70    1949  76      1       75
  AVERAGE         83                        82      1       81

PRECIPITATION (IN)
  TODAY            0.02          1.80 1949   0.43  -0.41     0.98
  MONTH TO DATE    3.99                      9.09  -5.10    20.92
  SINCE JUN 1     11.72                     16.18  -4.46    26.24
  SINCE JAN 1     22.71                     36.32 -13.61    55.63

SNOWFALL (IN)
  TODAY            0.0
  MONTH TO DATE    0.0
  SINCE JUN 1      0.0
  SINCE JUL 1      0.0
  SNOW DEPTH       0

DEGREE DAYS
 HEATING
  TODAY            0
  MONTH TO DATE    0
  SINCE JUN 1      0
  SINCE JUL 1      0

 COOLING
  TODAY           18                        17      1       16
  MONTH TO DATE  461                       408     53      406
  SINCE JUN 1   1092                       937    155      954
  SINCE JAN 1   3778                      3365    413     3459
..................................................................


WIND (MPH)
  RESULTANT WIND SPEED   5   RESULTANT WIND DIRECTION   E (80)
  HIGHEST WIND SPEED    17   HIGHEST WIND DIRECTION    SE (120)
  HIGHEST GUST SPEED    21   HIGHEST GUST DIRECTION    SE (120)
  AVERAGE WIND SPEED     5.8


SKY COVER
  POSSIBLE SUNSHINE  MM
  AVERAGE SKY COVER 0.3


WEATHER CONDITIONS
 THE FOLLOWING WEATHER WAS RECORDED TODAY.
  LIGHT RAIN


RELATIVE HUMIDITY (PERCENT)
 HIGHEST    88           100 AM
 LOWEST     68          1000 AM
 AVERAGE    78

..........................................................


THE GUAM INTERNATIONAL AIRPORT GU CLIMATE NORMALS FOR TOMORROW
                         NORMAL    RECORD    YEAR
 MAXIMUM TEMPERATURE (F)   87        93      1984
 MINIMUM TEMPERATURE (F)   76        72      1968


SUNRISE AND SUNSET
JULY 24 2016..........SUNRISE   604 AM CHST  SUNSET   651 PM CHST
JULY 25 2016..........SUNRISE   604 AM CHST  SUNSET   650 PM CHST


-  INDICATES NEGATIVE NUMBERS.
R  INDICATES RECORD WAS SET OR TIED.
MM INDICATES DATA IS MISSING.
T  INDICATES TRACE AMOUNT.




$$
