000
CDUS44 KAMA 242133
CLIGUY


CLIMATE REPORT
NATIONAL WEATHER SERVICE AMARILLO TX
430 PM CDT FRI OCT 24 2014


...................................

...THE GUYMON CLIMATE SUMMARY FOR OCTOBER 24 2014...
VALID TODAY AS OF 0400 PM LOCAL TIME.

CLIMATE NORMAL PERIOD 1981 TO 2010
CLIMATE RECORD PERIOD 1998 TO 2014


WEATHER ITEM   OBSERVED TIME   NORMAL DEPARTURE LAST
                VALUE   (LST)  VALUE  FROM      YEAR
                                      NORMAL
......................................................
TEMPERATURE (F)
 TODAY
  MAXIMUM         90    253 PM  69     21       59
  MINIMUM         47    717 AM  40      7       38
  AVERAGE         69            54     15       49

PRECIPITATION (IN)
  TODAY            0.00          0.05  -0.05     0.00
  MONTH TO DATE    1.88          1.35   0.53     0.69
  SINCE SEP 1      3.73          3.14   0.59     3.46
  SINCE JAN 1     12.17         17.91  -5.74    14.01

SNOWFALL (IN)
  TODAY            0.0                           0.0
  MONTH TO DATE    T                              T
  SINCE SEP 1      T                              T
  SINCE JUL 1      T                              T
  SNOW DEPTH       0

DEGREE DAYS
 HEATING
  TODAY            0            11    -11       16
  MONTH TO DATE   85           180    -95      190
  SINCE SEP 1    111           222   -111      198
  SINCE JUL 1    115           223   -108      198

 COOLING
  TODAY            4             0      4        0
  MONTH TO DATE   21            25     -4       25
  SINCE SEP 1    248           230     18      295
  SINCE JAN 1   1694          1479    215     1846
......................................................


WIND (MPH)
  RESULTANT WIND SPEED   5   RESULTANT WIND DIRECTION  SW (220)
  HIGHEST WIND SPEED    14   HIGHEST WIND DIRECTION     S (190)
  HIGHEST GUST SPEED    18   HIGHEST GUST DIRECTION     S (190)
  AVERAGE WIND SPEED     5.5


SKY COVER
  AVERAGE SKY COVER 0.0


WEATHER CONDITIONS
 THE FOLLOWING WEATHER WAS RECORDED TODAY.
  NO SIGNIFICANT WEATHER WAS OBSERVED.


RELATIVE HUMIDITY (PERCENT)
 HIGHEST   100           100 AM
 LOWEST     14           300 PM
 AVERAGE    57

..........................................................


THE GUYMON CLIMATE NORMALS FOR TOMORROW
                         NORMAL
 MAXIMUM TEMPERATURE (F)   69
 MINIMUM TEMPERATURE (F)   39


SUNRISE AND SUNSET
OCTOBER 24 2014.......SUNRISE   802 AM CDT   SUNSET   658 PM CDT
OCTOBER 25 2014.......SUNRISE   803 AM CDT   SUNSET   657 PM CDT


-  INDICATES NEGATIVE NUMBERS.
R  INDICATES RECORD WAS SET OR TIED.
MM INDICATES DATA IS MISSING.
T  INDICATES TRACE AMOUNT.




$$
