000
CDUS44 KAMA 261514
CLIGUY


CLIMATE REPORT
NATIONAL WEATHER SERVICE AMARILLO TX
1012 AM CDT SAT JUL 26 2014


...................................

...THE GUYMON CLIMATE SUMMARY FOR JULY 26 2014...
VALID AS OF 1000 AM LOCAL TIME.

CLIMATE NORMAL PERIOD 1981 TO 2010
CLIMATE RECORD PERIOD 1998 TO 2014


WEATHER ITEM   OBSERVED TIME   NORMAL DEPARTURE LAST
                VALUE   (LST)  VALUE  FROM      YEAR
                                      NORMAL
......................................................
TEMPERATURE (F)
 TODAY
  MINIMUM         74    640 AM  66      8       64

PRECIPITATION (IN)
  TODAY            0.00          0.09  -0.09     0.00
  MONTH TO DATE    1.25          2.19  -0.94     0.94
  SINCE JUN 1      3.59          5.13  -1.54     3.87
  SINCE JAN 1      6.98         11.38  -4.40     6.22

SNOWFALL (IN)
  TODAY            0.0                           0.0
  MONTH TO DATE    0.0                           0.0
  SINCE JUN 1      0.0                            T
  SINCE JUL 1      0.0                           0.0
  SNOW DEPTH       0

......................................................


WIND (MPH)
  RESULTANT WIND SPEED  11   RESULTANT WIND DIRECTION  SW (220)
  HIGHEST WIND SPEED    17   HIGHEST WIND DIRECTION    SW (230)
  HIGHEST GUST SPEED    23   HIGHEST GUST DIRECTION    SW (230)
  AVERAGE WIND SPEED    11.1


SKY COVER
  AVERAGE SKY COVER 0.0


WEATHER CONDITIONS
 THE FOLLOWING WEATHER WAS RECORDED TODAY.
  NO SIGNIFICANT WEATHER WAS OBSERVED.


RELATIVE HUMIDITY (PERCENT)
 HIGHEST    43           600 AM
 LOWEST     29           400 AM
 AVERAGE    36

..........................................................


THE GUYMON CLIMATE NORMALS FOR TOMORROW
                         NORMAL
 MAXIMUM TEMPERATURE (F)   94
 MINIMUM TEMPERATURE (F)   66


SUNRISE AND SUNSET
JULY 26 2014..........SUNRISE   647 AM CDT   SUNSET   857 PM CDT
JULY 27 2014..........SUNRISE   648 AM CDT   SUNSET   857 PM CDT


-  INDICATES NEGATIVE NUMBERS.
R  INDICATES RECORD WAS SET OR TIED.
MM INDICATES DATA IS MISSING.
T  INDICATES TRACE AMOUNT.




$$
