000
CDUS44 KAMA 300736
CLIGUY


CLIMATE REPORT
NATIONAL WEATHER SERVICE AMARILLO TX
136 AM CST FRI JAN 30 2015


...................................

...THE GUYMON CLIMATE SUMMARY FOR JANUARY 29 2015...

CLIMATE NORMAL PERIOD 1981 TO 2010
CLIMATE RECORD PERIOD 1998 TO 2015


WEATHER ITEM   OBSERVED TIME   RECORD YEAR NORMAL DEPARTURE LAST
                VALUE   (LST)  VALUE       VALUE  FROM      YEAR
                                                  NORMAL
..................................................................
TEMPERATURE (F)
 YESTERDAY
  MAXIMUM         51    322 PM  MM      MM  51      0       55
  MINIMUM         35   1159 PM  MM      MM  22     13       17
  AVERAGE         43                        37      6       36

PRECIPITATION (IN)
  YESTERDAY        0.00         MM      MM   0.02  -0.02     0.00
  MONTH TO DATE    0.77                      0.35   0.42     0.17
  SINCE DEC 1      1.60                      0.99   0.61     0.48
  SINCE JAN 1      0.77                      0.35   0.42     0.17

SNOWFALL (IN)
  YESTERDAY        0.0          MM      MM  MM     MM        0.0
  MONTH TO DATE    5.5                      MM     MM        3.0
  SINCE DEC 1      7.3                      MM     MM        6.5
  SINCE JUL 1     10.3                      MM     MM       10.2
  SNOW DEPTH       0

DEGREE DAYS
 HEATING
  YESTERDAY       22                        28     -6       29
  MONTH TO DATE  808                       856    -48      810
  SINCE DEC 1   1626                      1782   -156     1770
  SINCE JUL 1   2433                      2673   -240     2656

 COOLING
  YESTERDAY        0                         0      0        0
  MONTH TO DATE    0                         0      0        0
  SINCE DEC 1      0                         0      0        0
  SINCE JAN 1      0                         0      0        0
..................................................................


WIND (MPH)
  RESULTANT WIND SPEED   9   RESULTANT WIND DIRECTION   N (360)
  HIGHEST WIND SPEED    22   HIGHEST WIND DIRECTION     N (10)
  HIGHEST GUST SPEED    28   HIGHEST GUST DIRECTION     N (360)
  AVERAGE WIND SPEED    11.0


SKY COVER
  AVERAGE SKY COVER 0.3


WEATHER CONDITIONS
 THE FOLLOWING WEATHER WAS RECORDED YESTERDAY.
  NO SIGNIFICANT WEATHER WAS OBSERVED.


RELATIVE HUMIDITY (PERCENT)
 HIGHEST    70           300 AM
 LOWEST     36           500 PM
 AVERAGE    53

..........................................................


THE GUYMON CLIMATE NORMALS FOR TODAY
                         NORMAL    RECORD    YEAR
 MAXIMUM TEMPERATURE (F)   51        MM        MM
 MINIMUM TEMPERATURE (F)   22        MM        MM


SUNRISE AND SUNSET
JANUARY 30 2015.......SUNRISE   750 AM CST   SUNSET   609 PM CST
JANUARY 31 2015.......SUNRISE   749 AM CST   SUNSET   610 PM CST


-  INDICATES NEGATIVE NUMBERS.
R  INDICATES RECORD WAS SET OR TIED.
MM INDICATES DATA IS MISSING.
T  INDICATES TRACE AMOUNT.




$$
