000
CDUS44 KAMA 210634
CLIGUY


CLIMATE REPORT
NATIONAL WEATHER SERVICE AMARILLO TX
134 AM CDT TUE OCT 21 2014


...................................

...THE GUYMON CLIMATE SUMMARY FOR OCTOBER 20 2014...

CLIMATE NORMAL PERIOD 1981 TO 2010
CLIMATE RECORD PERIOD 1998 TO 2014


WEATHER ITEM   OBSERVED TIME   NORMAL DEPARTURE LAST
                VALUE   (LST)  VALUE  FROM      YEAR
                                      NORMAL
......................................................
TEMPERATURE (F)
 YESTERDAY
  MAXIMUM         78    313 PM  70      8       69
  MINIMUM         47    613 AM  41      6       32
  AVERAGE         63            56      7       51

PRECIPITATION (IN)
  YESTERDAY        0.00          0.06  -0.06     0.00
  MONTH TO DATE    1.87          1.15   0.72     0.69
  SINCE SEP 1      3.72          2.94   0.78     3.46
  SINCE JAN 1     12.16         17.71  -5.55    14.01

SNOWFALL (IN)
  YESTERDAY        0.0                           0.0
  MONTH TO DATE    T                              T
  SINCE SEP 1      T                              T
  SINCE JUL 1      T                              T
  SNOW DEPTH       0

DEGREE DAYS
 HEATING
  YESTERDAY        2            10     -8       14
  MONTH TO DATE   84           138    -54      151
  SINCE SEP 1    110           180    -70      159
  SINCE JUL 1    114           181    -67      159

 COOLING
  YESTERDAY        0             0      0        0
  MONTH TO DATE   15            25    -10       25
  SINCE SEP 1    242           230     12      295
  SINCE JAN 1   1688          1479    209     1846
......................................................


WIND (MPH)
  RESULTANT WIND SPEED   3   RESULTANT WIND DIRECTION  NE (40)
  HIGHEST WIND SPEED    15   HIGHEST WIND DIRECTION    NE (60)
  HIGHEST GUST SPEED    20   HIGHEST GUST DIRECTION    NE (60)
  AVERAGE WIND SPEED     8.1


SKY COVER
  AVERAGE SKY COVER 0.0


WEATHER CONDITIONS
 THE FOLLOWING WEATHER WAS RECORDED YESTERDAY.
  NO SIGNIFICANT WEATHER WAS OBSERVED.


RELATIVE HUMIDITY (PERCENT)
 HIGHEST    93           300 AM
 LOWEST     40           300 PM
 AVERAGE    67

..........................................................


THE GUYMON CLIMATE NORMALS FOR TODAY
                         NORMAL
 MAXIMUM TEMPERATURE (F)   70
 MINIMUM TEMPERATURE (F)   41


SUNRISE AND SUNSET
OCTOBER 21 2014.......SUNRISE   759 AM CDT   SUNSET   702 PM CDT
OCTOBER 22 2014.......SUNRISE   800 AM CDT   SUNSET   701 PM CDT


-  INDICATES NEGATIVE NUMBERS.
R  INDICATES RECORD WAS SET OR TIED.
MM INDICATES DATA IS MISSING.
T  INDICATES TRACE AMOUNT.




$$
