000
CDUS44 KAMA 290637
CLIGUY


CLIMATE REPORT
NATIONAL WEATHER SERVICE AMARILLO TX
137 AM CDT MON MAY 29 2017


...................................

...THE GUYMON CLIMATE SUMMARY FOR MAY 28 2017...

CLIMATE NORMAL PERIOD 1981 TO 2010
CLIMATE RECORD PERIOD 1998 TO 2017


WEATHER ITEM   OBSERVED TIME   RECORD YEAR NORMAL DEPARTURE LAST
                VALUE   (LST)  VALUE       VALUE  FROM      YEAR
                                                  NORMAL
..................................................................
TEMPERATURE (F)
 YESTERDAY
  MAXIMUM         78    523 PM  MM      MM  82     -4       82
  MINIMUM         50    341 AM  MM      MM  55     -5       46
  AVERAGE         64                        68     -4       64

PRECIPITATION (IN)
  YESTERDAY        0.01         MM      MM   0.10  -0.09     0.00
  MONTH TO DATE    2.13                      2.08   0.05     0.81
  SINCE MAR 1      8.12                      5.02   3.10     6.33
  SINCE JAN 1     10.14                      5.89   4.25     6.76

SNOWFALL (IN)
  YESTERDAY        0.0          MM      MM  MM     MM        0.0
  MONTH TO DATE    0.0                      MM     MM        0.0
  SINCE MAR 1      3.0                      MM     MM        0.0
  SINCE JUL 1      3.8                      MM     MM        0.0
  SNOW DEPTH       0

DEGREE DAYS
 HEATING
  YESTERDAY        1                         1      0        1
  MONTH TO DATE  102                        92     10      134
  SINCE MAR 1    766                       978   -212      817
  SINCE JUL 1   3669                      4445   -776     3784

 COOLING
  YESTERDAY        0                         5     -5        0
  MONTH TO DATE   50                        78    -28       66
  SINCE MAR 1    107                        93     14       83
  SINCE JAN 1    115                        93     22       86
..................................................................


WIND (MPH)
  RESULTANT WIND SPEED   9   RESULTANT WIND DIRECTION   N (340)
  HIGHEST WIND SPEED    21   HIGHEST WIND DIRECTION    NW (320)
  HIGHEST GUST SPEED    25   HIGHEST GUST DIRECTION    NW (330)
  AVERAGE WIND SPEED    10.3


SKY COVER
  AVERAGE SKY COVER 0.1


WEATHER CONDITIONS
 THE FOLLOWING WEATHER WAS RECORDED YESTERDAY.
  NO SIGNIFICANT WEATHER WAS OBSERVED.


RELATIVE HUMIDITY (PERCENT)
 HIGHEST    93          1200 AM
 LOWEST     26           300 PM
 AVERAGE    60

..........................................................


THE GUYMON CLIMATE NORMALS FOR TODAY
                         NORMAL    RECORD    YEAR
 MAXIMUM TEMPERATURE (F)   82        MM        MM
 MINIMUM TEMPERATURE (F)   55        MM        MM


SUNRISE AND SUNSET
MAY 29 2017...........SUNRISE   630 AM CDT   SUNSET   857 PM CDT
MAY 30 2017...........SUNRISE   629 AM CDT   SUNSET   858 PM CDT


-  INDICATES NEGATIVE NUMBERS.
R  INDICATES RECORD WAS SET OR TIED.
MM INDICATES DATA IS MISSING.
T  INDICATES TRACE AMOUNT.




$$
