000
CDUS44 KAMA 280634
CLIGUY


CLIMATE REPORT
NATIONAL WEATHER SERVICE AMARILLO TX
134 AM CDT THU JUL 28 2016


...................................

...THE GUYMON CLIMATE SUMMARY FOR JULY 27 2016...

CLIMATE NORMAL PERIOD 1981 TO 2010
CLIMATE RECORD PERIOD 1998 TO 2016


WEATHER ITEM   OBSERVED TIME   RECORD YEAR NORMAL DEPARTURE LAST
                VALUE   (LST)  VALUE       VALUE  FROM      YEAR
                                                  NORMAL
..................................................................
TEMPERATURE (F)
 YESTERDAY
  MAXIMUM         98    350 PM  MM      MM  94      4       98
  MINIMUM         68   1159 PM  MM      MM  66      2       70
  AVERAGE         83                        80      3       84

PRECIPITATION (IN)
  YESTERDAY        0.17         MM      MM   0.10   0.07     0.00
  MONTH TO DATE    1.75                      2.29  -0.54     3.47
  SINCE JUN 1      4.39                      5.23  -0.84     5.16
  SINCE JAN 1     11.35                     11.48  -0.13    16.11

SNOWFALL (IN)
  YESTERDAY        0.0          MM      MM  MM     MM        0.0
  MONTH TO DATE    0.0                      MM     MM        0.0
  SINCE JUN 1      0.0                      MM     MM        0.0
  SINCE JUL 1      0.0                      MM     MM        0.0
  SNOW DEPTH       0

DEGREE DAYS
 HEATING
  YESTERDAY        0                         0      0        0
  MONTH TO DATE    0                         0      0        0
  SINCE JUN 1      0                         8     -8        0
  SINCE JUL 1      0                         0      0        0

 COOLING
  YESTERDAY       18                        15      3       19
  MONTH TO DATE  501                       395    106      427
  SINCE JUN 1    905                       675    230      808
  SINCE JAN 1    995                       783    212      872
..................................................................


WIND (MPH)
  RESULTANT WIND SPEED   4   RESULTANT WIND DIRECTION  SE (150)
  HIGHEST WIND SPEED    33   HIGHEST WIND DIRECTION     E (80)
  HIGHEST GUST SPEED    46   HIGHEST GUST DIRECTION     E (80)
  AVERAGE WIND SPEED     6.7


SKY COVER
  AVERAGE SKY COVER 0.1


WEATHER CONDITIONS
 THE FOLLOWING WEATHER WAS RECORDED YESTERDAY.
  THUNDERSTORM
  RAIN
  LIGHT RAIN
  FOG


RELATIVE HUMIDITY (PERCENT)
 HIGHEST    84           500 AM
 LOWEST     27           400 PM
 AVERAGE    56

..........................................................


THE GUYMON CLIMATE NORMALS FOR TODAY
                         NORMAL    RECORD    YEAR
 MAXIMUM TEMPERATURE (F)   94        MM        MM
 MINIMUM TEMPERATURE (F)   66        MM        MM


SUNRISE AND SUNSET
JULY 28 2016..........SUNRISE   649 AM CDT   SUNSET   855 PM CDT
JULY 29 2016..........SUNRISE   650 AM CDT   SUNSET   855 PM CDT


-  INDICATES NEGATIVE NUMBERS.
R  INDICATES RECORD WAS SET OR TIED.
MM INDICATES DATA IS MISSING.
T  INDICATES TRACE AMOUNT.




$$
