000
CDUS42 KFFC 250821
CLIGVL


CLIMATE REPORT
NATIONAL WEATHER SERVICE PEACHTREE CITY GA
421 AM EDT MON JUL 25 2016


...................................

...THE GAINESVILLE   CLIMATE SUMMARY FOR JULY 24 2016...

CLIMATE NORMAL PERIOD 1981 TO 2010
CLIMATE RECORD PERIOD 9999 TO 9999


WEATHER ITEM   OBSERVED TIME   RECORD YEAR NORMAL DEPARTURE LAST
                VALUE   (LST)  VALUE       VALUE  FROM      YEAR
                                                  NORMAL
..................................................................
TEMPERATURE (F)
 YESTERDAY
  MAXIMUM         94    454 PM  MM      MM  88      6       91
  MINIMUM         73    614 AM  MM      MM  70      3       73
  AVERAGE         84                        79      5       82

PRECIPITATION (IN)
  YESTERDAY        0.00         MM      MM   0.15  -0.15     0.46
  MONTH TO DATE    1.58                      3.48  -1.90     4.33
  SINCE JUN 1      5.02                      7.87  -2.85     7.80
  SINCE JAN 1     22.27                     30.79  -8.52    25.12

DEGREE DAYS
 COOLING
  YESTERDAY       19                        14      5       17
  MONTH TO DATE  402                       332     70      356
  SINCE JUN 1    833                       653    180      752
  SINCE JAN 1   1064                       828    236     1005
..................................................................


WIND (MPH)
  RESULTANT WIND SPEED  MM   RESULTANT WIND DIRECTION  MM
  HIGHEST WIND SPEED    12   HIGHEST WIND DIRECTION     W (270)
  HIGHEST GUST SPEED    25   HIGHEST GUST DIRECTION    NE (30)
  AVERAGE WIND SPEED     3.6


SKY COVER
  AVERAGE SKY COVER 0.0


WEATHER CONDITIONS
 THE FOLLOWING WEATHER WAS RECORDED YESTERDAY.
  NO SIGNIFICANT WEATHER WAS OBSERVED.


RELATIVE HUMIDITY (PERCENT)
 HIGHEST     0          1200 AM
 LOWEST      0          1200 AM
 AVERAGE     0

..........................................................


THE GAINESVILLE   CLIMATE NORMALS FOR TODAY
                         NORMAL    RECORD    YEAR
 MAXIMUM TEMPERATURE (F)   88        MM        MM
 MINIMUM TEMPERATURE (F)   70        MM        MM


SUNRISE AND SUNSET
JULY 25 2016..........SUNRISE   642 AM EDT   SUNSET   842 PM EDT
JULY 26 2016..........SUNRISE   642 AM EDT   SUNSET   841 PM EDT


-  INDICATES NEGATIVE NUMBERS.
R  INDICATES RECORD WAS SET OR TIED.
MM INDICATES DATA IS MISSING.
T  INDICATES TRACE AMOUNT.




$$
