000
CDUS42 KFFC 180818
CLIGVL


CLIMATE REPORT
NATIONAL WEATHER SERVICE PEACHTREE CITY GA
417 AM EDT WED OCT 18 2017


...................................

...THE GAINESVILLE   CLIMATE SUMMARY FOR OCTOBER 17 2017...

CLIMATE NORMAL PERIOD 1981 TO 2010
CLIMATE RECORD PERIOD 9999 TO 9999


WEATHER ITEM   OBSERVED TIME   RECORD YEAR NORMAL DEPARTURE LAST
                VALUE   (LST)  VALUE       VALUE  FROM      YEAR
                                                  NORMAL
..................................................................
TEMPERATURE (F)
 YESTERDAY
  MAXIMUM         66    435 PM  MM      MM  71     -5       81
  MINIMUM         46    506 AM  MM      MM  51     -5       58
  AVERAGE         56                        61     -5       70

PRECIPITATION (IN)
  YESTERDAY        0.00         MM      MM   0.12  -0.12     0.00
  MONTH TO DATE    1.69                      2.49  -0.80     0.39
  SINCE SEP 1      3.74                      7.17  -3.43     1.77
  SINCE JAN 1     43.55                     43.42   0.13    27.98

SNOWFALL (IN)
  YESTERDAY        0.0          MM      MM  MM     MM       MM
  MONTH TO DATE    0.0                      MM     MM        0.0
  SINCE SEP 1      0.0                      MM     MM        0.0
  SINCE JUL 1      0.0                      MM     MM        0.0
  SNOW DEPTH       0

DEGREE DAYS
 HEATING
  YESTERDAY        9                         5      4        0
  MONTH TO DATE   14                        54    -40       11
  SINCE SEP 1     23                        67    -44       14
  SINCE JUL 1     23                        67    -44       14

 COOLING
  YESTERDAY        0                         1     -1        5
  MONTH TO DATE   95                        30     65       59
  SINCE SEP 1    315                       245     70      429
  SINCE JAN 1   1739                      1571    168     2105
..................................................................


WIND (MPH)
  RESULTANT WIND SPEED   6   RESULTANT WIND DIRECTION   E (80)
  HIGHEST WIND SPEED    16   HIGHEST WIND DIRECTION     E (90)
  HIGHEST GUST SPEED    23   HIGHEST GUST DIRECTION     E (80)
  AVERAGE WIND SPEED     6.0


SKY COVER
  AVERAGE SKY COVER 0.0


WEATHER CONDITIONS
 THE FOLLOWING WEATHER WAS RECORDED YESTERDAY.
  HAZE


RELATIVE HUMIDITY (PERCENT)
 HIGHEST    86           400 AM
 LOWEST     40           200 PM
 AVERAGE    63

..........................................................


THE GAINESVILLE   CLIMATE NORMALS FOR TODAY
                         NORMAL    RECORD    YEAR
 MAXIMUM TEMPERATURE (F)   71        MM        MM
 MINIMUM TEMPERATURE (F)   51        MM        MM


SUNRISE AND SUNSET
OCTOBER 18 2017.......SUNRISE   743 AM EDT   SUNSET   657 PM EDT
OCTOBER 19 2017.......SUNRISE   744 AM EDT   SUNSET   656 PM EDT


-  INDICATES NEGATIVE NUMBERS.
R  INDICATES RECORD WAS SET OR TIED.
MM INDICATES DATA IS MISSING.
T  INDICATES TRACE AMOUNT.




$$
