210
CDUS44 KJAN 020635
CLIGWO


CLIMATE REPORT
NATIONAL WEATHER SERVICE JACKSON MS
1234 AM CST FRI DEC 2 2016


...................................

...THE GREENWOOD CLIMATE SUMMARY FOR DECEMBER 1 2016...

CLIMATE NORMAL PERIOD 1981 TO 2010
CLIMATE RECORD PERIOD 1948 TO 2016


WEATHER ITEM   OBSERVED TIME   RECORD YEAR NORMAL DEPARTURE LAST
                VALUE   (LST)  VALUE       VALUE  FROM      YEAR
                                                  NORMAL
..................................................................
TEMPERATURE (F)
 YESTERDAY
  MAXIMUM         60    314 PM  78    1982  60      0       60
  MINIMUM         31    649 AM  21    1965  38     -7       52
  AVERAGE         46                        49     -3       56

PRECIPITATION (IN)
  YESTERDAY        0.00          2.82 1991   0.20  -0.20     0.36
  MONTH TO DATE    0.00                      0.20  -0.20     0.36
  SINCE DEC 1      0.00                      0.20  -0.20     0.36
  SINCE JAN 1     42.81                     46.32  -3.51    45.79

SNOWFALL (IN)
  YESTERDAY        0.0

DEGREE DAYS
 HEATING
  YESTERDAY       19                        16      3        9
  MONTH TO DATE   19                        16      3        9
  SINCE DEC 1     19                        16      3        9
  SINCE JUL 1    311                       484   -173      237

 COOLING
  YESTERDAY        0                         0      0        0
  MONTH TO DATE    0                         0      0        0
  SINCE DEC 1      0                         0      0        0
  SINCE JAN 1   2559                      2159    400     2420
..................................................................


WIND (MPH)
  HIGHEST WIND SPEED     9   HIGHEST WIND DIRECTION    NW (300)
  HIGHEST GUST SPEED    11   HIGHEST GUST DIRECTION    NW (300)
  AVERAGE WIND SPEED     2.1


SKY COVER
  POSSIBLE SUNSHINE  MM
  AVERAGE SKY COVER 0.0


WEATHER CONDITIONS
 THE FOLLOWING WEATHER WAS RECORDED YESTERDAY.
  FOG


RELATIVE HUMIDITY (PERCENT)
 HIGHEST   100           900 AM
 LOWEST     23           100 PM
 AVERAGE    62

..........................................................


THE GREENWOOD CLIMATE NORMALS FOR TODAY
                         NORMAL    RECORD    YEAR
 MAXIMUM TEMPERATURE (F)   60        83      1982
 MINIMUM TEMPERATURE (F)   38        21      1960


SUNRISE AND SUNSET
DECEMBER  2 2016......SUNRISE   648 AM CST   SUNSET   452 PM CST
DECEMBER  3 2016......SUNRISE   648 AM CST   SUNSET   452 PM CST


-  INDICATES NEGATIVE NUMBERS.
R  INDICATES RECORD WAS SET OR TIED.
MM INDICATES DATA IS MISSING.
T  INDICATES TRACE AMOUNT.




$$
