000
CDUS44 KJAN 010810
CLIGWO


CLIMATE REPORT
NATIONAL WEATHER SERVICE JACKSON MS
309 AM CDT SUN MAY 1 2016


...................................

...THE GREENWOOD CLIMATE SUMMARY FOR APRIL 30 2016...

CLIMATE NORMAL PERIOD 1981 TO 2010
CLIMATE RECORD PERIOD 1948 TO 2016


WEATHER ITEM   OBSERVED TIME   RECORD YEAR NORMAL DEPARTURE LAST
                VALUE   (LST)  VALUE       VALUE  FROM      YEAR
                                                  NORMAL
..................................................................
TEMPERATURE (F)
 YESTERDAY
  MAXIMUM         77    540 PM  92    1987  79     -2       81
  MINIMUM         66   1123 PM  44    1996  56     10       47
  AVERAGE         72                        67      5       64

PRECIPITATION (IN)
  YESTERDAY        0.47          2.22 1978   0.17   0.30     0.00
  MONTH TO DATE    4.35                      5.13  -0.78     6.40
  SINCE MAR 1     16.85                      9.44   7.41    11.54
  SINCE JAN 1     24.30                     18.38   5.92    20.93

SNOWFALL (IN)
  YESTERDAY        0.0

DEGREE DAYS
 HEATING
  YESTERDAY        0                         2     -2        1
  MONTH TO DATE   62                       124    -62       61
  SINCE MAR 1    252                       440   -188      334
  SINCE JUL 1   1913                      2671   -758     2855

 COOLING
  YESTERDAY        7                         4      3        0
  MONTH TO DATE   84                        76      8      102
  SINCE MAR 1    123                        97     26      111
  SINCE JAN 1    131                       102     29      111
..................................................................


WIND (MPH)
  HIGHEST WIND SPEED    15   HIGHEST WIND DIRECTION     E (80)
  HIGHEST GUST SPEED    20   HIGHEST GUST DIRECTION    SE (130)
  AVERAGE WIND SPEED     7.9


SKY COVER
  POSSIBLE SUNSHINE  MM
  AVERAGE SKY COVER 0.3


WEATHER CONDITIONS
 THE FOLLOWING WEATHER WAS RECORDED YESTERDAY.
  THUNDERSTORM
  HEAVY RAIN
  RAIN
  LIGHT RAIN
  FOG
  HAZE


RELATIVE HUMIDITY (PERCENT)
 HIGHEST    93           600 AM
 LOWEST     69           600 PM
 AVERAGE    81

..........................................................


THE GREENWOOD CLIMATE NORMALS FOR TODAY
                         NORMAL    RECORD    YEAR
 MAXIMUM TEMPERATURE (F)   79        90      1959
 MINIMUM TEMPERATURE (F)   56        39      2005


SUNRISE AND SUNSET
MAY  1 2016...........SUNRISE   611 AM CDT   SUNSET   744 PM CDT
MAY  2 2016...........SUNRISE   610 AM CDT   SUNSET   744 PM CDT


-  INDICATES NEGATIVE NUMBERS.
R  INDICATES RECORD WAS SET OR TIED.
MM INDICATES DATA IS MISSING.
T  INDICATES TRACE AMOUNT.




$$
