000
CDUS44 KJAN 120628
CLIGWO


CLIMATE REPORT
NATIONAL WEATHER SERVICE JACKSON MS
1226 AM CST TUE DEC 12 2017


...................................

...THE GREENWOOD CLIMATE SUMMARY FOR DECEMBER 11 2017...

CLIMATE NORMAL PERIOD 1981 TO 2010
CLIMATE RECORD PERIOD 1948 TO 2017


WEATHER ITEM   OBSERVED TIME   RECORD YEAR NORMAL DEPARTURE LAST
                VALUE   (LST)  VALUE       VALUE  FROM      YEAR
                                                  NORMAL
..................................................................
TEMPERATURE (F)
 YESTERDAY
  MAXIMUM         65    335 PM  84    2015  57      8       63
  MINIMUM         33    355 AM  18    1962  36     -3       34
  AVERAGE         49                        47      2       49

PRECIPITATION (IN)
  YESTERDAY        0.00          2.93 1963   0.20  -0.20      T
  MONTH TO DATE    1.22                      2.19  -0.97     2.42
  SINCE DEC 1      1.22                      2.19  -0.97     2.42
  SINCE JAN 1     42.04                     48.31  -6.27    45.23

SNOWFALL (IN)
  YESTERDAY        0.0

DEGREE DAYS
 HEATING
  YESTERDAY       16                        19     -3       16
  MONTH TO DATE  184                       191     -7      230
  SINCE DEC 1    184                       191     -7      230
  SINCE JUL 1    598                       659    -61      522

 COOLING
  YESTERDAY        0                         0      0        0
  MONTH TO DATE    0                         0      0        0
  SINCE DEC 1      0                         0      0        0
  SINCE JAN 1   2341                      2159    182     2559
..................................................................


WIND (MPH)
  HIGHEST WIND SPEED    16   HIGHEST WIND DIRECTION    SW (210)
  HIGHEST GUST SPEED    21   HIGHEST GUST DIRECTION     S (200)
  AVERAGE WIND SPEED     7.1


SKY COVER
  POSSIBLE SUNSHINE  MM
  AVERAGE SKY COVER 0.0


WEATHER CONDITIONS
 THE FOLLOWING WEATHER WAS RECORDED YESTERDAY.
  NO SIGNIFICANT WEATHER WAS OBSERVED.


RELATIVE HUMIDITY (PERCENT)
 HIGHEST    89           700 AM
 LOWEST     31           300 PM
 AVERAGE    60

..........................................................


THE GREENWOOD CLIMATE NORMALS FOR TODAY
                         NORMAL    RECORD    YEAR
 MAXIMUM TEMPERATURE (F)   57        83      2015
 MINIMUM TEMPERATURE (F)   36        11      1962


SUNRISE AND SUNSET
DECEMBER 12 2017......SUNRISE   655 AM CST   SUNSET   453 PM CST
DECEMBER 13 2017......SUNRISE   656 AM CST   SUNSET   453 PM CST


-  INDICATES NEGATIVE NUMBERS.
R  INDICATES RECORD WAS SET OR TIED.
MM INDICATES DATA IS MISSING.
T  INDICATES TRACE AMOUNT.




$$
