000
CDUS44 KJAN 222114
CLIGWO


CLIMATE REPORT
NATIONAL WEATHER SERVICE JACKSON MS
413 PM CDT FRI AUG 22 2014


...................................

...THE GREENWOOD CLIMATE SUMMARY FOR AUGUST 22 2014...
VALID TODAY AS OF 0400 PM LOCAL TIME.

CLIMATE NORMAL PERIOD 1981 TO 2010
CLIMATE RECORD PERIOD 1948 TO 2014


WEATHER ITEM   OBSERVED TIME   RECORD YEAR NORMAL DEPARTURE LAST
                VALUE   (LST)  VALUE       VALUE  FROM      YEAR
                                                  NORMAL
..................................................................
TEMPERATURE (F)
 TODAY
  MAXIMUM         92    259 PM 100    2007  92      0       93
  MINIMUM         71    542 AM  56    1956  69      2       69
  AVERAGE         82                        81      1       81

PRECIPITATION (IN)
  TODAY            0.00          1.57 1992   0.09  -0.09     1.05
  MONTH TO DATE    2.26                      1.96   0.30     1.57
  SINCE JUN 1     16.88                      9.87   7.01     6.88
  SINCE JAN 1     40.00                     33.20   6.80    37.29

DEGREE DAYS
 HEATING
  TODAY            0                         0      0        0
  MONTH TO DATE    0                         0      0        0
  SINCE JUN 1      0                         0      0        0
  SINCE JUL 1      0                         0      0        0

 COOLING
  TODAY           17                        16      1       16
  MONTH TO DATE  316                       352    -36      353
  SINCE JUN 1   1112                      1270   -158     1211
  SINCE JAN 1   1406                      1600   -194     1487
..................................................................


WIND (MPH)
  HIGHEST WIND SPEED    12   HIGHEST WIND DIRECTION     S (200)
  HIGHEST GUST SPEED    14   HIGHEST GUST DIRECTION     S (200)
  AVERAGE WIND SPEED     3.4


SKY COVER
  POSSIBLE SUNSHINE  MM
  AVERAGE SKY COVER 0.0


WEATHER CONDITIONS
 THE FOLLOWING WEATHER WAS RECORDED TODAY.
  NO SIGNIFICANT WEATHER WAS OBSERVED.


RELATIVE HUMIDITY (PERCENT)
 HIGHEST    93          1200 AM
 LOWEST     52          1200 PM
 AVERAGE    73

..........................................................


THE GREENWOOD CLIMATE NORMALS FOR TOMORROW
                         NORMAL    RECORD    YEAR
 MAXIMUM TEMPERATURE (F)   92        99      2011
                                             2007
                                             2005
 MINIMUM TEMPERATURE (F)   69        55      1956


SUNRISE AND SUNSET
AUGUST 22 2014........SUNRISE   628 AM CDT   SUNSET   738 PM CDT
AUGUST 23 2014........SUNRISE   628 AM CDT   SUNSET   737 PM CDT


-  INDICATES NEGATIVE NUMBERS.
R  INDICATES RECORD WAS SET OR TIED.
MM INDICATES DATA IS MISSING.
T  INDICATES TRACE AMOUNT.




$$
