000
CDUS44 KJAN 120731
CLIGWO


CLIMATE REPORT
NATIONAL WEATHER SERVICE JACKSON MS
226 AM CDT SAT JUL 12 2014


...................................

...THE GREENWOOD CLIMATE SUMMARY FOR JULY 11 2014...

CLIMATE NORMAL PERIOD 1981 TO 2010
CLIMATE RECORD PERIOD 1948 TO 2014


WEATHER ITEM   OBSERVED TIME   RECORD YEAR NORMAL DEPARTURE LAST
                VALUE   (LST)  VALUE       VALUE  FROM      YEAR
                                                  NORMAL
..................................................................
TEMPERATURE (F)
 YESTERDAY
  MAXIMUM         89    449 PM 102    1980  92     -3       92
  MINIMUM         72   1154 PM  59    1952  71      1       70
  AVERAGE         81                        81      0       81

PRECIPITATION (IN)
  YESTERDAY        0.00          2.28 1979   0.13  -0.13     0.03
  MONTH TO DATE    0.64                      1.41  -0.77     0.10
  SINCE JUN 1      9.67                      5.72   3.95     3.14
  SINCE JAN 1     32.79                     29.05   3.74    33.55

SNOWFALL (IN)
  YESTERDAY        0.0

DEGREE DAYS
 HEATING
  YESTERDAY        0                         0      0        0
  MONTH TO DATE    0                         0      0        0
  SINCE JUN 1      0                         0      0        0
  SINCE JUL 1      0                         0      0        0

 COOLING
  YESTERDAY       16                        16      0       16
  MONTH TO DATE  145                       176    -31      149
  SINCE JUN 1    569                       589    -20      568
  SINCE JAN 1    863                       919    -56      844
..................................................................


WIND (MPH)
  HIGHEST WIND SPEED    10   HIGHEST WIND DIRECTION     N (360)
  HIGHEST GUST SPEED    14   HIGHEST GUST DIRECTION     N (340)
  AVERAGE WIND SPEED     2.9


SKY COVER
  POSSIBLE SUNSHINE  MM
  AVERAGE SKY COVER 0.2


WEATHER CONDITIONS
 THE FOLLOWING WEATHER WAS RECORDED YESTERDAY.
  FOG


RELATIVE HUMIDITY (PERCENT)
 HIGHEST   100           100 AM
 LOWEST     53           500 PM
 AVERAGE    77

..........................................................


THE GREENWOOD CLIMATE NORMALS FOR TODAY
                         NORMAL    RECORD    YEAR
 MAXIMUM TEMPERATURE (F)   92       101      1980
 MINIMUM TEMPERATURE (F)   71        61      1975
                                             1973


SUNRISE AND SUNSET
JULY 12 2014..........SUNRISE   600 AM CDT   SUNSET   812 PM CDT
JULY 13 2014..........SUNRISE   600 AM CDT   SUNSET   812 PM CDT


-  INDICATES NEGATIVE NUMBERS.
R  INDICATES RECORD WAS SET OR TIED.
MM INDICATES DATA IS MISSING.
T  INDICATES TRACE AMOUNT.




$$
