436
CDUS44 KJAN 300841
CLIGWO


CLIMATE REPORT
NATIONAL WEATHER SERVICE JACKSON MS
339 AM CDT THU MAR 30 2017


...................................

...THE GREENWOOD CLIMATE SUMMARY FOR MARCH 29 2017...

CLIMATE NORMAL PERIOD 1981 TO 2010
CLIMATE RECORD PERIOD 1948 TO 2017


WEATHER ITEM   OBSERVED TIME   RECORD YEAR NORMAL DEPARTURE LAST
                VALUE   (LST)  VALUE       VALUE  FROM      YEAR
                                                  NORMAL
..................................................................
TEMPERATURE (F)
 YESTERDAY
  MAXIMUM         83    416 PM  87    2007  71     12       76
  MINIMUM         62    452 AM  31    1955  47     15       46
  AVERAGE         73                        59     14       61

PRECIPITATION (IN)
  YESTERDAY        0.03          2.25 1991   0.15  -0.12     0.00
  MONTH TO DATE    3.57                      4.00  -0.43     7.19
  SINCE MAR 1      3.57                      4.00  -0.43     7.19
  SINCE JAN 1     11.85                     12.94  -1.09    14.64

SNOWFALL (IN)
  YESTERDAY        0.0

DEGREE DAYS
 HEATING
  YESTERDAY        0                         7     -7        4
  MONTH TO DATE  226                       302    -76      190
  SINCE MAR 1    226                       302    -76      190
  SINCE JUL 1   1709                      2533   -824     1851

 COOLING
  YESTERDAY        8                         1      7        0
  MONTH TO DATE   61                        23     38       28
  SINCE MAR 1     61                        23     38       28
  SINCE JAN 1     95                        28     67       36
..................................................................


WIND (MPH)
  HIGHEST WIND SPEED    33   HIGHEST WIND DIRECTION     S (200)
  HIGHEST GUST SPEED    42   HIGHEST GUST DIRECTION     S (160)
  AVERAGE WIND SPEED    12.3


SKY COVER
  POSSIBLE SUNSHINE  MM
  AVERAGE SKY COVER 0.1


WEATHER CONDITIONS
 THE FOLLOWING WEATHER WAS RECORDED YESTERDAY.
  THUNDERSTORM
  LIGHT RAIN


RELATIVE HUMIDITY (PERCENT)
 HIGHEST   100           600 AM
 LOWEST     43           400 PM
 AVERAGE    72

..........................................................


THE GREENWOOD CLIMATE NORMALS FOR TODAY
                         NORMAL    RECORD    YEAR
 MAXIMUM TEMPERATURE (F)   71        88      1963
 MINIMUM TEMPERATURE (F)   47        29      1964


SUNRISE AND SUNSET
MARCH 30 2017.........SUNRISE   650 AM CDT   SUNSET   720 PM CDT
MARCH 31 2017.........SUNRISE   649 AM CDT   SUNSET   720 PM CDT


-  INDICATES NEGATIVE NUMBERS.
R  INDICATES RECORD WAS SET OR TIED.
MM INDICATES DATA IS MISSING.
T  INDICATES TRACE AMOUNT.




$$
