530
CDUS44 KJAN 230713
CLIGWO


CLIMATE REPORT
NATIONAL WEATHER SERVICE JACKSON MS
211 AM CDT SUN JUL 23 2017


...................................

...THE GREENWOOD CLIMATE SUMMARY FOR JULY 22 2017...

CLIMATE NORMAL PERIOD 1981 TO 2010
CLIMATE RECORD PERIOD 1948 TO 2017


WEATHER ITEM   OBSERVED TIME   RECORD YEAR NORMAL DEPARTURE LAST
                VALUE   (LST)  VALUE       VALUE  FROM      YEAR
                                                  NORMAL
..................................................................
TEMPERATURE (F)
 YESTERDAY
  MAXIMUM         94    351 PM 102    1952  92      2       98
  MINIMUM         74   1159 PM  62    2007  71      3       76
  AVERAGE         84                        81      3       87

PRECIPITATION (IN)
  YESTERDAY        0.00          1.18 1968   0.11  -0.11      T
  MONTH TO DATE    1.94                      2.68  -0.74     1.56
  SINCE JUN 1      7.67                      6.99   0.68     4.93
  SINCE JAN 1     29.11                     30.32  -1.21    30.72

SNOWFALL (IN)
  YESTERDAY        0.0

DEGREE DAYS
 HEATING
  YESTERDAY        0                         0      0        0
  MONTH TO DATE    0                         0      0        0
  SINCE JUN 1      0                         0      0        0
  SINCE JUL 1      0                         0      0        0

 COOLING
  YESTERDAY       19                        16      3       22
  MONTH TO DATE  388                       352     36      411
  SINCE JUN 1    770                       765      5      884
  SINCE JAN 1   1214                      1095    119     1213
..................................................................


WIND (MPH)
  HIGHEST WIND SPEED    15   HIGHEST WIND DIRECTION    SW (210)
  HIGHEST GUST SPEED    19   HIGHEST GUST DIRECTION    SW (210)
  AVERAGE WIND SPEED     4.0


SKY COVER
  POSSIBLE SUNSHINE  MM
  AVERAGE SKY COVER 0.0


WEATHER CONDITIONS
 THE FOLLOWING WEATHER WAS RECORDED YESTERDAY.
  NO SIGNIFICANT WEATHER WAS OBSERVED.


RELATIVE HUMIDITY (PERCENT)
 HIGHEST   100           100 AM
 LOWEST     52           300 PM
 AVERAGE    76

..........................................................


THE GREENWOOD CLIMATE NORMALS FOR TODAY
                         NORMAL    RECORD    YEAR
 MAXIMUM TEMPERATURE (F)   92       103      1952
 MINIMUM TEMPERATURE (F)   71        60      2007
                                             1988


SUNRISE AND SUNSET
JULY 23 2017..........SUNRISE   607 AM CDT   SUNSET   807 PM CDT
JULY 24 2017..........SUNRISE   607 AM CDT   SUNSET   806 PM CDT


-  INDICATES NEGATIVE NUMBERS.
R  INDICATES RECORD WAS SET OR TIED.
MM INDICATES DATA IS MISSING.
T  INDICATES TRACE AMOUNT.




$$
