000
CDUS41 KGYX 310801
CLIGYX


CLIMATE REPORT
NATIONAL WEATHER SERVICE GRAY ME
401 AM EDT MON AUG 31 2015


...................................

...THE GRAY ME CLIMATE SUMMARY FOR AUGUST 30 2015...

CLIMATE NORMAL PERIOD 1981 TO 2010
CLIMATE RECORD PERIOD 1995 TO 2015


WEATHER ITEM   OBSERVED TIME   RECORD YEAR NORMAL DEPARTURE LAST
                VALUE   (LST)  VALUE       VALUE  FROM      YEAR
                                                  NORMAL
..................................................................
TEMPERATURE (F)
 YESTERDAY
  MAXIMUM         80        MM  MM      MM  76      4       72
  MINIMUM         61        MM  MM      MM  57      4       53
  AVERAGE         71                        66      5       63

PRECIPITATION (IN)
  YESTERDAY        0.00         MM      MM   0.12  -0.12     0.00
  MONTH TO DATE    3.92                      3.47   0.45     6.80
  SINCE JUN 1     12.32                     12.07   0.25    16.78
  SINCE JAN 1     25.37                     31.36  -5.99    35.13

SNOWFALL (IN)
  YESTERDAY        0.0          MM      MM   0.0    0.0      0.0
  MONTH TO DATE    0.0                       0.0    0.0      0.0
  SINCE JUN 1      0.0                       0.0    0.0      0.0
  SINCE JUL 1      0.0                       0.0    0.0      0.0
  SNOW DEPTH       0

DEGREE DAYS
 HEATING
  YESTERDAY        0                         1     -1        2
  MONTH TO DATE    3                        18    -15       14
  SINCE JUN 1    173                       126     47       88
  SINCE JUL 1     16                        32    -16       14

 COOLING
  YESTERDAY        6                         3      3        0
  MONTH TO DATE  160                       131     29       78
  SINCE JUN 1    326                       346    -20      305
  SINCE JAN 1    366                       357      9      306
..................................................................







THE GRAY ME CLIMATE NORMALS FOR TODAY
                         NORMAL
 MAXIMUM TEMPERATURE (F)   76
 MINIMUM TEMPERATURE (F)   56


SUNRISE AND SUNSET
AUGUST 31 2015........SUNRISE   603 AM EDT   SUNSET   719 PM EDT
SEPTEMBER  1 2015.....SUNRISE   604 AM EDT   SUNSET   717 PM EDT


-  INDICATES NEGATIVE NUMBERS.
R  INDICATES RECORD WAS SET OR TIED.
MM INDICATES DATA IS MISSING.
T  INDICATES TRACE AMOUNT.




$$
