052
CDUS41 KGYX 220932
CLIGYX


CLIMATE REPORT
NATIONAL WEATHER SERVICE GRAY ME
432 AM EST WED NOV 22 2017


...................................

...THE GRAY ME CLIMATE SUMMARY FOR NOVEMBER 21 2017...

CLIMATE NORMAL PERIOD 1981 TO 2010
CLIMATE RECORD PERIOD 1995 TO 2017


WEATHER ITEM   OBSERVED TIME   RECORD YEAR NORMAL DEPARTURE LAST
                VALUE   (LST)  VALUE       VALUE  FROM      YEAR
                                                  NORMAL
..................................................................
TEMPERATURE (F)
 YESTERDAY
  MAXIMUM         50        MM  MM      MM  44      6       32
  MINIMUM         20        MM  MM      MM  29     -9       25
  AVERAGE         35                        36     -1       29

PRECIPITATION (IN)
  YESTERDAY        0.00         MM      MM   0.17  -0.17     0.06
  MONTH TO DATE    1.91                      3.82  -1.91     2.78
  SINCE SEP 1     10.14                     13.15  -3.01    11.66
  SINCE JAN 1     38.07                     44.63  -6.56    40.83

SNOWFALL (IN)
  YESTERDAY       MM            MM      MM   0.1   MM        0.4
  MONTH TO DATE    1.2                       1.3   -0.1      1.1
  SINCE SEP 1      1.2                       1.4   -0.2      1.1
  SINCE JUL 1      1.2                       1.4   -0.2      1.1
  SNOW DEPTH       0

DEGREE DAYS
 HEATING
  YESTERDAY       30                        29      1       36
  MONTH TO DATE  568                       521     47      457
  SINCE SEP 1    888                      1185   -297      980
  SINCE JUL 1    919                      1221   -302      999

 COOLING
  YESTERDAY        0                         0      0        0
  MONTH TO DATE    0                         0      0        0
  SINCE SEP 1     93                        30     63       80
  SINCE JAN 1    531                       389    142      607
..................................................................







THE GRAY ME CLIMATE NORMALS FOR TODAY
                         NORMAL
 MAXIMUM TEMPERATURE (F)   43
 MINIMUM TEMPERATURE (F)   29


SUNRISE AND SUNSET
NOVEMBER 22 2017......SUNRISE   645 AM EST   SUNSET   409 PM EST
NOVEMBER 23 2017......SUNRISE   646 AM EST   SUNSET   408 PM EST


-  INDICATES NEGATIVE NUMBERS.
R  INDICATES RECORD WAS SET OR TIED.
MM INDICATES DATA IS MISSING.
T  INDICATES TRACE AMOUNT.




$$
