000
CDUS41 KGYX 250816
CLIGYX


CLIMATE REPORT
NATIONAL WEATHER SERVICE GRAY ME
416 AM EDT THU AUG 25 2016


...................................

...THE GRAY ME CLIMATE SUMMARY FOR AUGUST 24 2016...

CLIMATE NORMAL PERIOD 1981 TO 2010
CLIMATE RECORD PERIOD 1995 TO 2016


WEATHER ITEM   OBSERVED TIME   RECORD YEAR NORMAL DEPARTURE LAST
                VALUE   (LST)  VALUE       VALUE  FROM      YEAR
                                                  NORMAL
..................................................................
TEMPERATURE (F)
 YESTERDAY
  MAXIMUM         84        MM  MM      MM  78      6       78
  MINIMUM         60        MM  MM      MM  58      2       65
  AVERAGE         72                        68      4       72

PRECIPITATION (IN)
  YESTERDAY        0.00         MM      MM   0.12  -0.12     0.01
  MONTH TO DATE    3.15                      2.74   0.41     3.79
  SINCE JUN 1     11.38                     11.34   0.04    12.19
  SINCE JAN 1     29.01                     30.63  -1.62    25.24

SNOWFALL (IN)
  YESTERDAY        0.0          MM      MM   0.0    0.0      0.0
  MONTH TO DATE    0.0                       0.0    0.0      0.0
  SINCE JUN 1      0.0                       0.0    0.0      0.0
  SINCE JUL 1      0.0                       0.0    0.0      0.0
  SNOW DEPTH       0

DEGREE DAYS
 HEATING
  YESTERDAY        0                         1     -1        0
  MONTH TO DATE    1                        12    -11        3
  SINCE JUN 1     89                       120    -31      173
  SINCE JUL 1     19                        26     -7       16

 COOLING
  YESTERDAY        7                         4      3        7
  MONTH TO DATE  181                       112     69      136
  SINCE JUN 1    460                       327    133      302
  SINCE JAN 1    482                       338    144      342
..................................................................







THE GRAY ME CLIMATE NORMALS FOR TODAY
                         NORMAL
 MAXIMUM TEMPERATURE (F)   77
 MINIMUM TEMPERATURE (F)   58


SUNRISE AND SUNSET
AUGUST 25 2016........SUNRISE   557 AM EDT   SUNSET   728 PM EDT
AUGUST 26 2016........SUNRISE   558 AM EDT   SUNSET   726 PM EDT


-  INDICATES NEGATIVE NUMBERS.
R  INDICATES RECORD WAS SET OR TIED.
MM INDICATES DATA IS MISSING.
T  INDICATES TRACE AMOUNT.




$$
