000
CDUS44 KJAN 180757
CLIHBG


CLIMATE REPORT
NATIONAL WEATHER SERVICE JACKSON MS
255 AM CDT THU SEP 18 2014


...................................

...THE HATTIESBURG CLIMATE SUMMARY FOR SEPTEMBER 17 2014...

CLIMATE NORMAL PERIOD 1981 TO 2010
CLIMATE RECORD PERIOD 1948 TO 2014


WEATHER ITEM   OBSERVED TIME   RECORD YEAR NORMAL DEPARTURE LAST
                VALUE   (LST)  VALUE       VALUE  FROM      YEAR
                                                  NORMAL
..................................................................
TEMPERATURE (F)
 YESTERDAY
  MAXIMUM         92    357 PM  97    1953  88      4       94
  MINIMUM         69    615 AM  50    1961  66      3       66
  AVERAGE         81                        77      4       80

PRECIPITATION (IN)
  YESTERDAY        0.00          2.27 1971   0.13  -0.13     0.00
  MONTH TO DATE    5.22                      2.47   2.75     2.13
  SINCE SEP 1      5.22                      2.47   2.75     2.13
  SINCE JAN 1     42.50                     44.63  -2.13    54.30

SNOWFALL (IN)
  YESTERDAY        0.0

DEGREE DAYS
 HEATING
  YESTERDAY        0                         0      0        0
  MONTH TO DATE    0                         0      0        0
  SINCE SEP 1      0                         0      0        0
  SINCE JUL 1      0                         0      0        0

 COOLING
  YESTERDAY       16                        12      4       15
  MONTH TO DATE  290                       232     58      282
  SINCE SEP 1    290                       232     58      282
  SINCE JAN 1   2169                      2103     66     2061
..................................................................


WIND (MPH)
  HIGHEST WIND SPEED     9   HIGHEST WIND DIRECTION     N (20)
  HIGHEST GUST SPEED    MM   HIGHEST GUST DIRECTION    SE (120)
  AVERAGE WIND SPEED     1.7


SKY COVER
  POSSIBLE SUNSHINE  MM
  AVERAGE SKY COVER 0.1


WEATHER CONDITIONS
 THE FOLLOWING WEATHER WAS RECORDED YESTERDAY.
  FOG


RELATIVE HUMIDITY (PERCENT)
 HIGHEST   100           200 AM
 LOWEST     47           200 PM
 AVERAGE    74

..........................................................


THE HATTIESBURG CLIMATE NORMALS FOR TODAY
                         NORMAL    RECORD    YEAR
 MAXIMUM TEMPERATURE (F)   87        97      2010
                                             2005
 MINIMUM TEMPERATURE (F)   66        49      1961


SUNRISE AND SUNSET
SEPTEMBER 18 2014.....SUNRISE   643 AM CDT   SUNSET   659 PM CDT
SEPTEMBER 19 2014.....SUNRISE   643 AM CDT   SUNSET   658 PM CDT


-  INDICATES NEGATIVE NUMBERS.
R  INDICATES RECORD WAS SET OR TIED.
MM INDICATES DATA IS MISSING.
T  INDICATES TRACE AMOUNT.




$$
