000
CDUS44 KJAN 190711
CLIHBG


CLIMATE REPORT
NATIONAL WEATHER SERVICE JACKSON MS
110 AM CST MON FEB 19 2018


...................................

...THE HATTIESBURG CLIMATE SUMMARY FOR FEBRUARY 18 2018...

CLIMATE NORMAL PERIOD 1981 TO 2010
CLIMATE RECORD PERIOD 1948 TO 2018


WEATHER ITEM   OBSERVED TIME   RECORD YEAR NORMAL DEPARTURE LAST
                VALUE   (LST)  VALUE       VALUE  FROM      YEAR
                                                  NORMAL
..................................................................
TEMPERATURE (F)
 YESTERDAY
  MAXIMUM         77    319 PM  82    1956  64     13       74
  MINIMUM         57    811 AM  19    1958  41     16       49
  AVERAGE         67                        53     14       62

PRECIPITATION (IN)
  YESTERDAY        T             7.02 1961   0.22  -0.22     0.02
  MONTH TO DATE    2.86                      3.42  -0.56     1.26
  SINCE DEC 1     14.22                     14.07   0.15    17.39
  SINCE JAN 1      9.50                      9.16   0.34    10.33

SNOWFALL (IN)
  YESTERDAY        0.0

DEGREE DAYS
 HEATING
  YESTERDAY        0                        13    -13        3
  MONTH TO DATE  138                       266   -128      123
  SINCE DEC 1   1266                      1237     29      736
  SINCE JUL 1   1571                      1565      6      932

 COOLING
  YESTERDAY        2                         0      2        0
  MONTH TO DATE   23                         0     23       23
  SINCE DEC 1     28                        19      9       94
  SINCE JAN 1     23                         6     17       55
..................................................................


WIND (MPH)
  HIGHEST WIND SPEED    10   HIGHEST WIND DIRECTION    SE (150)
  HIGHEST GUST SPEED    13   HIGHEST GUST DIRECTION     S (160)
  AVERAGE WIND SPEED     4.7


SKY COVER
  POSSIBLE SUNSHINE  MM
  AVERAGE SKY COVER 0.5


WEATHER CONDITIONS
 THE FOLLOWING WEATHER WAS RECORDED YESTERDAY.
  LIGHT RAIN


RELATIVE HUMIDITY (PERCENT)
 HIGHEST    93           800 PM
 LOWEST     60           400 PM
 AVERAGE    77

..........................................................


THE HATTIESBURG CLIMATE NORMALS FOR TODAY
                         NORMAL    RECORD    YEAR
 MAXIMUM TEMPERATURE (F)   64        83      2017
 MINIMUM TEMPERATURE (F)   41        24      1960
                                             1958


SUNRISE AND SUNSET
FEBRUARY 19 2018......SUNRISE   634 AM CST   SUNSET   548 PM CST
FEBRUARY 20 2018......SUNRISE   633 AM CST   SUNSET   548 PM CST


-  INDICATES NEGATIVE NUMBERS.
R  INDICATES RECORD WAS SET OR TIED.
MM INDICATES DATA IS MISSING.
T  INDICATES TRACE AMOUNT.




$$
