000
CDUS44 KJAN 282112
CLIHBG


CLIMATE REPORT
NATIONAL WEATHER SERVICE JACKSON MS
409 PM CDT FRI AUG 28 2015


...................................

...THE HATTIESBURG CLIMATE SUMMARY FOR AUGUST 28 2015...
VALID TODAY AS OF 0400 PM LOCAL TIME.

CLIMATE NORMAL PERIOD 1981 TO 2010
CLIMATE RECORD PERIOD 1948 TO 2015


WEATHER ITEM   OBSERVED TIME   RECORD YEAR NORMAL DEPARTURE LAST
                VALUE   (LST)  VALUE       VALUE  FROM      YEAR
                                                  NORMAL
..................................................................
TEMPERATURE (F)
 TODAY
  MAXIMUM         93   1237 PM  99    2000  92      1       94
  MINIMUM         62    552 AM  55    1952  70     -8       71
  AVERAGE         78                        81     -3       83

PRECIPITATION (IN)
  TODAY            0.00          1.57 1991   0.15  -0.15      T
  MONTH TO DATE    2.46                      4.28  -1.82     1.03
  SINCE JUN 1     13.39                     15.17  -1.78     8.23
  SINCE JAN 1     37.21                     41.71  -4.50    36.71

SNOWFALL (IN)
  TODAY            0.0

DEGREE DAYS
 HEATING
  TODAY            0                         0      0        0
  MONTH TO DATE    0                         0      0        0
  SINCE JUN 1      0                         0      0        0
  SINCE JUL 1      0                         0      0        0

 COOLING
  TODAY           13                        16     -3       18
  MONTH TO DATE  493                       466     27      502
  SINCE JUN 1   1591                      1411    180     1448
  SINCE JAN 1   2168                      1826    342     1824
..................................................................


WIND (MPH)
  HIGHEST WIND SPEED    13   HIGHEST WIND DIRECTION    SE (140)
  HIGHEST GUST SPEED    19   HIGHEST GUST DIRECTION    SE (120)
  AVERAGE WIND SPEED     3.5


SKY COVER
  POSSIBLE SUNSHINE  MM
  AVERAGE SKY COVER 0.1


WEATHER CONDITIONS
 THE FOLLOWING WEATHER WAS RECORDED TODAY.
  NO SIGNIFICANT WEATHER WAS OBSERVED.


RELATIVE HUMIDITY (PERCENT)
 HIGHEST    93           400 AM
 LOWEST     36           200 PM
 AVERAGE    65

..........................................................


THE HATTIESBURG CLIMATE NORMALS FOR TOMORROW
                         NORMAL    RECORD    YEAR
 MAXIMUM TEMPERATURE (F)   91       104      2000
 MINIMUM TEMPERATURE (F)   70        58      1992


SUNRISE AND SUNSET
AUGUST 28 2015........SUNRISE   630 AM CDT   SUNSET   726 PM CDT
AUGUST 29 2015........SUNRISE   631 AM CDT   SUNSET   724 PM CDT


-  INDICATES NEGATIVE NUMBERS.
R  INDICATES RECORD WAS SET OR TIED.
MM INDICATES DATA IS MISSING.
T  INDICATES TRACE AMOUNT.




$$
