000
CDUS44 KJAN 250702
CLIHBG


CLIMATE REPORT
NATIONAL WEATHER SERVICE JACKSON MS
149 AM CDT TUE JUL 25 2017


...................................

...THE HATTIESBURG CLIMATE SUMMARY FOR JULY 24 2017...

CLIMATE NORMAL PERIOD 1981 TO 2010
CLIMATE RECORD PERIOD 1948 TO 2017


WEATHER ITEM   OBSERVED TIME   RECORD YEAR NORMAL DEPARTURE LAST
                VALUE   (LST)  VALUE       VALUE  FROM      YEAR
                                                  NORMAL
..................................................................
TEMPERATURE (F)
 YESTERDAY
  MAXIMUM         77    237 PM 101    1952  92    -15       94
  MINIMUM         73   1153 PM  65    2009  72      1       75
                                      1951
  AVERAGE         75                        82     -7       85

PRECIPITATION (IN)
  YESTERDAY        1.54R         1.23 1969   0.14   1.40     1.04
  MONTH TO DATE    3.52                      4.34  -0.82     5.69
  SINCE JUN 1     14.92                      9.84   5.08    13.82
  SINCE JAN 1     45.35                     36.38   8.97    44.98

SNOWFALL (IN)
  YESTERDAY        0.0

DEGREE DAYS
 HEATING
  YESTERDAY        0                         0      0        0
  MONTH TO DATE    0                         0      0        0
  SINCE JUN 1      0                         0      0        0
  SINCE JUL 1      0                         0      0        0

 COOLING
  YESTERDAY       10                        17     -7       20
  MONTH TO DATE  423                       403     20      448
  SINCE JUN 1    807                       826    -19      955
  SINCE JAN 1   1328                      1241     87     1419
..................................................................


WIND (MPH)
  HIGHEST WIND SPEED    12   HIGHEST WIND DIRECTION    SW (230)
  HIGHEST GUST SPEED    17   HIGHEST GUST DIRECTION    SW (240)
  AVERAGE WIND SPEED     3.9


SKY COVER
  POSSIBLE SUNSHINE  MM
  AVERAGE SKY COVER 0.6


WEATHER CONDITIONS
 THE FOLLOWING WEATHER WAS RECORDED YESTERDAY.
  THUNDERSTORM
  HEAVY RAIN
  RAIN
  LIGHT RAIN
  FOG
  FOG W/VISIBILITY <= 1/4 MILE


RELATIVE HUMIDITY (PERCENT)
 HIGHEST   100           100 AM
 LOWEST     94          1200 AM
 AVERAGE    97

..........................................................


THE HATTIESBURG CLIMATE NORMALS FOR TODAY
                         NORMAL    RECORD    YEAR
 MAXIMUM TEMPERATURE (F)   92       100      1962
                                             1952
 MINIMUM TEMPERATURE (F)   72        66      2009
                                             1951


SUNRISE AND SUNSET
JULY 25 2017..........SUNRISE   609 AM CDT   SUNSET   757 PM CDT
JULY 26 2017..........SUNRISE   610 AM CDT   SUNSET   757 PM CDT


-  INDICATES NEGATIVE NUMBERS.
R  INDICATES RECORD WAS SET OR TIED.
MM INDICATES DATA IS MISSING.
T  INDICATES TRACE AMOUNT.




$$
