000
CDUS44 KJAN 062245
CLIHBG


CLIMATE REPORT
NATIONAL WEATHER SERVICE JACKSON MS
544 PM CDT MON JUL 6 2015


...................................

...THE HATTIESBURG CLIMATE SUMMARY FOR JULY 6 2015...
VALID AS OF 0500 PM LOCAL TIME.

CLIMATE NORMAL PERIOD 1981 TO 2010
CLIMATE RECORD PERIOD 1948 TO 2015


WEATHER ITEM   OBSERVED TIME   RECORD YEAR NORMAL DEPARTURE LAST
                VALUE   (LST)  VALUE       VALUE  FROM      YEAR
                                                  NORMAL
..................................................................
TEMPERATURE (F)
 TODAY
  MAXIMUM         91    341 PM  99    1998  92     -1       91
                                      1979
  MINIMUM         68    520 AM  63    1968  71     -3       65
  AVERAGE         80

PRECIPITATION (IN)
  TODAY            0.00          2.03 2005   0.20  -0.20     0.00
  MONTH TO DATE    2.96                      1.14   1.82      T
  SINCE JUN 1      7.69                      6.64   1.05     4.94
  SINCE JAN 1     31.51                     33.18  -1.67    33.42

..................................................................


-  INDICATES NEGATIVE NUMBERS.
R  INDICATES RECORD WAS SET OR TIED.
MM INDICATES DATA IS MISSING.
T  INDICATES TRACE AMOUNT.


$$
