000
CDUS44 KJAN 020712
CLIHBG


CLIMATE REPORT
NATIONAL WEATHER SERVICE JACKSON MS
210 AM CDT SAT AUG 2 2014


...................................

...THE HATTIESBURG CLIMATE SUMMARY FOR AUGUST 1 2014...

CLIMATE NORMAL PERIOD 1981 TO 2010
CLIMATE RECORD PERIOD 1948 TO 2014


WEATHER ITEM   OBSERVED TIME   RECORD YEAR NORMAL DEPARTURE LAST
                VALUE   (LST)  VALUE       VALUE  FROM      YEAR
                                                  NORMAL
..................................................................
TEMPERATURE (F)
 YESTERDAY
  MAXIMUM         81    512 PM 101    1986  93    -12       93
  MINIMUM         70    724 AM  66    1974  72     -2       73
  AVERAGE         76                        82     -6       83

PRECIPITATION (IN)
  YESTERDAY        0.15          2.47 1982   0.15   0.00     1.14
  MONTH TO DATE    0.15                      0.15   0.00     1.14
  SINCE JUN 1      7.35                     11.04  -3.69    12.07
  SINCE JAN 1     35.83                     37.58  -1.75    49.28

SNOWFALL (IN)
  YESTERDAY        0.0

DEGREE DAYS
 HEATING
  YESTERDAY        0                         0      0        0
  MONTH TO DATE    0                         0      0        0
  SINCE JUN 1      0                         0      0        0
  SINCE JUL 1      0                         0      0        0

 COOLING
  YESTERDAY       11                        17     -6       18
  MONTH TO DATE   11                        17     -6       18
  SINCE JUN 1    957                       962     -5      956
  SINCE JAN 1   1333                      1377    -44     1298
..................................................................


WIND (MPH)
  HIGHEST WIND SPEED     8   HIGHEST WIND DIRECTION     N (10)
  HIGHEST GUST SPEED    22   HIGHEST GUST DIRECTION    SE (140)
  AVERAGE WIND SPEED     1.2


SKY COVER
  POSSIBLE SUNSHINE  MM
  AVERAGE SKY COVER 0.5


WEATHER CONDITIONS
 THE FOLLOWING WEATHER WAS RECORDED YESTERDAY.
  HEAVY RAIN
  RAIN
  LIGHT RAIN
  FOG


RELATIVE HUMIDITY (PERCENT)
 HIGHEST    97           700 AM
 LOWEST     62           200 PM
 AVERAGE    80

..........................................................


THE HATTIESBURG CLIMATE NORMALS FOR TODAY
                         NORMAL    RECORD    YEAR
 MAXIMUM TEMPERATURE (F)   93       103      2010
 MINIMUM TEMPERATURE (F)   72        64      1950


SUNRISE AND SUNSET
AUGUST  2 2014........SUNRISE   614 AM CDT   SUNSET   752 PM CDT
AUGUST  3 2014........SUNRISE   615 AM CDT   SUNSET   751 PM CDT


-  INDICATES NEGATIVE NUMBERS.
R  INDICATES RECORD WAS SET OR TIED.
MM INDICATES DATA IS MISSING.
T  INDICATES TRACE AMOUNT.




$$
