000
CDUS44 KJAN 302130
CLIHBG


CLIMATE REPORT
NATIONAL WEATHER SERVICE JACKSON MS
428 PM CDT SAT AUG 30 2014


...................................

...THE HATTIESBURG CLIMATE SUMMARY FOR AUGUST 30 2014...
VALID TODAY AS OF 0400 PM LOCAL TIME.

CLIMATE NORMAL PERIOD 1981 TO 2010
CLIMATE RECORD PERIOD 1948 TO 2014


WEATHER ITEM   OBSERVED TIME   RECORD YEAR NORMAL DEPARTURE LAST
                VALUE   (LST)  VALUE       VALUE  FROM      YEAR
                                                  NORMAL
..................................................................
TEMPERATURE (F)
 TODAY
  MAXIMUM         92   1137 AM 106    1951  91      1       94
  MINIMUM         74    259 PM  56    1968  70      4       69
  AVERAGE         83                        81      2       82

PRECIPITATION (IN)
  TODAY            0.50          3.04 2012   0.15   0.35     0.00
  MONTH TO DATE    1.58                      4.58  -3.00     4.03
  SINCE JUN 1      8.78                     15.47  -6.69    14.96
  SINCE JAN 1     37.26                     42.01  -4.75    52.17

SNOWFALL (IN)
  TODAY            0.0

DEGREE DAYS
 HEATING
  TODAY            0                         0      0        0
  MONTH TO DATE    0                         0      0        0
  SINCE JUN 1      0                         0      0        0
  SINCE JUL 1      0                         0      0        0

 COOLING
  TODAY           18                        16      2       17
  MONTH TO DATE  537                       498     39      482
  SINCE JUN 1   1483                      1443     40     1420
  SINCE JAN 1   1859                      1858      1     1762
..................................................................


WIND (MPH)
  HIGHEST WIND SPEED    23   HIGHEST WIND DIRECTION    SW (240)
  HIGHEST GUST SPEED    35   HIGHEST GUST DIRECTION    SW (240)
  AVERAGE WIND SPEED     4.1


SKY COVER
  POSSIBLE SUNSHINE  MM
  AVERAGE SKY COVER 0.5


WEATHER CONDITIONS
 THE FOLLOWING WEATHER WAS RECORDED TODAY.
  THUNDERSTORM
  HEAVY RAIN
  RAIN
  LIGHT RAIN
  FOG
  FOG W/VISIBILITY <= 1/4 MILE
  HAZE


RELATIVE HUMIDITY (PERCENT)
 HIGHEST   100           700 AM
 LOWEST     56          1000 AM
 AVERAGE    78

..........................................................


THE HATTIESBURG CLIMATE NORMALS FOR TOMORROW
                         NORMAL    RECORD    YEAR
 MAXIMUM TEMPERATURE (F)   91       105      1951
 MINIMUM TEMPERATURE (F)   70        59      1968


SUNRISE AND SUNSET
AUGUST 30 2014........SUNRISE   632 AM CDT   SUNSET   723 PM CDT
AUGUST 31 2014........SUNRISE   632 AM CDT   SUNSET   722 PM CDT


-  INDICATES NEGATIVE NUMBERS.
R  INDICATES RECORD WAS SET OR TIED.
MM INDICATES DATA IS MISSING.
T  INDICATES TRACE AMOUNT.




$$
