000
CDUS41 KLWX 232123
CLIHGR


CLIMATE REPORT
NATIONAL WEATHER SERVICE BALTIMORE MD/WASHINGTON DC
523 PM EDT SUN APR 23 2017


...................................

...THE HAGERSTOWN MD CLIMATE SUMMARY FOR APRIL 23 2017...
VALID TODAY AS OF 0500 PM LOCAL TIME.

CLIMATE NORMAL PERIOD 1981 TO 2010
CLIMATE RECORD PERIOD 9999 TO 9999


WEATHER ITEM   OBSERVED TIME   RECORD YEAR NORMAL DEPARTURE LAST
                VALUE   (LST)  VALUE       VALUE  FROM      YEAR
                                                  NORMAL
..................................................................
TEMPERATURE (F)
 TODAY
  MAXIMUM         65    329 PM  MM      MM  66     -1       70
  MINIMUM         40    447 AM  MM      MM  45     -5       50
  AVERAGE         53                        55     -2       60

PRECIPITATION (IN)
  TODAY            0.00         MM      MM   0.11  -0.11     0.89
  MONTH TO DATE    1.76                      2.80  -1.04     1.61
  SINCE MAR 1      4.59                      6.18  -1.59     3.23
  SINCE JAN 1      8.69                     11.41  -2.72     8.60

DEGREE DAYS
 HEATING
  TODAY           12                        10      2        5
  MONTH TO DATE  159                       317   -158      294
  SINCE MAR 1    856                      1046   -190      746
  SINCE JUL 1   3863                      4949  -1086     3983

 COOLING
  TODAY            0                         1     -1        0
  MONTH TO DATE   26                         5     21        6
  SINCE MAR 1     27                         6     21       10
  SINCE JAN 1     28                         6     22       10
..................................................................


WIND (MPH)
  HIGHEST WIND SPEED    13   HIGHEST WIND DIRECTION     E (80)
  HIGHEST GUST SPEED    17   HIGHEST GUST DIRECTION     E (110)
  AVERAGE WIND SPEED     5.9


SKY COVER
  POSSIBLE SUNSHINE  MM
  AVERAGE SKY COVER 0.1


WEATHER CONDITIONS
 THE FOLLOWING WEATHER WAS RECORDED TODAY.
  FOG
  FOG W/VISIBILITY <= 1/4 MILE


RELATIVE HUMIDITY (PERCENT)
 HIGHEST    93          1200 AM
 LOWEST     34           400 PM
 AVERAGE    64

..........................................................


THE HAGERSTOWN MD CLIMATE NORMALS FOR TOMORROW
                         NORMAL    RECORD    YEAR
 MAXIMUM TEMPERATURE (F)   66        MM        MM
 MINIMUM TEMPERATURE (F)   45        MM        MM


SUNRISE AND SUNSET
APRIL 23 2017.........SUNRISE   622 AM EDT   SUNSET   757 PM EDT
APRIL 24 2017.........SUNRISE   620 AM EDT   SUNSET   758 PM EDT


-  INDICATES NEGATIVE NUMBERS.
R  INDICATES RECORD WAS SET OR TIED.
MM INDICATES DATA IS MISSING.
T  INDICATES TRACE AMOUNT.




$$
