000
CDUS41 KLWX 192122
CLIHGR


CLIMATE REPORT
NATIONAL WEATHER SERVICE BALTIMORE MD/WASHINGTON DC
522 PM EDT SAT APR 19 2014


...................................

...THE HAGERSTOWN MD CLIMATE SUMMARY FOR APRIL 19 2014...
VALID TODAY AS OF 0500 PM LOCAL TIME.

CLIMATE NORMAL PERIOD 1981 TO 2010
CLIMATE RECORD PERIOD 9999 TO 9999


WEATHER ITEM   OBSERVED TIME   RECORD YEAR NORMAL DEPARTURE LAST
                VALUE   (LST)  VALUE       VALUE  FROM      YEAR
                                                  NORMAL
..................................................................
TEMPERATURE (F)
 TODAY
  MAXIMUM         66    348 PM  MM      MM  64      2       74
  MINIMUM         40    634 AM  MM      MM  44     -4       51
  AVERAGE         53                        54     -1       63

PRECIPITATION (IN)
  TODAY            0.00         MM      MM   0.11  -0.11     0.91
  MONTH TO DATE    1.09                      2.33  -1.24     1.66
  SINCE MAR 1      2.76                      5.71  -2.95     3.24
  SINCE JAN 1      6.54                     10.94  -4.40     7.47

DEGREE DAYS
 HEATING
  TODAY           12                        11      1        2
  MONTH TO DATE  260                       274    -14      198
  SINCE MAR 1   1119                      1003    116     1003
  SINCE JUL 1   5134                      4906    228     4641

 COOLING
  TODAY            0                         1     -1        0
  MONTH TO DATE   10                         1      9       26
  SINCE MAR 1     10                         2      8       26
  SINCE JAN 1     10                         2      8       26
..................................................................


WIND (MPH)
  HIGHEST WIND SPEED    16   HIGHEST WIND DIRECTION     N (10)
  HIGHEST GUST SPEED    21   HIGHEST GUST DIRECTION     N (20)
  AVERAGE WIND SPEED     7.0


SKY COVER
  POSSIBLE SUNSHINE  MM
  AVERAGE SKY COVER 0.0


WEATHER CONDITIONS
 THE FOLLOWING WEATHER WAS RECORDED TODAY.
  NO SIGNIFICANT WEATHER WAS OBSERVED.


RELATIVE HUMIDITY (PERCENT)
 HIGHEST    79           700 AM
 LOWEST     20           400 PM
 AVERAGE    50

..........................................................


THE HAGERSTOWN MD CLIMATE NORMALS FOR TOMORROW
                         NORMAL    RECORD    YEAR
 MAXIMUM TEMPERATURE (F)   65        MM        MM
 MINIMUM TEMPERATURE (F)   44        MM        MM


SUNRISE AND SUNSET
APRIL 19 2014.........SUNRISE   628 AM EDT   SUNSET   753 PM EDT
APRIL 20 2014.........SUNRISE   626 AM EDT   SUNSET   754 PM EDT


-  INDICATES NEGATIVE NUMBERS.
R  INDICATES RECORD WAS SET OR TIED.
MM INDICATES DATA IS MISSING.
T  INDICATES TRACE AMOUNT.




$$
