000
CDUS41 KLWX 280525
CLIHGR


CLIMATE REPORT
NATIONAL WEATHER SERVICE BALTIMORE MD/WASHINGTON DC
125 AM EDT THU APR 28 2016


...................................

...THE HAGERSTOWN MD CLIMATE SUMMARY FOR APRIL 27 2016...

CLIMATE NORMAL PERIOD 1981 TO 2010
CLIMATE RECORD PERIOD 9999 TO 9999


WEATHER ITEM   OBSERVED TIME   RECORD YEAR NORMAL DEPARTURE LAST
                VALUE   (LST)  VALUE       VALUE  FROM      YEAR
                                                  NORMAL
..................................................................
TEMPERATURE (F)
 YESTERDAY
  MAXIMUM         66   1207 AM  MM      MM  67     -1       57
  MINIMUM         49   1129 AM  MM      MM  46      3       43
  AVERAGE         58                        56      2       50

PRECIPITATION (IN)
  YESTERDAY        0.02         MM      MM   0.11  -0.09     0.00
  MONTH TO DATE    1.63                      3.24  -1.61     2.89
  SINCE MAR 1      3.25                      6.62  -3.37     5.19
  SINCE JAN 1      8.62                     11.85  -3.23     7.47

DEGREE DAYS
 HEATING
  YESTERDAY        7                         9     -2       15
  MONTH TO DATE  313                       355    -42      272
  SINCE MAR 1    765                      1084   -319     1053
  SINCE JUL 1   4002                      4987   -985     5059

 COOLING
  YESTERDAY        0                         1     -1        0
  MONTH TO DATE   12                         9      3        2
  SINCE MAR 1     16                        10      6        2
  SINCE JAN 1     16                        10      6        2
..................................................................


WIND (MPH)
  HIGHEST WIND SPEED    15   HIGHEST WIND DIRECTION     N (360)
  HIGHEST GUST SPEED    19   HIGHEST GUST DIRECTION     N (360)
  AVERAGE WIND SPEED     6.1


SKY COVER
  POSSIBLE SUNSHINE  MM
  AVERAGE SKY COVER 1.0


WEATHER CONDITIONS
 THE FOLLOWING WEATHER WAS RECORDED YESTERDAY.
  LIGHT RAIN
  FOG
  HAZE


RELATIVE HUMIDITY (PERCENT)
 HIGHEST    89           200 PM
 LOWEST     59          1200 AM
 AVERAGE    74

..........................................................


THE HAGERSTOWN MD CLIMATE NORMALS FOR TODAY
                         NORMAL    RECORD    YEAR
 MAXIMUM TEMPERATURE (F)   67        MM        MM
 MINIMUM TEMPERATURE (F)   47        MM        MM


SUNRISE AND SUNSET
APRIL 28 2016.........SUNRISE   615 AM EDT   SUNSET   802 PM EDT
APRIL 29 2016.........SUNRISE   613 AM EDT   SUNSET   803 PM EDT


-  INDICATES NEGATIVE NUMBERS.
R  INDICATES RECORD WAS SET OR TIED.
MM INDICATES DATA IS MISSING.
T  INDICATES TRACE AMOUNT.




$$
