000
CDUS41 KLWX 290537
CLIHGR


CLIMATE REPORT
NATIONAL WEATHER SERVICE BALTIMORE MD/WASHINGTON DC
1235 AM EST SAT NOV 29 2014


...................................

...THE HAGERSTOWN MD CLIMATE SUMMARY FOR NOVEMBER 28 2014...

CLIMATE NORMAL PERIOD 1981 TO 2010
CLIMATE RECORD PERIOD 9999 TO 9999


WEATHER ITEM   OBSERVED TIME   RECORD YEAR NORMAL DEPARTURE LAST
                VALUE   (LST)  VALUE       VALUE  FROM      YEAR
                                                  NORMAL
..................................................................
TEMPERATURE (F)
 YESTERDAY
  MAXIMUM         36    139 PM  MM      MM  48    -12       34
  MINIMUM         26    957 PM  MM      MM  33     -7       23
  AVERAGE         31                        40     -9       29

PRECIPITATION (IN)
  YESTERDAY        T            MM      MM   0.12  -0.12     0.00
  MONTH TO DATE    1.81                      2.96  -1.15     2.25
  SINCE SEP 1      6.43                      9.51  -3.08    10.78
  SINCE JAN 1     33.34                     36.14  -2.80    29.93

DEGREE DAYS
 HEATING
  YESTERDAY       34                        25      9       36
  MONTH TO DATE  626                       552     74      636
  SINCE SEP 1    906                       949    -43      988
  SINCE JUL 1    908                       954    -46      991

 COOLING
  YESTERDAY        0                         0      0        0
  MONTH TO DATE    0                         0      0        0
  SINCE SEP 1    128                       101     27      148
  SINCE JAN 1    941                       969    -28     1133
..................................................................


WIND (MPH)
  HIGHEST WIND SPEED    23   HIGHEST WIND DIRECTION    NW (310)
  HIGHEST GUST SPEED    31   HIGHEST GUST DIRECTION     W (290)
  AVERAGE WIND SPEED     9.5


SKY COVER
  POSSIBLE SUNSHINE  MM
  AVERAGE SKY COVER 0.5


WEATHER CONDITIONS
 THE FOLLOWING WEATHER WAS RECORDED YESTERDAY.
  LIGHT SNOW
  FOG


RELATIVE HUMIDITY (PERCENT)
 HIGHEST    69           300 AM
 LOWEST     44           300 PM
 AVERAGE    57

..........................................................


THE HAGERSTOWN MD CLIMATE NORMALS FOR TODAY
                         NORMAL    RECORD    YEAR
 MAXIMUM TEMPERATURE (F)   47        MM        MM
 MINIMUM TEMPERATURE (F)   32        MM        MM


SUNRISE AND SUNSET
NOVEMBER 29 2014......SUNRISE   711 AM EST   SUNSET   448 PM EST
NOVEMBER 30 2014......SUNRISE   712 AM EST   SUNSET   447 PM EST


-  INDICATES NEGATIVE NUMBERS.
R  INDICATES RECORD WAS SET OR TIED.
MM INDICATES DATA IS MISSING.
T  INDICATES TRACE AMOUNT.




$$
