000
CDUS46 KPQR 251155
CLIHIO


CLIMATE REPORT
NATIONAL WEATHER SERVICE PORTLAND OREGON
454 AM PDT SAT MAR 25 2017


...................................

...THE HILLSBORO OR CLIMATE SUMMARY FOR MARCH 24 2017...

CLIMATE NORMAL PERIOD 1981 TO 2010
CLIMATE RECORD PERIOD 1929 TO 2017


WEATHER ITEM   OBSERVED TIME   RECORD YEAR NORMAL DEPARTURE LAST
                VALUE   (LST)  VALUE       VALUE  FROM      YEAR
                                                  NORMAL
..................................................................
TEMPERATURE (F)
 YESTERDAY
  MAXIMUM         54    317 PM  73    1960  57     -3       55
  MINIMUM         45   1159 PM  26    1942  38      7       42
  AVERAGE         50                        47      3       49

PRECIPITATION (IN)
  YESTERDAY        0.49          1.15 1976   0.13   0.36
  MONTH TO DATE    6.19                      2.89   3.30
  SINCE OCT 1     40.04                     29.75  10.29
  SINCE JAN 1     20.36                     13.36   7.00

SNOWFALL (IN)
  YESTERDAY       MM
  MONTH TO DATE    0.0
  SINCE MAR 1      0.0
  SINCE JUL 1      0.0
  SNOW DEPTH       0

DEGREE DAYS
 HEATING
  YESTERDAY       15                        18     -3
  MONTH TO DATE  437                       466    -29
  SINCE JUL 1   3966                      3993    -27

 COOLING
  YESTERDAY        0                         0      0
  MONTH TO DATE    0                         0      0
  SINCE JAN 1      0                         0      0
..................................................................


WIND (MPH)
  HIGHEST WIND SPEED    17   HIGHEST WIND DIRECTION    SW (210)
  HIGHEST GUST SPEED    23   HIGHEST GUST DIRECTION    SW (210)
  AVERAGE WIND SPEED     8.4


SKY COVER
  POSSIBLE SUNSHINE  MM
  AVERAGE SKY COVER 0.9


WEATHER CONDITIONS
 THE FOLLOWING WEATHER WAS RECORDED YESTERDAY.
  RAIN
  LIGHT RAIN
  FOG


RELATIVE HUMIDITY (PERCENT)
 HIGHEST    93          1200 AM
 LOWEST     80           800 PM
 AVERAGE    87

..........................................................


THE HILLSBORO OR CLIMATE NORMALS FOR TODAY
                         NORMAL    RECORD    YEAR
 MAXIMUM TEMPERATURE (F)   57        73      1997
 MINIMUM TEMPERATURE (F)   38        28      2008
                                             1936


SUNRISE AND SUNSET
MARCH 25 2017.........SUNRISE   705 AM PDT   SUNSET   731 PM PDT
MARCH 26 2017.........SUNRISE   703 AM PDT   SUNSET   733 PM PDT


-  INDICATES NEGATIVE NUMBERS.
R  INDICATES RECORD WAS SET OR TIED.
MM INDICATES DATA IS MISSING.
T  INDICATES TRACE AMOUNT.




$$
