000
CDUS46 KPQR 111144
CLIHIO


CLIMATE REPORT
NATIONAL WEATHER SERVICE PORTLAND OREGON
443 AM PDT FRI JUL 11 2014


...................................

...THE HILLSBORO OR CLIMATE SUMMARY FOR JULY 10 2014...

CLIMATE NORMAL PERIOD 1981 TO 2010
CLIMATE RECORD PERIOD 1929 TO 2014


WEATHER ITEM   OBSERVED TIME   RECORD YEAR NORMAL DEPARTURE LAST
                VALUE   (LST)  VALUE       VALUE  FROM      YEAR
                                                  NORMAL
..................................................................
TEMPERATURE (F)
 YESTERDAY
  MAXIMUM         86    545 PM 100    2007  79      7       81
  MINIMUM         48    509 AM  40    1960  51     -3       51
  AVERAGE         67                        65      2       66

PRECIPITATION (IN)
  YESTERDAY        0.00          0.65 1995   0.03  -0.03
  MONTH TO DATE    0.00                      0.30  -0.30
  SINCE OCT 1     24.26                     37.58 -13.32
  SINCE JAN 1     19.58                     21.19  -1.61

SNOWFALL (IN)
  YESTERDAY        0.0
  MONTH TO DATE    0.0
  SINCE JUN 1      0.0
  SINCE JUL 1      0.0
  SNOW DEPTH       0

DEGREE DAYS
 HEATING
  YESTERDAY        0                         2     -2
  MONTH TO DATE    0                        25    -25
  SINCE JUL 1      0                        25    -25

 COOLING
  YESTERDAY        2                         2      0
  MONTH TO DATE   56                        17     39
  SINCE JAN 1     68                        43     25
..................................................................


WIND (MPH)
  HIGHEST WIND SPEED    12   HIGHEST WIND DIRECTION    NW (320)
  HIGHEST GUST SPEED    15   HIGHEST GUST DIRECTION    NE (60)
  AVERAGE WIND SPEED     3.9


SKY COVER
  POSSIBLE SUNSHINE  MM
  AVERAGE SKY COVER 0.0


WEATHER CONDITIONS
 THE FOLLOWING WEATHER WAS RECORDED YESTERDAY.
  NO SIGNIFICANT WEATHER WAS OBSERVED.


RELATIVE HUMIDITY (PERCENT)
 HIGHEST    93           300 AM
 LOWEST     31           600 PM
 AVERAGE    62

..........................................................


THE HILLSBORO OR CLIMATE NORMALS FOR TODAY
                         NORMAL    RECORD    YEAR
 MAXIMUM TEMPERATURE (F)   79       102      1961
 MINIMUM TEMPERATURE (F)   51        40      2008


SUNRISE AND SUNSET
JULY 11 2014..........SUNRISE   534 AM PDT   SUNSET   900 PM PDT
JULY 12 2014..........SUNRISE   535 AM PDT   SUNSET   900 PM PDT


-  INDICATES NEGATIVE NUMBERS.
R  INDICATES RECORD WAS SET OR TIED.
MM INDICATES DATA IS MISSING.
T  INDICATES TRACE AMOUNT.




$$
