000
CDUS46 KHNX 300821
CLIHJO


CLIMATE REPORT
NATIONAL WEATHER SERVICE SAN JOAQUIN VALLEY, CA
120 AM PDT TUE JUN 30 2015


...................................

...THE HANFORD CA CLIMATE SUMMARY FOR JUNE 29 2015...

CLIMATE NORMAL PERIOD 1981 TO 2010
CLIMATE RECORD PERIOD 1998 TO 2015


WEATHER ITEM   OBSERVED TIME   RECORD YEAR NORMAL DEPARTURE
                VALUE   (LST)  VALUE       VALUE  FROM
                                                  NORMAL
...............................................................
TEMPERATURE (F)
 YESTERDAY
  MAXIMUM         98    416 PM 107    2013  94      4
  MINIMUM         71    543 AM  57    2005  61     10
  AVERAGE         85                        77      8

PRECIPITATION (IN)
  YESTERDAY        0.00          0.06 2011   0.00   0.00
  MONTH TO DATE    T                         0.15  -0.15
  SINCE OCT 1      5.04                      9.89  -4.85
  SINCE JAN 1      1.92                      6.76  -4.84

SNOWFALL (IN)
  YESTERDAY        0.0
  MONTH TO DATE    0.0
  SINCE JUN 1      0.0
  SINCE JUL 1      0.0
  SNOW DEPTH       0

DEGREE DAYS
 HEATING
  YESTERDAY        0
  MONTH TO DATE    0
  SINCE JUN 1      0
  SINCE JUL 1   1711

 COOLING
  YESTERDAY       20
  MONTH TO DATE  445
  SINCE JUN 1    445
  SINCE JAN 1    751
...............................................................


WIND (MPH)
  HIGHEST WIND SPEED    14   HIGHEST WIND DIRECTION    NW (310)
  HIGHEST GUST SPEED    17   HIGHEST GUST DIRECTION    NW (310)
  AVERAGE WIND SPEED     7.5




RELATIVE HUMIDITY (PERCENT)
 HIGHEST    61
 LOWEST     28
 AVERAGE    45

..........................................................


THE HANFORD CA CLIMATE NORMALS FOR TODAY
                         NORMAL    RECORD    YEAR
 MAXIMUM TEMPERATURE (F)   94       108      2013
 MINIMUM TEMPERATURE (F)   61        52      2011


SUNRISE AND SUNSET
JUNE 30 2015..........SUNRISE   544 AM PDT   SUNSET   820 PM PDT
JULY  1 2015..........SUNRISE   544 AM PDT   SUNSET   820 PM PDT


-  INDICATES NEGATIVE NUMBERS.
R  INDICATES RECORD WAS SET OR TIED.
MM INDICATES DATA IS MISSING.
T  INDICATES TRACE AMOUNT.




$$
