000
CDUS46 KHNX 240822
CLIHJO


CLIMATE REPORT
NATIONAL WEATHER SERVICE SAN JOAQUIN VALLEY, CA
121 AM PDT FRI OCT 24 2014


...................................

...THE HANFORD CA CLIMATE SUMMARY FOR OCTOBER 23 2014...

CLIMATE NORMAL PERIOD 1981 TO 2010
CLIMATE RECORD PERIOD 1998 TO 2014


WEATHER ITEM   OBSERVED TIME   RECORD YEAR NORMAL DEPARTURE
                VALUE   (LST)  VALUE       VALUE  FROM
                                                  NORMAL
...............................................................
TEMPERATURE (F)
 YESTERDAY
  MAXIMUM         79    347 PM  87    2008  76      3
  MINIMUM         47    640 AM  40    2012  46      1
  AVERAGE         63                        61      2

PRECIPITATION (IN)
  YESTERDAY        0.00          0.00   MM   0.01  -0.01
  MONTH TO DATE    T                         0.26  -0.26
  SINCE JUL 1      0.01                      0.47  -0.46
  SINCE JAN 1      2.44                      7.23  -4.79

SNOWFALL (IN)
  YESTERDAY        0.0
  MONTH TO DATE    0.0
  SINCE SEP 1      0.0
  SINCE JUL 1      0.0
  SNOW DEPTH       0

DEGREE DAYS
 HEATING
  YESTERDAY        2
  MONTH TO DATE    6
  SINCE SEP 1      6
  SINCE JUL 1      6

 COOLING
  YESTERDAY        0
  MONTH TO DATE  125
  SINCE SEP 1    514
  SINCE JAN 1   2271
...............................................................


WIND (MPH)
  HIGHEST WIND SPEED     8   HIGHEST WIND DIRECTION    NW (320)
  HIGHEST GUST SPEED    10   HIGHEST GUST DIRECTION    NW (320)
  AVERAGE WIND SPEED     1.4




RELATIVE HUMIDITY (PERCENT)
 HIGHEST    86
 LOWEST     28
 AVERAGE    57

..........................................................


THE HANFORD CA CLIMATE NORMALS FOR TODAY
                         NORMAL    RECORD    YEAR
 MAXIMUM TEMPERATURE (F)   76        90      2007
 MINIMUM TEMPERATURE (F)   46        41      2012


SUNRISE AND SUNSET
OCTOBER 24 2014.......SUNRISE   714 AM PDT   SUNSET   611 PM PDT
OCTOBER 25 2014.......SUNRISE   715 AM PDT   SUNSET   610 PM PDT


-  INDICATES NEGATIVE NUMBERS.
R  INDICATES RECORD WAS SET OR TIED.
MM INDICATES DATA IS MISSING.
T  INDICATES TRACE AMOUNT.




$$
