461
CDUS46 KHNX 230025
CLIHJO


CLIMATE REPORT
NATIONAL WEATHER SERVICE SAN JOAQUIN VALLEY, CA
424 PM PST WED FEB 22 2017


...................................

...THE HANFORD CA CLIMATE SUMMARY FOR FEBRUARY 22 2017...
VALID AS OF 0400 PM LOCAL TIME.

CLIMATE NORMAL PERIOD 1981 TO 2010
CLIMATE RECORD PERIOD 1998 TO 2017


WEATHER ITEM   OBSERVED TIME   RECORD YEAR NORMAL DEPARTURE LAST
                VALUE   (LST)  VALUE       VALUE  FROM      YEAR
                                                  NORMAL
..................................................................
TEMPERATURE (F)
 TODAY
  MAXIMUM         58    236 PM  77    2002  64     -6       66
  MINIMUM         46    227 AM  29    2006  40      6       40
  AVERAGE         52                        52      0       53

PRECIPITATION (IN)
  TODAY            0.00          0.72 2004   0.07  -0.07     0.00
  MONTH TO DATE    2.86                      1.33   1.53     0.01
  SINCE OCT 1      9.10                      6.50   2.60     5.48
  SINCE JAN 1      6.23                      3.37   2.86     2.88

SNOWFALL (IN)
  TODAY            0.0
  MONTH TO DATE    0.0
  SINCE DEC 1      0.0
  SINCE JUL 1      0.0
  SNOW DEPTH       0

DEGREE DAYS
 HEATING
  TODAY           13                                        12
  MONTH TO DATE  204                                       277
  SINCE DEC 1   1302                                      1389
  SINCE JUL 1   1608                                      1839

 COOLING
  TODAY            0                                         0
  MONTH TO DATE    0                                         0
  SINCE DEC 1      0                                         0
  SINCE JAN 1      0                                         0
..................................................................


WIND (MPH)
  HIGHEST WIND SPEED    24   HIGHEST WIND DIRECTION    NW (330)
  HIGHEST GUST SPEED    29   HIGHEST GUST DIRECTION    NW (330)
  AVERAGE WIND SPEED    11.5




RELATIVE HUMIDITY (PERCENT)
 HIGHEST   100
 LOWEST     43
 AVERAGE    72

..........................................................


THE HANFORD CA CLIMATE NORMALS FOR TOMORROW
                         NORMAL    RECORD    YEAR
 MAXIMUM TEMPERATURE (F)   64        76      2014
 MINIMUM TEMPERATURE (F)   40        31      2006


SUNRISE AND SUNSET
FEBRUARY 22 2017......SUNRISE   637 AM PST   SUNSET   547 PM PST
FEBRUARY 23 2017......SUNRISE   636 AM PST   SUNSET   548 PM PST


-  INDICATES NEGATIVE NUMBERS.
R  INDICATES RECORD WAS SET OR TIED.
MM INDICATES DATA IS MISSING.
T  INDICATES TRACE AMOUNT.




$$
