000
CDUS46 KHNX 260821
CLIHJO


CLIMATE REPORT
NATIONAL WEATHER SERVICE SAN JOAQUIN VALLEY, CA
1221 AM PST WED NOV 26 2014


...................................

...THE HANFORD CA CLIMATE SUMMARY FOR NOVEMBER 25 2014...

CLIMATE NORMAL PERIOD 1981 TO 2010
CLIMATE RECORD PERIOD 1998 TO 2014


WEATHER ITEM   OBSERVED TIME   RECORD YEAR NORMAL DEPARTURE
                VALUE   (LST)  VALUE       VALUE  FROM
                                                  NORMAL
...............................................................
TEMPERATURE (F)
 YESTERDAY
  MAXIMUM         66    326 PM  69    2005  60      6
  MINIMUM         35    454 AM  26    2003  37     -2
  AVERAGE         51                        48      3

PRECIPITATION (IN)
  YESTERDAY        0.00          T    2005   0.02  -0.02
  MONTH TO DATE    0.22                      0.91  -0.69
  SINCE JUL 1      0.81                      1.62  -0.81
  SINCE JAN 1      3.24                      8.38  -5.14

SNOWFALL (IN)
  YESTERDAY        0.0
  MONTH TO DATE    0.0
  SINCE SEP 1      0.0
  SINCE JUL 1      0.0
  SNOW DEPTH       0

DEGREE DAYS
 HEATING
  YESTERDAY       14
  MONTH TO DATE  232
  SINCE SEP 1    257
  SINCE JUL 1    257

 COOLING
  YESTERDAY        0
  MONTH TO DATE    0
  SINCE SEP 1    517
  SINCE JAN 1   2274
...............................................................


WIND (MPH)
  HIGHEST WIND SPEED     6   HIGHEST WIND DIRECTION     N (340)
  HIGHEST GUST SPEED     7   HIGHEST GUST DIRECTION     N (10)
  AVERAGE WIND SPEED     0.8




RELATIVE HUMIDITY (PERCENT)
 HIGHEST   100
 LOWEST     48
 AVERAGE    74

..........................................................


THE HANFORD CA CLIMATE NORMALS FOR TODAY
                         NORMAL    RECORD    YEAR
 MAXIMUM TEMPERATURE (F)   60        72      2009
 MINIMUM TEMPERATURE (F)   36        26      2010
                                             2003


SUNRISE AND SUNSET
NOVEMBER 26 2014......SUNRISE   647 AM PST   SUNSET   445 PM PST
NOVEMBER 27 2014......SUNRISE   648 AM PST   SUNSET   444 PM PST


-  INDICATES NEGATIVE NUMBERS.
R  INDICATES RECORD WAS SET OR TIED.
MM INDICATES DATA IS MISSING.
T  INDICATES TRACE AMOUNT.




$$
