000
CDUS46 KHNX 210022
CLIHJO


CLIMATE REPORT
NATIONAL WEATHER SERVICE SAN JOAQUIN VALLEY, CA
421 PM PST SAT DEC 20 2014


...................................

...THE HANFORD CA CLIMATE SUMMARY FOR DECEMBER 20 2014...
VALID AS OF 0400 PM LOCAL TIME.

CLIMATE NORMAL PERIOD 1981 TO 2010
CLIMATE RECORD PERIOD 1998 TO 2014


WEATHER ITEM   OBSERVED TIME   RECORD YEAR NORMAL DEPARTURE LAST
                VALUE   (LST)  VALUE       VALUE  FROM      YEAR
                                                  NORMAL
..................................................................
TEMPERATURE (F)
 TODAY
  MAXIMUM         63    218 PM  68    2005  53     10       54
  MINIMUM         49    807 AM  23    2012  35     14       30
  AVERAGE         56                        44     12       42

PRECIPITATION (IN)
  TODAY            T             0.73 2010   0.07  -0.07     0.00
  MONTH TO DATE    2.30                      0.75   1.55     0.12
  SINCE JUL 1      3.11                      2.46   0.65     0.39
  SINCE JAN 1      5.54                      9.22  -3.68     1.99

SNOWFALL (IN)
  TODAY            0.0
  MONTH TO DATE    0.0
  SINCE DEC 1      0.0
  SINCE JUL 1      0.0
  SNOW DEPTH       0

DEGREE DAYS
 HEATING
  TODAY            9                                        23
  MONTH TO DATE  225                                       442
  SINCE DEC 1    225                                       442
  SINCE JUL 1    536                                       822

 COOLING
  TODAY            0                                         0
  MONTH TO DATE    0                                         0
  SINCE DEC 1      0                                         0
  SINCE JAN 1   2274                                      2057
..................................................................


WIND (MPH)
  HIGHEST WIND SPEED     8   HIGHEST WIND DIRECTION    SE (120)
  HIGHEST GUST SPEED     9   HIGHEST GUST DIRECTION    NW (310)
  AVERAGE WIND SPEED     4.0




RELATIVE HUMIDITY (PERCENT)
 HIGHEST    93
 LOWEST     60
 AVERAGE    77

..........................................................


THE HANFORD CA CLIMATE NORMALS FOR TOMORROW
                         NORMAL    RECORD    YEAR
 MAXIMUM TEMPERATURE (F)   53        66      2000
 MINIMUM TEMPERATURE (F)   35        24      1998


SUNRISE AND SUNSET
DECEMBER 20 2014......SUNRISE   706 AM PST   SUNSET   447 PM PST
DECEMBER 21 2014......SUNRISE   706 AM PST   SUNSET   447 PM PST


-  INDICATES NEGATIVE NUMBERS.
R  INDICATES RECORD WAS SET OR TIED.
MM INDICATES DATA IS MISSING.
T  INDICATES TRACE AMOUNT.




$$
