574
CDUS46 KHNX 200823
CLIHJO


CLIMATE REPORT
NATIONAL WEATHER SERVICE SAN JOAQUIN VALLEY, CA
122 AM PDT FRI OCT 20 2017


...................................

...THE HANFORD CA CLIMATE SUMMARY FOR OCTOBER 19 2017...

CLIMATE NORMAL PERIOD 1981 TO 2010
CLIMATE RECORD PERIOD 1998 TO 2017


WEATHER ITEM   OBSERVED TIME   RECORD YEAR NORMAL DEPARTURE
                VALUE   (LST)  VALUE       VALUE  FROM
                                                  NORMAL
...............................................................
TEMPERATURE (F)
 YESTERDAY
  MAXIMUM         83    252 PM  86    2013  78      5
  MINIMUM         44    641 AM  39    2006  47     -3
  AVERAGE         64                        62      2

PRECIPITATION (IN)
  YESTERDAY        0.00          0.73 2004   0.01  -0.01
  MONTH TO DATE    0.00                      0.19  -0.19
  SINCE OCT 1      0.00                      0.19  -0.19
  SINCE JAN 1      8.34                      7.16   1.18

SNOWFALL (IN)
  YESTERDAY        0.0
  MONTH TO DATE    0.0
  SINCE SEP 1      0.0
  SINCE JUL 1      0.0
  SNOW DEPTH       0

DEGREE DAYS
 HEATING
  YESTERDAY        1
  MONTH TO DATE   43
  SINCE SEP 1     50
  SINCE JUL 1     50

 COOLING
  YESTERDAY        0
  MONTH TO DATE   13
  SINCE SEP 1    337
  SINCE JAN 1   2154
...............................................................


WIND (MPH)
  HIGHEST WIND SPEED    18   HIGHEST WIND DIRECTION    NW (330)
  HIGHEST GUST SPEED    24   HIGHEST GUST DIRECTION    NW (320)
  AVERAGE WIND SPEED     4.8




RELATIVE HUMIDITY (PERCENT)
 HIGHEST    89
 LOWEST     18
 AVERAGE    54

..........................................................


THE HANFORD CA CLIMATE NORMALS FOR TODAY
                         NORMAL    RECORD    YEAR
 MAXIMUM TEMPERATURE (F)   78        88      2003
 MINIMUM TEMPERATURE (F)   47        41      2006


SUNRISE AND SUNSET
OCTOBER 20 2017.......SUNRISE   710 AM PDT   SUNSET   616 PM PDT
OCTOBER 21 2017.......SUNRISE   711 AM PDT   SUNSET   614 PM PDT


-  INDICATES NEGATIVE NUMBERS.
R  INDICATES RECORD WAS SET OR TIED.
MM INDICATES DATA IS MISSING.
T  INDICATES TRACE AMOUNT.




$$
