840
CDUS46 KHNX 070823
CLIHJO


CLIMATE REPORT
NATIONAL WEATHER SERVICE SAN JOAQUIN VALLEY, CA
1223 AM PST WED DEC 7 2016


...................................

...THE HANFORD CA CLIMATE SUMMARY FOR DECEMBER 6 2016...

CLIMATE NORMAL PERIOD 1981 TO 2010
CLIMATE RECORD PERIOD 1998 TO 2016


WEATHER ITEM   OBSERVED TIME   RECORD YEAR NORMAL DEPARTURE
                VALUE   (LST)  VALUE       VALUE  FROM
                                                  NORMAL
...............................................................
TEMPERATURE (F)
 YESTERDAY
  MAXIMUM         52    340 PM  70    2014  56     -4
  MINIMUM         33   1117 PM  21    2013  35     -2
  AVERAGE         43                        46     -3

PRECIPITATION (IN)
  YESTERDAY        0.00          0.28 2007   0.02  -0.02
  MONTH TO DATE    0.00                      0.13  -0.13
  SINCE OCT 1      1.00                      1.63  -0.63
  SINCE JAN 1      6.66                      8.60  -1.94

SNOWFALL (IN)
  YESTERDAY        0.0
  MONTH TO DATE    0.0
  SINCE DEC 1      0.0
  SINCE JUL 1      0.0
  SNOW DEPTH       0

DEGREE DAYS
 HEATING
  YESTERDAY       22
  MONTH TO DATE  122
  SINCE DEC 1    122
  SINCE JUL 1    428

 COOLING
  YESTERDAY        0
  MONTH TO DATE    0
  SINCE DEC 1      0
  SINCE JAN 1   1966
...............................................................


WIND (MPH)
  HIGHEST WIND SPEED     9   HIGHEST WIND DIRECTION    NW (330)
  HIGHEST GUST SPEED    11   HIGHEST GUST DIRECTION    NW (320)
  AVERAGE WIND SPEED     2.4




RELATIVE HUMIDITY (PERCENT)
 HIGHEST   100
 LOWEST     83
 AVERAGE    92

..........................................................


THE HANFORD CA CLIMATE NORMALS FOR TODAY
                         NORMAL    RECORD    YEAR
 MAXIMUM TEMPERATURE (F)   56        66      2014
                                             2006
 MINIMUM TEMPERATURE (F)   35        23      2011


SUNRISE AND SUNSET
DECEMBER  7 2016......SUNRISE   657 AM PST   SUNSET   443 PM PST
DECEMBER  8 2016......SUNRISE   658 AM PST   SUNSET   443 PM PST


-  INDICATES NEGATIVE NUMBERS.
R  INDICATES RECORD WAS SET OR TIED.
MM INDICATES DATA IS MISSING.
T  INDICATES TRACE AMOUNT.




$$
