110
CDUS46 KHNX 280824
CLIHJO


CLIMATE REPORT
NATIONAL WEATHER SERVICE SAN JOAQUIN VALLEY, CA
124 AM PDT TUE MAR 28 2017


...................................

...THE HANFORD CA CLIMATE SUMMARY FOR MARCH 27 2017...

CLIMATE NORMAL PERIOD 1981 TO 2010
CLIMATE RECORD PERIOD 1998 TO 2017


WEATHER ITEM   OBSERVED TIME   RECORD YEAR NORMAL DEPARTURE
                VALUE   (LST)  VALUE       VALUE  FROM
                                                  NORMAL
...............................................................
TEMPERATURE (F)
 YESTERDAY
  MAXIMUM         67    209 PM  94    2015  70     -3
  MINIMUM         48   1111 PM  34    2010  44      4
  AVERAGE         58                        57      1

PRECIPITATION (IN)
  YESTERDAY        0.04          0.55 2006   0.04   0.00
  MONTH TO DATE    0.52                      1.47  -0.95
  SINCE OCT 1      9.62                      8.37   1.25
  SINCE JAN 1      6.75                      5.24   1.51

SNOWFALL (IN)
  YESTERDAY       MM
  MONTH TO DATE    0.0
  SINCE MAR 1      0.0
  SINCE JUL 1      0.0
  SNOW DEPTH       0

DEGREE DAYS
 HEATING
  YESTERDAY        7
  MONTH TO DATE  215
  SINCE MAR 1    215
  SINCE JUL 1   1942

 COOLING
  YESTERDAY        0
  MONTH TO DATE    8
  SINCE MAR 1      8
  SINCE JAN 1      8
...............................................................


WIND (MPH)
  HIGHEST WIND SPEED    25   HIGHEST WIND DIRECTION    NW (320)
  HIGHEST GUST SPEED    33   HIGHEST GUST DIRECTION    NW (320)
  AVERAGE WIND SPEED    12.3




RELATIVE HUMIDITY (PERCENT)
 HIGHEST   100
 LOWEST     42
 AVERAGE    71

..........................................................


THE HANFORD CA CLIMATE NORMALS FOR TODAY
                         NORMAL    RECORD    YEAR
 MAXIMUM TEMPERATURE (F)   70        86      2015
 MINIMUM TEMPERATURE (F)   44        34      2008


SUNRISE AND SUNSET
MARCH 28 2017.........SUNRISE   650 AM PDT   SUNSET   717 PM PDT
MARCH 29 2017.........SUNRISE   649 AM PDT   SUNSET   718 PM PDT


-  INDICATES NEGATIVE NUMBERS.
R  INDICATES RECORD WAS SET OR TIED.
MM INDICATES DATA IS MISSING.
T  INDICATES TRACE AMOUNT.




$$
