128
CDUS43 KGLD 220747 RRA
CLIHLC

CLIMATE REPORT
NATIONAL WEATHER SERVICE GOODLAND
1244 AM MST SUN JAN 22 2017

...................................

...THE HILL CITY KS CLIMATE SUMMARY FOR JANUARY 21 2017...

CLIMATE NORMAL PERIOD 1981 TO 2010
CLIMATE RECORD PERIOD 1896 TO 2017

WEATHER ITEM   OBSERVED TIME   RECORD YEAR NORMAL DEPARTURE LAST
                VALUE   (LST)  VALUE       VALUE  FROM      YEAR
                                                  NORMAL
..................................................................
TEMPERATURE (F)
 YESTERDAY
  MAXIMUM         55    232 PM  76    1986  42     13       31
  MINIMUM         28    818 AM -16    1966  17     11       19
  AVERAGE         42                        29     13       25

PRECIPITATION (IN)
  YESTERDAY        0.00                      0.01  -0.01     0.01
  MONTH TO DATE    1.06                      0.23   0.83     0.28
  SINCE DEC 1      1.48                      0.92   0.56     2.14
  SINCE JAN 1      1.06                      0.23   0.83     0.28

..................................................................

THE HILL CITY KS CLIMATE NORMALS FOR TODAY
                         NORMAL    RECORD    YEAR
 MAXIMUM TEMPERATURE (F)   42        81      1943
 MINIMUM TEMPERATURE (F)   17       -17      1966

-  INDICATES NEGATIVE NUMBERS.
R  INDICATES RECORD WAS SET OR TIED.
MM INDICATES DATA IS MISSING.
T  INDICATES TRACE AMOUNT.

$$
