000
CDUS43 KGLD 280041
CLIHLC

CLIMATE REPORT
NATIONAL WEATHER SERVICE GOODLAND
538 PM MST SAT DEC 27 2014

...................................

...THE HILL CITY KS CLIMATE SUMMARY FOR DECEMBER 27 2014...
VALID TODAY AS OF 0500 PM LOCAL TIME.

CLIMATE NORMAL PERIOD 1981 TO 2010
CLIMATE RECORD PERIOD 1896 TO 2014

WEATHER ITEM   OBSERVED TIME   RECORD YEAR NORMAL DEPARTURE LAST
                VALUE   (LST)  VALUE       VALUE  FROM      YEAR
                                                  NORMAL
..................................................................
TEMPERATURE (F)
 TODAY
  MAXIMUM         28    436 PM  75    1928  41    -13       65
  MINIMUM          7    631 AM -10    1924  16     -9       20
  AVERAGE         18                        29    -11       43

PRECIPITATION (IN)
  TODAY            0.00                      0.01  -0.01     0.00
  MONTH TO DATE    0.29                      0.63  -0.34     0.06
  SINCE DEC 1      0.29                      0.63  -0.34     0.06
  SINCE JAN 1     21.74                     22.86  -1.12    17.62

..................................................................

THE HILL CITY KS CLIMATE NORMALS FOR TOMORROW
                         NORMAL    RECORD    YEAR
 MAXIMUM TEMPERATURE (F)   41        67      2002
                                             1999
 MINIMUM TEMPERATURE (F)   16       -13      1924

-  INDICATES NEGATIVE NUMBERS.
R  INDICATES RECORD WAS SET OR TIED.
MM INDICATES DATA IS MISSING.
T  INDICATES TRACE AMOUNT.

$$
