000
CDUS43 KGLD 280748
CLIHLC

CLIMATE REPORT
NATIONAL WEATHER SERVICE GOODLAND
145 AM MDT THU MAY 28 2015

...................................

...THE HILL CITY KS CLIMATE SUMMARY FOR MAY 27 2015...

CLIMATE NORMAL PERIOD 1981 TO 2010
CLIMATE RECORD PERIOD 1896 TO 2015

WEATHER ITEM   OBSERVED TIME   RECORD YEAR NORMAL DEPARTURE LAST
                VALUE   (LST)  VALUE       VALUE  FROM      YEAR
                                                  NORMAL
..................................................................
TEMPERATURE (F)
 YESTERDAY
  MAXIMUM         77    216 PM  99    2006  79     -2       88
  MINIMUM         49    342 AM  28    1907  54     -5       56
  AVERAGE         63                        66     -3       72

PRECIPITATION (IN)
  YESTERDAY        0.05                      0.12  -0.07     0.00
  MONTH TO DATE    3.22                      3.26  -0.04     0.91
  SINCE MAR 1      6.83                      7.01  -0.18     4.48
  SINCE JAN 1      7.25                      7.98  -0.73     4.94

..................................................................

THE HILL CITY KS CLIMATE NORMALS FOR TODAY
                         NORMAL    RECORD    YEAR
 MAXIMUM TEMPERATURE (F)   79       101      2006
 MINIMUM TEMPERATURE (F)   54        32      1947

-  INDICATES NEGATIVE NUMBERS.
R  INDICATES RECORD WAS SET OR TIED.
MM INDICATES DATA IS MISSING.
T  INDICATES TRACE AMOUNT.

$$
