000
CDUS43 KGLD 190043
CLIHLC

CLIMATE REPORT
NATIONAL WEATHER SERVICE GOODLAND
639 PM MDT FRI APR 18 2014

...................................

...THE HILL CITY KS CLIMATE SUMMARY FOR APRIL 18 2014...
VALID TODAY AS OF 0600 PM LOCAL TIME.

CLIMATE NORMAL PERIOD 1981 TO 2010
CLIMATE RECORD PERIOD 1896 TO 2014

WEATHER ITEM   OBSERVED TIME   RECORD YEAR NORMAL DEPARTURE LAST
                VALUE   (LST)  VALUE       VALUE  FROM      YEAR
                                                  NORMAL
..................................................................
TEMPERATURE (F)
 TODAY
  MAXIMUM         75    441 PM  97    1948  66      9       38
  MINIMUM         36    619 AM  21    1953  39     -3       27
  AVERAGE         56                        52      4       33

PRECIPITATION (IN)
  TODAY            0.00                      0.07  -0.07     0.02
  MONTH TO DATE    0.35                      1.11  -0.76     0.15
  SINCE MAR 1      0.54                      2.74  -2.20     0.94
  SINCE JAN 1      1.00                      3.71  -2.71     2.13

..................................................................

THE HILL CITY KS CLIMATE NORMALS FOR TOMORROW
                         NORMAL    RECORD    YEAR
 MAXIMUM TEMPERATURE (F)   67        94      1946
 MINIMUM TEMPERATURE (F)   39        23      1953

-  INDICATES NEGATIVE NUMBERS.
R  INDICATES RECORD WAS SET OR TIED.
MM INDICATES DATA IS MISSING.
T  INDICATES TRACE AMOUNT.

$$
