000
CDUS41 KPBZ 200801
CLIHLG


CLIMATE REPORT
NATIONAL WEATHER SERVICE PITTSBURGH PA
301 AM EST MON NOV 20 2017


...................................

...THE WHEELING CLIMATE SUMMARY FOR NOVEMBER 19 2017...

CLIMATE NORMAL PERIOD 1981 TO 2010
CLIMATE RECORD PERIOD 1878 TO 2017


WEATHER ITEM   OBSERVED TIME   RECORD YEAR NORMAL DEPARTURE LAST
                VALUE   (LST)  VALUE       VALUE  FROM      YEAR
                                                  NORMAL
..................................................................
TEMPERATURE (F)
 YESTERDAY
  MAXIMUM         44   1203 AM  72    1941  50     -6       61
                                      1931
                                      1921
  MINIMUM         31   1159 PM  14    2014  35     -4       30
                                      1936
  AVERAGE         38                        42     -4       46

PRECIPITATION (IN)
  YESTERDAY        0.05          2.13 1881   0.12  -0.07     0.23
  MONTH TO DATE    4.36                      2.00   2.36     0.66
  SINCE JAN 1     43.73                     34.32   9.41    33.01

DEGREE DAYS
 HEATING
  YESTERDAY       27                        23      4       19
  MONTH TO DATE  417                       377     40      282
  SINCE SEP 1    743                       840    -97      529
  SINCE JUL 1    750                       851   -101      531

 COOLING
  YESTERDAY        0                                         0
  MONTH TO DATE    0                                         6
  SINCE SEP 1    129                                       213
  SINCE JAN 1    757                                      1209
..................................................................


WIND (MPH)
  HIGHEST WIND SPEED    29   HIGHEST WIND DIRECTION     W (280)
  HIGHEST GUST SPEED    40   HIGHEST GUST DIRECTION     W (280)
  AVERAGE WIND SPEED    14.0


SKY COVER
  POSSIBLE SUNSHINE  MM
  AVERAGE SKY COVER 1.0


WEATHER CONDITIONS
 THE FOLLOWING WEATHER WAS RECORDED YESTERDAY.
  LIGHT RAIN
  LIGHT SNOW
  FOG


RELATIVE HUMIDITY (PERCENT)
 HIGHEST    92           200 AM
 LOWEST     63          1000 PM
 AVERAGE    78

..........................................................


THE WHEELING CLIMATE NORMALS FOR TODAY
                         NORMAL    RECORD    YEAR
 MAXIMUM TEMPERATURE (F)   49        77      1931
 MINIMUM TEMPERATURE (F)   34        13      1903


SUNRISE AND SUNSET
NOVEMBER 20 2017......SUNRISE   714 AM EST   SUNSET   502 PM EST
NOVEMBER 21 2017......SUNRISE   715 AM EST   SUNSET   501 PM EST


-  INDICATES NEGATIVE NUMBERS.
R  INDICATES RECORD WAS SET OR TIED.
MM INDICATES DATA IS MISSING.
T  INDICATES TRACE AMOUNT.




$$
