501
CDUS45 KTFX 290751
CLIHLN


CLIMATE REPORT
NATIONAL WEATHER SERVICE GREAT FALLS MT
151 AM MDT FRI APR 29 2016


...................................

...THE HELENA MT CLIMATE SUMMARY FOR APRIL 28 2016...

CLIMATE NORMAL PERIOD 1981 TO 2010
CLIMATE RECORD PERIOD 1866 TO 2016


WEATHER ITEM   OBSERVED TIME   RECORD YEAR NORMAL DEPARTURE LAST
                VALUE   (LST)  VALUE       VALUE  FROM      YEAR
                                                  NORMAL
..................................................................
TEMPERATURE (F)
 YESTERDAY
  MAXIMUM         48    505 PM  82    1939  62    -14       76
  MINIMUM         35    621 AM  10    1907  35      0       34
  AVERAGE         42                        48     -6       55

PRECIPITATION (IN)
  YESTERDAY        0.02          0.62 1967   0.04  -0.02     0.00
  MONTH TO DATE    1.00                      0.90   0.10     0.53
  SINCE OCT 1      3.36                      3.72  -0.36     3.98
  SINCE JAN 1      1.66                      2.15  -0.49     1.70

SNOWFALL (IN)
  YESTERDAY        T             8.0  1967   0.1   -0.1      0.0
  MONTH TO DATE    T                         3.5   -3.5       T
  SINCE MAR 1      T                         9.7   -9.7       T
  SINCE JUL 1     14.8                      37.0  -22.2     24.3
  SNOW DEPTH       0

DEGREE DAYS
 HEATING
  YESTERDAY       23                        17      6       10
  MONTH TO DATE  414                       570   -156      550
  SINCE MAR 1   1173                      1461   -288     1171
  SINCE JUL 1   6113                      7022   -909     6179

 COOLING
  YESTERDAY        0                         0      0        0
  MONTH TO DATE    0                         0      0        0
  SINCE MAR 1      0                         0      0        0
  SINCE JAN 1      0                         0      0        0
..................................................................


WIND (MPH)
  HIGHEST WIND SPEED    20   HIGHEST WIND DIRECTION     N (20)
  HIGHEST GUST SPEED    24   HIGHEST GUST DIRECTION     N (20)
  AVERAGE WIND SPEED     8.6


SKY COVER
  AVERAGE SKY COVER 0.9


WEATHER CONDITIONS
 THE FOLLOWING WEATHER WAS RECORDED YESTERDAY.
  LIGHT RAIN
  LIGHT SNOW
  FOG


RELATIVE HUMIDITY (PERCENT)
 HIGHEST    89           700 AM
 LOWEST     53           300 PM
 AVERAGE    71

..........................................................


THE HELENA MT CLIMATE NORMALS FOR TODAY
                         NORMAL    RECORD    YEAR
 MAXIMUM TEMPERATURE (F)   62        86      1992
 MINIMUM TEMPERATURE (F)   36        14      1954


SUNRISE AND SUNSET
APRIL 29 2016.........SUNRISE   616 AM MDT   SUNSET   836 PM MDT
APRIL 30 2016.........SUNRISE   614 AM MDT   SUNSET   837 PM MDT


-  INDICATES NEGATIVE NUMBERS.
R  INDICATES RECORD WAS SET OR TIED.
MM INDICATES DATA IS MISSING.
T  INDICATES TRACE AMOUNT.




$$
