000
CDUS45 KTFX 272218
CLIHLN


CLIMATE REPORT
NATIONAL WEATHER SERVICE GREAT FALLS MT
416 PM MDT FRI MAR 27 2015


...................................

...THE HELENA MT CLIMATE SUMMARY FOR MARCH 27 2015...
VALID TODAY AS OF 0400 PM LOCAL TIME.

CLIMATE NORMAL PERIOD 1981 TO 2010
CLIMATE RECORD PERIOD 1866 TO 2015


WEATHER ITEM   OBSERVED TIME   RECORD YEAR NORMAL DEPARTURE LAST
                VALUE   (LST)  VALUE       VALUE  FROM      YEAR
                                                  NORMAL
..................................................................
TEMPERATURE (F)
 TODAY
  MAXIMUM         72    259 PM  75    1986  52     20       41
  MINIMUM         41    616 AM -11    1955  28     13       26
  AVERAGE         57                        40     17       34

PRECIPITATION (IN)
  TODAY            0.00          0.56 1979   0.02  -0.02     0.02
  MONTH TO DATE    0.15                      0.49  -0.34     0.69
  SINCE OCT 1      3.45                      2.72   0.73     4.22
  SINCE JAN 1      1.17                      1.15   0.02     3.22

SNOWFALL (IN)
  TODAY            0.0           5.7  1979   0.2   -0.2       T
  MONTH TO DATE    T                         5.4   -5.4      3.6
  SINCE MAR 1      T                         5.4   -5.4      3.6
  SINCE JUL 1     24.3                      32.7   -8.4     41.6
  SNOW DEPTH       0

DEGREE DAYS
 HEATING
  TODAY            8                        25    -17       31
  MONTH TO DATE  575                       793   -218      828
  SINCE MAR 1    575                       793   -218      828
  SINCE JUL 1   5583                      6354   -771     6344

 COOLING
  TODAY            0                         0      0        0
  MONTH TO DATE    0                         0      0        0
  SINCE MAR 1      0                         0      0        0
  SINCE JAN 1      0                         0      0        0
..................................................................


WIND (MPH)
  HIGHEST WIND SPEED    10   HIGHEST WIND DIRECTION     W (260)
  HIGHEST GUST SPEED    16   HIGHEST GUST DIRECTION     W (260)
  AVERAGE WIND SPEED     3.9


SKY COVER
  AVERAGE SKY COVER 0.0


WEATHER CONDITIONS
 THE FOLLOWING WEATHER WAS RECORDED TODAY.
  NO SIGNIFICANT WEATHER WAS OBSERVED.


RELATIVE HUMIDITY (PERCENT)
 HIGHEST    70           500 AM
 LOWEST     28           300 PM
 AVERAGE    49

..........................................................


THE HELENA MT CLIMATE NORMALS FOR TOMORROW
                         NORMAL    RECORD    YEAR
 MAXIMUM TEMPERATURE (F)   52        73      1986
 MINIMUM TEMPERATURE (F)   28        -3      1954


SUNRISE AND SUNSET
MARCH 27 2015.........SUNRISE   718 AM MDT   SUNSET   750 PM MDT
MARCH 28 2015.........SUNRISE   716 AM MDT   SUNSET   751 PM MDT


-  INDICATES NEGATIVE NUMBERS.
R  INDICATES RECORD WAS SET OR TIED.
MM INDICATES DATA IS MISSING.
T  INDICATES TRACE AMOUNT.




$$
