000
CDUS45 KTFX 311014
CLIHLN


CLIMATE REPORT
NATIONAL WEATHER SERVICE GREAT FALLS MT
411 AM MDT WED AUG 31 2016


...................................

...THE HELENA MT CLIMATE SUMMARY FOR AUGUST 30 2016...

CLIMATE NORMAL PERIOD 1981 TO 2010
CLIMATE RECORD PERIOD 1866 TO 2016


WEATHER ITEM   OBSERVED TIME   RECORD YEAR NORMAL DEPARTURE LAST
                VALUE   (LST)  VALUE       VALUE  FROM      YEAR
                                                  NORMAL
..................................................................
TEMPERATURE (F)
 YESTERDAY
  MAXIMUM         87    840 PM  96    1999  80      7       80
  MINIMUM         57    500 AM  34    1993  49      8       53
                                      1910
                                      1880
  AVERAGE         72                        64      8       67

PRECIPITATION (IN)
  YESTERDAY        0.00          1.13 1881   0.04  -0.04     0.01
  MONTH TO DATE    0.92                      1.16  -0.24     0.28
  SINCE OCT 1      7.90                     10.08  -2.18     8.40
  SINCE JAN 1      6.20                      8.51  -2.31     6.12

SNOWFALL (IN)
  YESTERDAY        0.0           T    1989   0.0    0.0      0.0
                                      1995
  MONTH TO DATE    0.0                       0.3   -0.3      0.0
  SINCE JUN 1      T                         0.3   -0.3      0.0
  SINCE JUL 1      0.0                       0.3   -0.3      0.0
  SNOW DEPTH       0

DEGREE DAYS
 HEATING
  YESTERDAY        0                         3     -3        0
  MONTH TO DATE   26                        37    -11       22
  SINCE JUN 1     98                       200   -102       69
  SINCE JUL 1     44                        64    -20       37

 COOLING
  YESTERDAY        7                         2      5        2
  MONTH TO DATE  120                       144    -24      179
  SINCE JUN 1    433                       374     59      537
  SINCE JAN 1    433                       382     51      537
..................................................................


WIND (MPH)
  HIGHEST WIND SPEED    14   HIGHEST WIND DIRECTION     E (110)
  HIGHEST GUST SPEED    19   HIGHEST GUST DIRECTION    SE (130)
  AVERAGE WIND SPEED     3.6


SKY COVER
  AVERAGE SKY COVER 0.1


WEATHER CONDITIONS
 THE FOLLOWING WEATHER WAS RECORDED YESTERDAY.
  NO SIGNIFICANT WEATHER WAS OBSERVED.


RELATIVE HUMIDITY (PERCENT)
 HIGHEST    51           700 AM
 LOWEST     23           800 PM
 AVERAGE    37

..........................................................


THE HELENA MT CLIMATE NORMALS FOR TODAY
                         NORMAL    RECORD    YEAR
 MAXIMUM TEMPERATURE (F)   79        96      1991
                                             1955
 MINIMUM TEMPERATURE (F)   48        32      1956


SUNRISE AND SUNSET
AUGUST 31 2016........SUNRISE   647 AM MDT   SUNSET   808 PM MDT
SEPTEMBER  1 2016.....SUNRISE   649 AM MDT   SUNSET   806 PM MDT


-  INDICATES NEGATIVE NUMBERS.
R  INDICATES RECORD WAS SET OR TIED.
MM INDICATES DATA IS MISSING.
T  INDICATES TRACE AMOUNT.




$$
