000
CDUS45 KTFX 270739
CLIHLN


CLIMATE REPORT
NATIONAL WEATHER SERVICE GREAT FALLS MT
1234 AM MST TUE JAN 27 2015


...................................

...THE HELENA MT CLIMATE SUMMARY FOR JANUARY 26 2015...

CLIMATE NORMAL PERIOD 1981 TO 2010
CLIMATE RECORD PERIOD 1866 TO 2015


WEATHER ITEM   OBSERVED TIME   RECORD YEAR NORMAL DEPARTURE LAST
                VALUE   (LST)  VALUE       VALUE  FROM      YEAR
                                                  NORMAL
..................................................................
TEMPERATURE (F)
 YESTERDAY
  MAXIMUM         53    420 PM  62    1937  35     18       41
  MINIMUM         30    437 AM -41    1957  14     16       20
  AVERAGE         42                        25     17       31

PRECIPITATION (IN)
  YESTERDAY        0.00          0.60 1893   0.02  -0.02     0.01
  MONTH TO DATE    0.63                      0.31   0.32     0.43
  SINCE OCT 1      2.91                      1.88   1.03     1.43
  SINCE JAN 1      0.63                      0.31   0.32     0.43

SNOWFALL (IN)
  YESTERDAY        0.0           7.9  1975   0.2   -0.2      0.1
  MONTH TO DATE    7.4                       5.2    2.2      5.0
  SINCE DEC 1     11.8                      12.5   -0.7      6.2
  SINCE JUL 1     22.6                      21.3    1.3      9.7
  SNOW DEPTH       0

DEGREE DAYS
 HEATING
  YESTERDAY       23                        40    -17       34
  MONTH TO DATE 1095                      1097     -2      883
  SINCE DEC 1   2293                      2436   -143     2150
  SINCE JUL 1   4005                      4318   -313     3941

 COOLING
  YESTERDAY        0                         0      0        0
  MONTH TO DATE    0                         0      0        0
  SINCE DEC 1      0                         0      0        0
  SINCE JAN 1      0                         0      0        0
..................................................................


WIND (MPH)
  HIGHEST WIND SPEED     9   HIGHEST WIND DIRECTION     W (250)
  HIGHEST GUST SPEED    11   HIGHEST GUST DIRECTION    SW (230)
  AVERAGE WIND SPEED     2.3


SKY COVER
  AVERAGE SKY COVER 0.0


WEATHER CONDITIONS
 THE FOLLOWING WEATHER WAS RECORDED YESTERDAY.
  NO SIGNIFICANT WEATHER WAS OBSERVED.


RELATIVE HUMIDITY (PERCENT)
 HIGHEST    82           900 PM
 LOWEST     46           400 PM
 AVERAGE    64

..........................................................


THE HELENA MT CLIMATE NORMALS FOR TODAY
                         NORMAL    RECORD    YEAR
 MAXIMUM TEMPERATURE (F)   35        56      1983
 MINIMUM TEMPERATURE (F)   15       -37      1957


SUNRISE AND SUNSET
JANUARY 27 2015.......SUNRISE   758 AM MST   SUNSET   524 PM MST
JANUARY 28 2015.......SUNRISE   757 AM MST   SUNSET   526 PM MST


-  INDICATES NEGATIVE NUMBERS.
R  INDICATES RECORD WAS SET OR TIED.
MM INDICATES DATA IS MISSING.
T  INDICATES TRACE AMOUNT.




$$
