000
CDHW40 PHFO 251245
CLIHNL


CLIMATE REPORT
NATIONAL WEATHER SERVICE HONOLULU HI
245 AM HST THU AUG 25 2016


...................................

...THE HONOLULU HI CLIMATE SUMMARY FOR AUGUST 24 2016...

CLIMATE NORMAL PERIOD 1981 TO 2010
CLIMATE RECORD PERIOD 1946 TO 2016


WEATHER ITEM   OBSERVED TIME   RECORD YEAR NORMAL DEPARTURE LAST
                VALUE   (LST)  VALUE       VALUE  FROM      YEAR
                                                  NORMAL
..................................................................
TEMPERATURE (F)
 YESTERDAY
  MAXIMUM         86    328 PM  93    1996  89     -3       MM
  MINIMUM         76   1208 AM  70    1988  75      1       MM
                                      1985
                                      1965
  AVERAGE         81                        82     -1       MM

PRECIPITATION (IN)
  YESTERDAY        1.07R         0.46 1966   0.02   1.05    MM
  MONTH TO DATE    1.49                      0.43   1.06     1.13
  SINCE JUN 1      4.39                      1.20   3.19     1.72
  SINCE JAN 1      8.43                      8.77  -0.34     4.71

SNOWFALL (IN)
  YESTERDAY        0.0
  MONTH TO DATE    0.0
  SINCE JUN 1      0.0
  SINCE JUL 1      0.0
  SNOW DEPTH       0

DEGREE DAYS
 HEATING
  YESTERDAY        0                         0      0       MM
  MONTH TO DATE    0                         0      0        0
  SINCE JUN 1      0                         0      0        0
  SINCE JUL 1      0                         0      0        0

 COOLING
  YESTERDAY       16                        17     -1       MM
  MONTH TO DATE  348                       408    -60      397
  SINCE JUN 1   1283                      1366    -83     1415
  SINCE JAN 1   2997                      2868    129     2885
..................................................................


WIND (MPH)
  HIGHEST WIND SPEED    16   HIGHEST WIND DIRECTION    SE (120)
  HIGHEST GUST SPEED    20   HIGHEST GUST DIRECTION    SE (150)
  AVERAGE WIND SPEED     8.8


SKY COVER
  POSSIBLE SUNSHINE  MM
  AVERAGE SKY COVER 0.6


WEATHER CONDITIONS
 THE FOLLOWING WEATHER WAS RECORDED YESTERDAY.
  THUNDERSTORM
  HEAVY RAIN
  RAIN
  LIGHT RAIN
  FOG


RELATIVE HUMIDITY (PERCENT)
 HIGHEST    94          1200 AM
 LOWEST     74          1100 AM
 AVERAGE    84

..........................................................


THE HONOLULU HI CLIMATE NORMALS FOR TODAY
                         NORMAL    RECORD    YEAR
 MAXIMUM TEMPERATURE (F)   89        93      1996
                                             1987
 MINIMUM TEMPERATURE (F)   75        70      1981
                                             1965


SUNRISE AND SUNSET
AUGUST 25 2016........SUNRISE   613 AM HST   SUNSET   653 PM HST
AUGUST 26 2016........SUNRISE   614 AM HST   SUNSET   653 PM HST


-  INDICATES NEGATIVE NUMBERS.
R  INDICATES RECORD WAS SET OR TIED.
MM INDICATES DATA IS MISSING.
T  INDICATES TRACE AMOUNT.




$$
