000
CDHW40 PHFO 020245
CLIHNL


CLIMATE REPORT
NATIONAL WEATHER SERVICE HONOLULU HI
445 PM HST FRI AUG 1 2014


...................................

...THE HONOLULU HI CLIMATE SUMMARY FOR AUGUST 1 2014...
VALID TODAY AS OF 0400 PM LOCAL TIME.

CLIMATE NORMAL PERIOD 1981 TO 2010
CLIMATE RECORD PERIOD 1946 TO 2014


WEATHER ITEM   OBSERVED TIME   RECORD YEAR NORMAL DEPARTURE LAST
                VALUE   (LST)  VALUE       VALUE  FROM      YEAR
                                                  NORMAL
..................................................................
TEMPERATURE (F)
 TODAY
  MAXIMUM         89    224 PM  91    2003  88      1       87
                                      1995
  MINIMUM         78    630 AM  70    1980  75      3       74
                                      1976
                                      1972
  AVERAGE         84                        82      2       81

PRECIPITATION (IN)
  TODAY            0.00          0.13 1958   0.02  -0.02      T
  MONTH TO DATE    0.00                      0.02  -0.02      T
  SINCE JUN 1      1.70                      0.79   0.91     0.52
  SINCE JAN 1     11.67                      8.36   3.31     8.98

SNOWFALL (IN)
  TODAY            0.0
  MONTH TO DATE    0.0
  SINCE JUN 1      0.0
  SINCE JUL 1      0.0
  SNOW DEPTH       0

DEGREE DAYS
 HEATING
  TODAY            0                         0      0        0
  MONTH TO DATE    0                         0      0        0
  SINCE JUN 1      0                         0      0        0
  SINCE JUL 1      0                         0      0        0

 COOLING
  TODAY           19                        17      2       16
  MONTH TO DATE   19                        17      2       16
  SINCE JUN 1   1022                       975     47      908
  SINCE JAN 1   2631                      2477    154     2368
..................................................................


WIND (MPH)
  HIGHEST WIND SPEED    23   HIGHEST WIND DIRECTION     E (70)
  HIGHEST GUST SPEED    29   HIGHEST GUST DIRECTION     E (70)
  AVERAGE WIND SPEED    11.7


SKY COVER
  POSSIBLE SUNSHINE  MM
  AVERAGE SKY COVER 0.4


WEATHER CONDITIONS
 THE FOLLOWING WEATHER WAS RECORDED TODAY.
  NO SIGNIFICANT WEATHER WAS OBSERVED.


RELATIVE HUMIDITY (PERCENT)
 HIGHEST    71           100 AM
 LOWEST     46          1200 PM
 AVERAGE    59

..........................................................


THE HONOLULU HI CLIMATE NORMALS FOR TOMORROW
                         NORMAL    RECORD    YEAR
 MAXIMUM TEMPERATURE (F)   88        91      2003
                                             1995
                                             1994
 MINIMUM TEMPERATURE (F)   75        69      1959


SUNRISE AND SUNSET
AUGUST  1 2014........SUNRISE   605 AM HST   SUNSET   711 PM HST
AUGUST  2 2014........SUNRISE   606 AM HST   SUNSET   710 PM HST


-  INDICATES NEGATIVE NUMBERS.
R  INDICATES RECORD WAS SET OR TIED.
MM INDICATES DATA IS MISSING.
T  INDICATES TRACE AMOUNT.




$$
