000
CDHW40 PHFO 100245
CLIHNL


CLIMATE REPORT
NATIONAL WEATHER SERVICE HONOLULU HI
445 PM HST WED JUL 9 2014


...................................

...THE HONOLULU HI CLIMATE SUMMARY FOR JULY 9 2014...
VALID TODAY AS OF 0400 PM LOCAL TIME.

CLIMATE NORMAL PERIOD 1981 TO 2010
CLIMATE RECORD PERIOD 1946 TO 2014


WEATHER ITEM   OBSERVED TIME   RECORD YEAR NORMAL DEPARTURE LAST
                VALUE   (LST)  VALUE       VALUE  FROM      YEAR
                                                  NORMAL
..................................................................
TEMPERATURE (F)
 TODAY
  MAXIMUM         88    207 PM  91    1996  88      0       88
                                      1995
                                      1989
  MINIMUM         74    618 AM  68    1956  74      0       77
  AVERAGE         81                        81      0       83

PRECIPITATION (IN)
  TODAY            T             1.48 1992   0.01  -0.01     0.00
  MONTH TO DATE    0.06                      0.10  -0.04     0.02
  SINCE JUN 1      0.64                      0.36   0.28     0.19
  SINCE JAN 1     10.61                      7.93   2.68     8.65

SNOWFALL (IN)
  TODAY            0.0
  MONTH TO DATE    0.0
  SINCE JUN 1      0.0
  SINCE JUL 1      0.0
  SNOW DEPTH       0

DEGREE DAYS
 HEATING
  TODAY            0                         0      0        0
  MONTH TO DATE    0                         0      0        0
  SINCE JUN 1      0                         0      0        0
  SINCE JUL 1      0                         0      0        0

 COOLING
  TODAY           16                        16      0       18
  MONTH TO DATE  151                       144      7      129
  SINCE JUN 1    614                       600     14      538
  SINCE JAN 1   2223                      2102    121     1998
..................................................................


WIND (MPH)
  HIGHEST WIND SPEED    24   HIGHEST WIND DIRECTION    NE (60)
  HIGHEST GUST SPEED    32   HIGHEST GUST DIRECTION    NE (50)
  AVERAGE WIND SPEED    11.8


SKY COVER
  POSSIBLE SUNSHINE  MM
  AVERAGE SKY COVER 0.7


WEATHER CONDITIONS
 THE FOLLOWING WEATHER WAS RECORDED TODAY.
  LIGHT RAIN


RELATIVE HUMIDITY (PERCENT)
 HIGHEST    79           200 AM
 LOWEST     43           300 PM
 AVERAGE    61

..........................................................


THE HONOLULU HI CLIMATE NORMALS FOR TOMORROW
                         NORMAL    RECORD    YEAR
 MAXIMUM TEMPERATURE (F)   88        92      1987
 MINIMUM TEMPERATURE (F)   74        68      1956


SUNRISE AND SUNSET
JULY  9 2014..........SUNRISE   556 AM HST   SUNSET   718 PM HST
JULY 10 2014..........SUNRISE   557 AM HST   SUNSET   718 PM HST


-  INDICATES NEGATIVE NUMBERS.
R  INDICATES RECORD WAS SET OR TIED.
MM INDICATES DATA IS MISSING.
T  INDICATES TRACE AMOUNT.




$$
