702
CDHW40 PHFO 081245
CLIHNL


CLIMATE REPORT
NATIONAL WEATHER SERVICE HONOLULU HI
245 AM HST MON FEB 8 2016


...................................

...THE HONOLULU HI CLIMATE SUMMARY FOR FEBRUARY 7 2016...

CLIMATE NORMAL PERIOD 1981 TO 2010
CLIMATE RECORD PERIOD 1946 TO 2016


WEATHER ITEM   OBSERVED TIME   RECORD YEAR NORMAL DEPARTURE LAST
                VALUE   (LST)  VALUE       VALUE  FROM      YEAR
                                                  NORMAL
..................................................................
TEMPERATURE (F)
 YESTERDAY
  MAXIMUM         79    124 PM  87    1996  80     -1       81
  MINIMUM         64   1141 PM  56    1981  66     -2       65
  AVERAGE         72                        73     -1       73

PRECIPITATION (IN)
  YESTERDAY        0.00          1.92 1949   0.06  -0.06     0.00
  MONTH TO DATE    0.08                      0.45  -0.37     0.12
  SINCE DEC 1      0.38                      6.00  -5.62     2.13
  SINCE JAN 1      0.11                      2.76  -2.65     1.06

SNOWFALL (IN)
  YESTERDAY        0.0
  MONTH TO DATE    0.0
  SINCE DEC 1      0.0
  SINCE JUL 1      0.0
  SNOW DEPTH       0

DEGREE DAYS
 HEATING
  YESTERDAY        0                         0      0        0
  MONTH TO DATE    0                         0      0        0
  SINCE DEC 1      0                         0      0        0
  SINCE JUL 1      0                         0      0        0

 COOLING
  YESTERDAY        7                         8     -1        8
  MONTH TO DATE   75                        56     19       73
  SINCE DEC 1    774                       612    162      586
  SINCE JAN 1    368                       310     58      302
..................................................................


WIND (MPH)
  HIGHEST WIND SPEED    22   HIGHEST WIND DIRECTION     N (340)
  HIGHEST GUST SPEED    29   HIGHEST GUST DIRECTION    NE (30)
  AVERAGE WIND SPEED    11.2


SKY COVER
  POSSIBLE SUNSHINE  MM
  AVERAGE SKY COVER 0.4


WEATHER CONDITIONS
 THE FOLLOWING WEATHER WAS RECORDED YESTERDAY.
  NO SIGNIFICANT WEATHER WAS OBSERVED.


RELATIVE HUMIDITY (PERCENT)
 HIGHEST    73          1200 AM
 LOWEST     33           300 PM
 AVERAGE    53

..........................................................


THE HONOLULU HI CLIMATE NORMALS FOR TODAY
                         NORMAL    RECORD    YEAR
 MAXIMUM TEMPERATURE (F)   80        86      1958
 MINIMUM TEMPERATURE (F)   66        58      1995
                                             1948


SUNRISE AND SUNSET
FEBRUARY  8 2016......SUNRISE   706 AM HST   SUNSET   626 PM HST
FEBRUARY  9 2016......SUNRISE   706 AM HST   SUNSET   626 PM HST


-  INDICATES NEGATIVE NUMBERS.
R  INDICATES RECORD WAS SET OR TIED.
MM INDICATES DATA IS MISSING.
T  INDICATES TRACE AMOUNT.




$$
