000
CDHW40 PHFO 230227
CLIHNL


CLIMATE REPORT
NATIONAL WEATHER SERVICE HONOLULU HI
426 PM HST THU FEB 22 2018


...................................

...THE HONOLULU HI CLIMATE SUMMARY FOR FEBRUARY 22 2018...
VALID TODAY AS OF 0400 PM LOCAL TIME.

CLIMATE NORMAL PERIOD 1981 TO 2010
CLIMATE RECORD PERIOD 1946 TO 2018


WEATHER ITEM   OBSERVED TIME   RECORD YEAR NORMAL DEPARTURE LAST
                VALUE   (LST)  VALUE       VALUE  FROM      YEAR
                                                  NORMAL
..................................................................
TEMPERATURE (F)
 TODAY
  MAXIMUM         79    251 PM  85    2011  80     -1       81
                                      1984
                                      1977
  MINIMUM         73    229 AM  56    1962  66      7       70
  AVERAGE         76                        73      3       76

PRECIPITATION (IN)
  TODAY            T             2.80 1955   0.08  -0.08     0.00
  MONTH TO DATE    3.90                      1.53   2.37     5.82
  SINCE DEC 1      7.36                      7.08   0.28     6.90
  SINCE JAN 1      3.96                      3.84   0.12     6.03

SNOWFALL (IN)
  TODAY            0.0
  MONTH TO DATE    0.0
  SINCE DEC 1      0.0
  SINCE JUL 1      0.0
  SNOW DEPTH      MM

DEGREE DAYS
 HEATING
  TODAY            0                         0      0        0
  MONTH TO DATE    0                         0      0        0
  SINCE DEC 1      0                         0      0        0
  SINCE JUL 1      0                         0      0        0

 COOLING
  TODAY           11                         8      3       11
  MONTH TO DATE  213                       176     37      204
  SINCE DEC 1    891                       732    159      782
  SINCE JAN 1    585                       430    155      477
..................................................................


WIND (MPH)
  HIGHEST WIND SPEED    18   HIGHEST WIND DIRECTION    SE (120)
  HIGHEST GUST SPEED    23   HIGHEST GUST DIRECTION    SE (120)
  AVERAGE WIND SPEED    MM


SKY COVER
  POSSIBLE SUNSHINE  MM
  AVERAGE SKY COVER  MM


WEATHER CONDITIONS
 THE FOLLOWING WEATHER WAS RECORDED TODAY.
  NO SIGNIFICANT WEATHER WAS OBSERVED.


RELATIVE HUMIDITY (PERCENT)
 HIGHEST    MM
 LOWEST     MM
 AVERAGE    MM

..........................................................


THE HONOLULU HI CLIMATE NORMALS FOR TOMORROW
                         NORMAL    RECORD    YEAR
 MAXIMUM TEMPERATURE (F)   80        85      1996
                                             1984
                                             1981
 MINIMUM TEMPERATURE (F)   66        60      1990
                                             1987


SUNRISE AND SUNSET
FEBRUARY 22 2018......SUNRISE   657 AM HST   SUNSET   633 PM HST
FEBRUARY 23 2018......SUNRISE   657 AM HST   SUNSET   634 PM HST


-  INDICATES NEGATIVE NUMBERS.
R  INDICATES RECORD WAS SET OR TIED.
MM INDICATES DATA IS MISSING.
T  INDICATES TRACE AMOUNT.




$$
