000
CDHW40 PHFO 030252
CLIHNL


CLIMATE REPORT
NATIONAL WEATHER SERVICE HONOLULU HI
450 PM HST TUE SEP 2 2014


...................................

...THE HONOLULU HI CLIMATE SUMMARY FOR SEPTEMBER 2 2014...
VALID TODAY AS OF 0400 PM LOCAL TIME.

CLIMATE NORMAL PERIOD 1981 TO 2010
CLIMATE RECORD PERIOD 1946 TO 2014


WEATHER ITEM   OBSERVED TIME   RECORD YEAR NORMAL DEPARTURE LAST
                VALUE   (LST)  VALUE       VALUE  FROM      YEAR
                                                  NORMAL
..................................................................
TEMPERATURE (F)
 TODAY
  MAXIMUM         92    248 PM  94    1997  89      3       87
  MINIMUM         76    645 AM  69    1993  75      1       75
  AVERAGE         84                        82      2       81

PRECIPITATION (IN)
  TODAY            0.00          0.75 1974   0.01  -0.01      T
  MONTH TO DATE    0.00                      0.03  -0.03     0.02
  SINCE SEP 1      0.00                      0.03  -0.03     0.02
  SINCE JAN 1     12.23                      8.93   3.30     9.10

SNOWFALL (IN)
  TODAY            0.0
  MONTH TO DATE    0.0
  SINCE SEP 1      0.0
  SINCE JUL 1      0.0
  SNOW DEPTH       0

DEGREE DAYS
 HEATING
  TODAY            0                         0      0        0
  MONTH TO DATE    0                         0      0        0
  SINCE SEP 1      0                         0      0        0
  SINCE JUL 1      0                         0      0        0

 COOLING
  TODAY           19                        17      2       16
  MONTH TO DATE   35                        34      1       31
  SINCE SEP 1     35                        34      1       31
  SINCE JAN 1   3193                      3018    175     2891
..................................................................


WIND (MPH)
  HIGHEST WIND SPEED    18   HIGHEST WIND DIRECTION    NE (40)
  HIGHEST GUST SPEED    26   HIGHEST GUST DIRECTION     E (80)
  AVERAGE WIND SPEED     7.7


SKY COVER
  POSSIBLE SUNSHINE  MM
  AVERAGE SKY COVER 0.3


WEATHER CONDITIONS
 THE FOLLOWING WEATHER WAS RECORDED TODAY.
  NO SIGNIFICANT WEATHER WAS OBSERVED.


RELATIVE HUMIDITY (PERCENT)
 HIGHEST    82           500 AM
 LOWEST     44          1200 PM
 AVERAGE    63

..........................................................


THE HONOLULU HI CLIMATE NORMALS FOR TOMORROW
                         NORMAL    RECORD    YEAR
 MAXIMUM TEMPERATURE (F)   89        93      2005
 MINIMUM TEMPERATURE (F)   75        69      1993


SUNRISE AND SUNSET
SEPTEMBER  2 2014.....SUNRISE   616 AM HST   SUNSET   647 PM HST
SEPTEMBER  3 2014.....SUNRISE   616 AM HST   SUNSET   646 PM HST


-  INDICATES NEGATIVE NUMBERS.
R  INDICATES RECORD WAS SET OR TIED.
MM INDICATES DATA IS MISSING.
T  INDICATES TRACE AMOUNT.




$$
