000
CDHW40 PHFO 041245
CLIHNL


CLIMATE REPORT
NATIONAL WEATHER SERVICE HONOLULU HI
245 AM HST WED MAY 4 2016


...................................

...THE HONOLULU HI CLIMATE SUMMARY FOR MAY 3 2016...

CLIMATE NORMAL PERIOD 1981 TO 2010
CLIMATE RECORD PERIOD 1946 TO 2016


WEATHER ITEM   OBSERVED TIME   RECORD YEAR NORMAL DEPARTURE LAST
                VALUE   (LST)  VALUE       VALUE  FROM      YEAR
                                                  NORMAL
..................................................................
TEMPERATURE (F)
 YESTERDAY
  MAXIMUM         84    355 PM  87    2004  84      0       83
                                      2003
                                      1995
  MINIMUM         74   1159 PM  60    1989  70      4       69
  AVERAGE         79                        77      2       76

PRECIPITATION (IN)
  YESTERDAY        T             0.33 1988   0.02  -0.02      T
  MONTH TO DATE    T                         0.07  -0.07      T
  SINCE MAR 1      0.44                      2.72  -2.28     0.99
  SINCE JAN 1      0.87                      7.02  -6.15     2.79

SNOWFALL (IN)
  YESTERDAY        0.0
  MONTH TO DATE    0.0
  SINCE MAR 1      0.0
  SINCE JUL 1      0.0
  SNOW DEPTH       0

DEGREE DAYS
 HEATING
  YESTERDAY        0                         0      0        0
  MONTH TO DATE    0                         0      0        0
  SINCE MAR 1      0                         0      0        0
  SINCE JUL 1      0                         0      0        0

 COOLING
  YESTERDAY       14                        12      2       11
  MONTH TO DATE   45                        36      9       28
  SINCE MAR 1    743                       661     82      644
  SINCE JAN 1   1325                      1143    182     1154
..................................................................


WIND (MPH)
  HIGHEST WIND SPEED    26   HIGHEST WIND DIRECTION    NE (60)
  HIGHEST GUST SPEED    33   HIGHEST GUST DIRECTION    NE (60)
  AVERAGE WIND SPEED    12.1


SKY COVER
  POSSIBLE SUNSHINE  MM
  AVERAGE SKY COVER 0.5


WEATHER CONDITIONS
 THE FOLLOWING WEATHER WAS RECORDED YESTERDAY.
  LIGHT RAIN


RELATIVE HUMIDITY (PERCENT)
 HIGHEST    79           800 PM
 LOWEST     55           400 PM
 AVERAGE    67

..........................................................


THE HONOLULU HI CLIMATE NORMALS FOR TODAY
                         NORMAL    RECORD    YEAR
 MAXIMUM TEMPERATURE (F)   84        88      2005
                                             1995
                                             1979
 MINIMUM TEMPERATURE (F)   70        64      1981


SUNRISE AND SUNSET
MAY  4 2016...........SUNRISE   559 AM HST   SUNSET   659 PM HST
MAY  5 2016...........SUNRISE   558 AM HST   SUNSET   659 PM HST


-  INDICATES NEGATIVE NUMBERS.
R  INDICATES RECORD WAS SET OR TIED.
MM INDICATES DATA IS MISSING.
T  INDICATES TRACE AMOUNT.




$$
