000
CDHW40 PHFO 221245
CLIHNL


CLIMATE REPORT
NATIONAL WEATHER SERVICE HONOLULU HI
245 AM HST SAT NOV 22 2014


...................................

...THE HONOLULU HI CLIMATE SUMMARY FOR NOVEMBER 21 2014...

CLIMATE NORMAL PERIOD 1981 TO 2010
CLIMATE RECORD PERIOD 1946 TO 2014


WEATHER ITEM   OBSERVED TIME   RECORD YEAR NORMAL DEPARTURE LAST
                VALUE   (LST)  VALUE       VALUE  FROM      YEAR
                                                  NORMAL
..................................................................
TEMPERATURE (F)
 YESTERDAY
  MAXIMUM         86    223 PM  88    1991  83      3       84
                                      1983
                                      1980
  MINIMUM         73    549 AM  60    1892  71      2       72
  AVERAGE         80                        77      3       78

PRECIPITATION (IN)
  YESTERDAY        0.00          1.78 1957   0.07  -0.07      T
  MONTH TO DATE    1.29                      1.73  -0.44     1.43
  SINCE SEP 1      7.38                      4.27   3.11     2.94
  SINCE JAN 1     19.61                     13.17   6.44    12.02

SNOWFALL (IN)
  YESTERDAY        0.0
  MONTH TO DATE    0.0
  SINCE SEP 1      0.0
  SINCE JUL 1      0.0
  SNOW DEPTH       0

DEGREE DAYS
 HEATING
  YESTERDAY        0                         0      0        0
  MONTH TO DATE    0                         0      0        0
  SINCE SEP 1      0                         0      0        0
  SINCE JUL 1      0                         0      0        0

 COOLING
  YESTERDAY       15                        12      3       13
  MONTH TO DATE  296                       275     21      258
  SINCE SEP 1   1358                      1237    121     1173
  SINCE JAN 1   4516                      4221    295     4033
..................................................................


WIND (MPH)
  HIGHEST WIND SPEED    21   HIGHEST WIND DIRECTION    NE (60)
  HIGHEST GUST SPEED    28   HIGHEST GUST DIRECTION    NE (40)
  AVERAGE WIND SPEED    11.0


SKY COVER
  POSSIBLE SUNSHINE  MM
  AVERAGE SKY COVER 0.4


WEATHER CONDITIONS
 THE FOLLOWING WEATHER WAS RECORDED YESTERDAY.
  NO SIGNIFICANT WEATHER WAS OBSERVED.


RELATIVE HUMIDITY (PERCENT)
 HIGHEST    79           500 AM
 LOWEST     55          1100 AM
 AVERAGE    67

..........................................................


THE HONOLULU HI CLIMATE NORMALS FOR TODAY
                         NORMAL    RECORD    YEAR
 MAXIMUM TEMPERATURE (F)   83        88      1983
                                             1979
                                             1959
 MINIMUM TEMPERATURE (F)   71        61      1958
                                             1895
                                             1890


SUNRISE AND SUNSET
NOVEMBER 22 2014......SUNRISE   647 AM HST   SUNSET   549 PM HST
NOVEMBER 23 2014......SUNRISE   648 AM HST   SUNSET   549 PM HST


-  INDICATES NEGATIVE NUMBERS.
R  INDICATES RECORD WAS SET OR TIED.
MM INDICATES DATA IS MISSING.
T  INDICATES TRACE AMOUNT.




$$
