000
CDHW40 PHFO 311245
CLIHNL


CLIMATE REPORT
NATIONAL WEATHER SERVICE HONOLULU HI
245 AM HST MON AUG 31 2015


...................................

...THE HONOLULU HI CLIMATE SUMMARY FOR AUGUST 30 2015...

CLIMATE NORMAL PERIOD 1981 TO 2010
CLIMATE RECORD PERIOD 1946 TO 2015


WEATHER ITEM   OBSERVED TIME   RECORD YEAR NORMAL DEPARTURE LAST
                VALUE   (LST)  VALUE       VALUE  FROM      YEAR
                                                  NORMAL
..................................................................
TEMPERATURE (F)
 YESTERDAY
  MAXIMUM         90    500 PM  93    1997  89      1       89
  MINIMUM         79    700 AM  68    1987  75      4       76
  AVERAGE         85                        82      3       83

PRECIPITATION (IN)
  YESTERDAY        0.00          0.28 1956   0.02  -0.02     0.00
                                      1951
  MONTH TO DATE    7.63                      0.54   7.09     0.56
  SINCE JUN 1      8.29                      1.31   6.98     2.26
  SINCE JAN 1     11.28                      8.88   2.40    12.23

SNOWFALL (IN)
  YESTERDAY        0.0
  MONTH TO DATE    0.0
  SINCE JUN 1      0.0
  SINCE JUL 1      0.0
  SNOW DEPTH       0

DEGREE DAYS
 HEATING
  YESTERDAY        0                         0      0        0
  MONTH TO DATE    0                         0      0        0
  SINCE JUN 1      0                         0      0        0
  SINCE JUL 1      0                         0      0        0

 COOLING
  YESTERDAY       20                        17      3       18
  MONTH TO DATE  562                       510     52      530
  SINCE JUN 1   1617                      1468    149     1533
  SINCE JAN 1   3092                      2970    122     3142
..................................................................


WIND (MPH)
  HIGHEST WIND SPEED    15   HIGHEST WIND DIRECTION    NE (30)
  HIGHEST GUST SPEED    22   HIGHEST GUST DIRECTION    NE (60)
  AVERAGE WIND SPEED     8.4


SKY COVER
  POSSIBLE SUNSHINE  MM
  AVERAGE SKY COVER 0.5


WEATHER CONDITIONS
 THE FOLLOWING WEATHER WAS RECORDED YESTERDAY.
  NO SIGNIFICANT WEATHER WAS OBSERVED.


RELATIVE HUMIDITY (PERCENT)
 HIGHEST    79           200 AM
 LOWEST     56           100 PM
 AVERAGE    68

..........................................................


THE HONOLULU HI CLIMATE NORMALS FOR TODAY
                         NORMAL    RECORD    YEAR
 MAXIMUM TEMPERATURE (F)   89        93      1984
 MINIMUM TEMPERATURE (F)   75        69      1987


SUNRISE AND SUNSET
AUGUST 31 2015........SUNRISE   615 AM HST   SUNSET   649 PM HST
SEPTEMBER  1 2015.....SUNRISE   615 AM HST   SUNSET   648 PM HST


-  INDICATES NEGATIVE NUMBERS.
R  INDICATES RECORD WAS SET OR TIED.
MM INDICATES DATA IS MISSING.
T  INDICATES TRACE AMOUNT.




$$
