000
CDHW40 PHFO 032245
CLIHNL


CLIMATE REPORT
NATIONAL WEATHER SERVICE
1045 PM UTC MON AUG 3 2015


...................................

...THE HONOLULU HI CLIMATE SUMMARY FOR AUGUST 3 2015...
VALID TODAY AS OF 1200 PM LOCAL TIME.

CLIMATE NORMAL PERIOD 1981 TO 2010
CLIMATE RECORD PERIOD 1946 TO 2015


WEATHER ITEM   OBSERVED TIME   RECORD YEAR NORMAL DEPARTURE LAST
                VALUE   (LST)  VALUE       VALUE  FROM      YEAR
                                                  NORMAL
..................................................................
TEMPERATURE (F)
 TODAY
  MAXIMUM         MM        MM  91    2003  88     MM       90
                                      1995
                                      1994
  MINIMUM         MM        MM  70    1948  75     MM       78
  AVERAGE         MM                        82     MM       84

PRECIPITATION (IN)
  TODAY           MM             0.14 2004   0.03  MM        0.00
  MONTH TO DATE    T                         0.07  -0.07     0.00
  SINCE JUN 1      0.36                      0.84  -0.48     1.70
  SINCE JAN 1      3.22                      8.41  -5.19    11.67

SNOWFALL (IN)
  TODAY           MM
  MONTH TO DATE    0.0
  SINCE JUN 1      0.0
  SINCE JUL 1      0.0
  SNOW DEPTH      MM

DEGREE DAYS
 HEATING
  TODAY           MM                         0     MM        0
  MONTH TO DATE    0                         0      0        0
  SINCE JUN 1      0                         0      0        0
  SINCE JUL 1      0                         0      0        0

 COOLING
  TODAY           MM                        17     MM       19
  MONTH TO DATE   38                        51    -13       57
  SINCE JUN 1    471                      1009   -538     1060
  SINCE JAN 1   1755                      2511   -756     2669
..................................................................


WIND (MPH)
  HIGHEST WIND SPEED    MM   HIGHEST WIND DIRECTION    MM
  HIGHEST GUST SPEED    MM   HIGHEST GUST DIRECTION    MM
  AVERAGE WIND SPEED    MM


SKY COVER
  POSSIBLE SUNSHINE  MM
  AVERAGE SKY COVER  MM


WEATHER CONDITIONS
 THE FOLLOWING WEATHER WAS RECORDED TODAY.
  NO SIGNIFICANT WEATHER WAS OBSERVED.


RELATIVE HUMIDITY (PERCENT)
 HIGHEST    MM
 LOWEST     MM
 AVERAGE    MM

..........................................................


THE HONOLULU HI CLIMATE NORMALS FOR TOMORROW
                         NORMAL    RECORD    YEAR
 MAXIMUM TEMPERATURE (F)   88        93      1996
 MINIMUM TEMPERATURE (F)   75        68      1972


SUNRISE AND SUNSET
AUGUST  3 2015........SUNRISE   606 AM HST   SUNSET   710 PM HST
AUGUST  4 2015........SUNRISE   606 AM HST   SUNSET   709 PM HST


-  INDICATES NEGATIVE NUMBERS.
R  INDICATES RECORD WAS SET OR TIED.
MM INDICATES DATA IS MISSING.
T  INDICATES TRACE AMOUNT.




$$
