000
CDHW40 PHFO 310247
CLIHNL


CLIMATE REPORT
NATIONAL WEATHER SERVICE HONOLULU HI
437 PM HST SAT JUL 30 2016


...................................

...THE HONOLULU HI CLIMATE SUMMARY FOR JULY 30 2016...
VALID TODAY AS OF 0400 PM LOCAL TIME.

CLIMATE NORMAL PERIOD 1981 TO 2010
CLIMATE RECORD PERIOD 1946 TO 2016


WEATHER ITEM   OBSERVED TIME   RECORD YEAR NORMAL DEPARTURE LAST
                VALUE   (LST)  VALUE       VALUE  FROM      YEAR
                                                  NORMAL
..................................................................
TEMPERATURE (F)
 TODAY
  MAXIMUM         89    157 PM  92    2015  88      1       92
                                      1990
  MINIMUM         75    617 AM  71    1976  75      0       78
                                      1972
                                      1965
  AVERAGE         82                        82      0       85

PRECIPITATION (IN)
  TODAY            T             0.11 1970   0.02  -0.02      T
  MONTH TO DATE    2.36                      0.49   1.87     0.36
  SINCE JUN 1      2.55                      0.75   1.80     0.59
  SINCE JAN 1      6.59                      8.32  -1.73     3.58

SNOWFALL (IN)
  TODAY            0.0
  MONTH TO DATE    0.0
  SINCE JUN 1      0.0
  SINCE JUL 1      0.0
  SNOW DEPTH       0

DEGREE DAYS
 HEATING
  TODAY            0                         0      0        0
  MONTH TO DATE    0                         0      0        0
  SINCE JUN 1      0                         0      0        0
  SINCE JUL 1      0                         0      0        0

 COOLING
  TODAY           17                        17      0       20
  MONTH TO DATE  491                       484      7      518
  SINCE JUN 1    921                       940    -19      998
  SINCE JAN 1   2635                      2442    193     2468
..................................................................


WIND (MPH)
  HIGHEST WIND SPEED    22   HIGHEST WIND DIRECTION     E (70)
  HIGHEST GUST SPEED    30   HIGHEST GUST DIRECTION    NE (50)
  AVERAGE WIND SPEED     9.9


SKY COVER
  POSSIBLE SUNSHINE  MM
  AVERAGE SKY COVER 0.4


WEATHER CONDITIONS
 THE FOLLOWING WEATHER WAS RECORDED TODAY.
  NO SIGNIFICANT WEATHER WAS OBSERVED.


RELATIVE HUMIDITY (PERCENT)
 HIGHEST    82           700 AM
 LOWEST     46           300 PM
 AVERAGE    64

..........................................................


THE HONOLULU HI CLIMATE NORMALS FOR TOMORROW
                         NORMAL    RECORD    YEAR
 MAXIMUM TEMPERATURE (F)   88        92      2003
                                             1997
 MINIMUM TEMPERATURE (F)   75        69      1963


SUNRISE AND SUNSET
JULY 30 2016..........SUNRISE   605 AM HST   SUNSET   711 PM HST
JULY 31 2016..........SUNRISE   605 AM HST   SUNSET   711 PM HST


-  INDICATES NEGATIVE NUMBERS.
R  INDICATES RECORD WAS SET OR TIED.
MM INDICATES DATA IS MISSING.
T  INDICATES TRACE AMOUNT.




$$
