000
CDUS43 KFSD 070624
CLIHON


CLIMATE REPORT
NATIONAL WEATHER SERVICE SIOUX FALLS SD
1223 AM CST WED DEC 7 2016


...................................

...THE HURON SD CLIMATE SUMMARY FOR DECEMBER 6 2016...

CLIMATE NORMAL PERIOD 1981 TO 2010
CLIMATE RECORD PERIOD 1881 TO 2016


WEATHER ITEM   OBSERVED TIME   RECORD YEAR NORMAL DEPARTURE LAST
                VALUE   (LST)  VALUE       VALUE  FROM      YEAR
                                                  NORMAL
..................................................................
TEMPERATURE (F)
 YESTERDAY
  MAXIMUM         19    118 PM  71    1939  32    -13       39
  MINIMUM          9   1159 PM -24    1972  12     -3       16
  AVERAGE         14                        22     -8       28

PRECIPITATION (IN)
  YESTERDAY        T             0.73 1951   0.02  -0.02     0.00
  MONTH TO DATE    0.01                      0.11  -0.10     0.33
  SINCE DEC 1      0.01                      0.11  -0.10     0.33
  SINCE JAN 1     18.14                     22.49  -4.35    24.63

SNOWFALL (IN)
  YESTERDAY        T             3.3  1951   0.3   -0.3      0.0
  MONTH TO DATE    T                         1.5   -1.5      5.0
  SINCE DEC 1      T                         1.5   -1.5      5.0
  SINCE JUL 1      4.7                       9.8   -5.1     10.6
  SNOW DEPTH       0

DEGREE DAYS
 HEATING
  YESTERDAY       51                        43      8       37
  MONTH TO DATE  220                       252    -32      239
  SINCE DEC 1    220                       252    -32      239
  SINCE JUL 1   1428                      1954   -526     1529

 COOLING
  YESTERDAY        0                         0      0        0
  MONTH TO DATE    0                         0      0        0
  SINCE DEC 1      0                         0      0        0
  SINCE JAN 1    887                       742    145      797
..................................................................


WIND (MPH)
  HIGHEST WIND SPEED    38   HIGHEST WIND DIRECTION    NW (300)
  HIGHEST GUST SPEED    47   HIGHEST GUST DIRECTION    NW (300)
  AVERAGE WIND SPEED    25.8


SKY COVER
  POSSIBLE SUNSHINE  MM
  AVERAGE SKY COVER 0.5


WEATHER CONDITIONS
 THE FOLLOWING WEATHER WAS RECORDED YESTERDAY.
  LIGHT SNOW


RELATIVE HUMIDITY (PERCENT)
 HIGHEST    73          1200 AM
 LOWEST     61          1000 AM
 AVERAGE    67

..........................................................


THE HURON SD CLIMATE NORMALS FOR TODAY
                         NORMAL    RECORD    YEAR
 MAXIMUM TEMPERATURE (F)   31        60      1918
 MINIMUM TEMPERATURE (F)   12       -21      1976


SUNRISE AND SUNSET
DECEMBER  7 2016......SUNRISE   756 AM CST   SUNSET   453 PM CST
DECEMBER  8 2016......SUNRISE   757 AM CST   SUNSET   453 PM CST


-  INDICATES NEGATIVE NUMBERS.
R  INDICATES RECORD WAS SET OR TIED.
MM INDICATES DATA IS MISSING.
T  INDICATES TRACE AMOUNT.




$$
