639
CDUS44 KHGX 291305
CLIHOU

CLIMATE REPORT
NATIONAL WEATHER SERVICE HOUSTON/GALVESTON TX
805 AM CDT THU JUN 29 2017

...MORNING CLIMATE DATA...

                            MORNING LOW    PRECIP SINCE MIDNIGHT
HOUSTON INTERCONTINENTAL         74                0.00
GALVESTON SCHOLES FIELD          77                0.05
BRYAN/COLLEGE STATION            74                0.00
HOUSTON HOBBY                    77                0.00

...................................

...THE HOUSTON INTERCONTINENTAL CLIMATE SUMMARY FOR JUNE 28 2017...

CLIMATE NORMAL PERIOD 1981 TO 2010
CLIMATE RECORD PERIOD 1892 TO 2017


WEATHER ITEM   OBSERVED TIME   RECORD YEAR NORMAL DEPARTURE LAST
                VALUE   (LST)  VALUE       VALUE  FROM      YEAR
                                                  NORMAL
..................................................................
TEMPERATURE (F)
 YESTERDAY
  MAXIMUM         90    405 PM 102    2009  93     -3       97
  MINIMUM         74    532 AM  59    1974  75     -1       74
  AVERAGE         82                        84     -2       86

PRECIPITATION (IN)
  YESTERDAY        0.00          2.98 1923   0.19  -0.19     0.21
  MONTH TO DATE    7.02                      5.55   1.47    13.12
  SINCE JUN 1      7.02                      5.55   1.47    13.12
  SINCE JAN 1     25.25                     23.94   1.31    42.07

DEGREE DAYS
 COOLING
  YESTERDAY       17                        19     -2       21
  MONTH TO DATE  481                       483     -2      481
  SINCE JUN 1    481                       483     -2      481
  SINCE JAN 1   1390                      1135    255     1062
..................................................................


WIND (MPH)
  HIGHEST WIND SPEED    20   HIGHEST WIND DIRECTION    SE (120)
  HIGHEST GUST SPEED    24   HIGHEST GUST DIRECTION     E (110)




RELATIVE HUMIDITY (PERCENT)
 HIGHEST    94
 LOWEST     56
 AVERAGE    75

..........................................................


THE HOUSTON INTERCONTINENTAL CLIMATE NORMALS FOR TODAY
                         NORMAL    RECORD    YEAR
 MAXIMUM TEMPERATURE (F)   93       107      2013
 MINIMUM TEMPERATURE (F)   75        59      1974


SUNRISE AND SUNSET
JUNE 29 2017..........SUNRISE   623 AM CDT   SUNSET   826 PM CDT
JUNE 30 2017..........SUNRISE   624 AM CDT   SUNSET   826 PM CDT


-  INDICATES NEGATIVE NUMBERS.
R  INDICATES RECORD WAS SET OR TIED.
MM INDICATES DATA IS MISSING.
T  INDICATES TRACE AMOUNT.



&&
...................................

...THE HOUSTON/HOBBY AIRPORT CLIMATE SUMMARY FOR JUNE 28 2017...

CLIMATE NORMAL PERIOD 1981 TO 2010
CLIMATE RECORD PERIOD 1930 TO 2017


WEATHER ITEM   OBSERVED TIME   RECORD YEAR NORMAL DEPARTURE LAST
                VALUE   (LST)  VALUE       VALUE  FROM      YEAR
                                                  NORMAL
..................................................................
TEMPERATURE (F)
 YESTERDAY
  MAXIMUM         90    324 PM 101    2009  91     -1       95
  MINIMUM         75    430 AM  64    1974  75      0       73
  AVERAGE         83                        83      0       84

PRECIPITATION (IN)
  YESTERDAY        0.07          1.14 2010   0.23  -0.16     0.38
  MONTH TO DATE    5.12                      6.64  -1.52     8.82
  SINCE JUN 1      5.12                      6.64  -1.52     8.82
  SINCE JAN 1     25.05                     24.92   0.13    33.67

DEGREE DAYS
 COOLING
  YESTERDAY       18                        18      0       19
  MONTH TO DATE  495                       474     21      510
  SINCE JUN 1    495                       474     21      510
  SINCE JAN 1   1429                      1128    301     1281
..................................................................


WIND (MPH)
  HIGHEST WIND SPEED    17   HIGHEST WIND DIRECTION    SE (120)
  HIGHEST GUST SPEED    24   HIGHEST GUST DIRECTION     E (70)




RELATIVE HUMIDITY (PERCENT)
 HIGHEST    94
 LOWEST     59
 AVERAGE    77

..........................................................


THE HOUSTON/HOBBY AIRPORT CLIMATE NORMALS FOR TODAY
                         NORMAL    RECORD    YEAR
 MAXIMUM TEMPERATURE (F)   91       105      2013
 MINIMUM TEMPERATURE (F)   75        64      1974


SUNRISE AND SUNSET
JUNE 29 2017..........SUNRISE   624 AM CDT   SUNSET   825 PM CDT
JUNE 30 2017..........SUNRISE   624 AM CDT   SUNSET   825 PM CDT


-  INDICATES NEGATIVE NUMBERS.
R  INDICATES RECORD WAS SET OR TIED.
MM INDICATES DATA IS MISSING.
T  INDICATES TRACE AMOUNT.

...MISCELLANEOUS CLIMATE DATA FOR YESTERDAY...

LOCATION                        HIGH    LOW     PRECIP
PEARLAND                         90      76      0.16
SUGAR LAND                       90      76       T
TOMBALL                          91      73      0.01
CONROE                           90      70      0.00
HUNTSVILLE                       91      70      0.00
ANGLETON/LAKE JACKSON            88      74      0.01
PALACIOS                         85      71      1.23
LEAGUE CITY (NWS)                87      74      0.16


THIS PRODUCT...ALONG WITH OTHER WEATHER...HYDROLOGIC...AND CLIMATE
PRODUCTS...IS AVAILABLE ON THE WEB AT HTTP://WWW.WEATHER.GOV/HGX


$$
