000
CDUS44 KHGX 230718
CLIHOU


CLIMATE REPORT
NATIONAL WEATHER SERVICE HOUSTON/GALVESTON TX
218 AM CDT WED APR 23 2014


...................................

...THE HOUSTON INTERCONTINENTAL CLIMATE SUMMARY FOR APRIL 22 2014...

CLIMATE NORMAL PERIOD 1981 TO 2010
CLIMATE RECORD PERIOD 1892 TO 2014


WEATHER ITEM   OBSERVED TIME   RECORD YEAR NORMAL DEPARTURE LAST
                VALUE   (LST)  VALUE       VALUE  FROM      YEAR
                                                  NORMAL
..................................................................
TEMPERATURE (F)
 YESTERDAY
  MAXIMUM         87    425 PM  90    2011  81      6       79
                                      2009
  MINIMUM         65   1051 PM  43    1993  61      4       53
                                      1931
  AVERAGE         76                        71      5       66

PRECIPITATION (IN)
  YESTERDAY        0.00          1.50 1996   0.12  -0.12     0.00
  MONTH TO DATE    1.56                      2.31  -0.75     2.62
  SINCE MAR 1      4.01                      5.72  -1.71     3.51
  SINCE JAN 1      7.36                     12.30  -4.94     8.04

SNOWFALL (IN)
  YESTERDAY        0.0          MM      MM
  MONTH TO DATE    0.0
  SINCE MAR 1      0.0
  SINCE JUL 1      T

DEGREE DAYS
 HEATING
  YESTERDAY        0                         1     -1        0
  MONTH TO DATE   41                        34      7       62
  SINCE MAR 1    255                       175     80      238
  SINCE JUL 1   1735                      1363    372     1168

 COOLING
  YESTERDAY       11                         7      4        1
  MONTH TO DATE   96                       112    -16       72
  SINCE MAR 1    128                       183    -55      137
  SINCE JAN 1    162                       221    -59      177
..................................................................


WIND (MPH)
  HIGHEST WIND SPEED    12   HIGHEST WIND DIRECTION     E (70)
  HIGHEST GUST SPEED    16   HIGHEST GUST DIRECTION     E (70)




RELATIVE HUMIDITY (PERCENT)
 HIGHEST    93
 LOWEST     37
 AVERAGE    65

..........................................................


THE HOUSTON INTERCONTINENTAL CLIMATE NORMALS FOR TODAY
                         NORMAL    RECORD    YEAR
 MAXIMUM TEMPERATURE (F)   81        91      1999
 MINIMUM TEMPERATURE (F)   61        44      1998


SUNRISE AND SUNSET
APRIL 23 2014.........SUNRISE   646 AM CDT   SUNSET   754 PM CDT
APRIL 24 2014.........SUNRISE   645 AM CDT   SUNSET   754 PM CDT


-  INDICATES NEGATIVE NUMBERS.
R  INDICATES RECORD WAS SET OR TIED.
MM INDICATES DATA IS MISSING.
T  INDICATES TRACE AMOUNT.




...................................

...THE HOUSTON/HOBBY AIRPORT CLIMATE SUMMARY FOR APRIL 22 2014...

CLIMATE NORMAL PERIOD 1981 TO 2010
CLIMATE RECORD PERIOD 1930 TO 2014


WEATHER ITEM   OBSERVED TIME   RECORD YEAR NORMAL DEPARTURE LAST
                VALUE   (LST)  VALUE       VALUE  FROM      YEAR
                                                  NORMAL
..................................................................
TEMPERATURE (F)
 YESTERDAY
  MAXIMUM         84    445 PM  90    2009  80      4       78
  MINIMUM         64    317 AM  38    1931  63      1       55
  AVERAGE         74                        71      3       67

PRECIPITATION (IN)
  YESTERDAY        0.00          1.78 1949   0.11  -0.11     0.00
  MONTH TO DATE    1.30                      2.28  -0.98     3.25
  SINCE MAR 1      3.84                      5.48  -1.64     4.43
  SINCE JAN 1      6.46                     12.56  -6.10     9.19

SNOWFALL (IN)
  YESTERDAY        0.0          MM      MM
  MONTH TO DATE    0.0
  SINCE MAR 1      0.0
  SINCE JUL 1      T

DEGREE DAYS
 HEATING
  YESTERDAY        0                         0      0        0
  MONTH TO DATE   31                        27      4       49
  SINCE MAR 1    218                       148     70      192
  SINCE JUL 1   1545                      1218    327      960

 COOLING
  YESTERDAY        9                         7      2        2
  MONTH TO DATE   88                       113    -25       70
  SINCE MAR 1    126                       182    -56      141
  SINCE JAN 1    165                       220    -55      187
..................................................................


WIND (MPH)
  HIGHEST WIND SPEED    10   HIGHEST WIND DIRECTION     S (160)
  HIGHEST GUST SPEED    29   HIGHEST GUST DIRECTION    SW (220)




RELATIVE HUMIDITY (PERCENT)
 HIGHEST    93
 LOWEST     51
 AVERAGE    72

..........................................................


THE HOUSTON/HOBBY AIRPORT CLIMATE NORMALS FOR TODAY
                         NORMAL    RECORD    YEAR
 MAXIMUM TEMPERATURE (F)   80        91      1967
 MINIMUM TEMPERATURE (F)   63        45      1931


SUNRISE AND SUNSET
APRIL 23 2014.........SUNRISE   646 AM CDT   SUNSET   753 PM CDT
APRIL 24 2014.........SUNRISE   645 AM CDT   SUNSET   754 PM CDT


-  INDICATES NEGATIVE NUMBERS.
R  INDICATES RECORD WAS SET OR TIED.
MM INDICATES DATA IS MISSING.
T  INDICATES TRACE AMOUNT.




$$
