000
CDUS44 KHGX 251337
CLIHOU

CLIMATE REPORT
NATIONAL WEATHER SERVICE HOUSTON/GALVESTON TX
820 AM CDT MON JUL 25 2016

...MORNING CLIMATE DATA...

                            MORNING LOW    PRECIP SINCE MIDNIGHT
HOUSTON INTERCONTINENTAL         79                0.00
GALVESTON SCHOLES FIELD          82                0.00
BRYAN/COLLEGE STATION            79                 T
HOUSTON HOBBY                    80                0.00


...................................

...THE HOUSTON INTERCONTINENTAL CLIMATE SUMMARY FOR JULY 24 2016...

CLIMATE NORMAL PERIOD 1981 TO 2010
CLIMATE RECORD PERIOD 1892 TO 2016


WEATHER ITEM   OBSERVED TIME   RECORD YEAR NORMAL DEPARTURE LAST
                VALUE   (LST)  VALUE       VALUE  FROM      YEAR
                                                  NORMAL
..................................................................
TEMPERATURE (F)
 YESTERDAY
  MAXIMUM        100    312 PM 101    1954  94      6       98
  MINIMUM         78    611 AM  68    1972  75      3       75
                                      1894
  AVERAGE         89                        85      4       87

PRECIPITATION (IN)
  YESTERDAY        0.00          2.09 1904   0.10  -0.10     0.00
  MONTH TO DATE    0.75                      3.10  -2.35     0.44
  SINCE JUN 1     13.87                      9.03   4.84    11.83
  SINCE JAN 1     42.82                     27.42  15.40    42.27

DEGREE DAYS
 COOLING
  YESTERDAY       24                        20      4       22
  MONTH TO DATE  552                       462     90      495
  SINCE JUN 1   1072                       982     90     1018
  SINCE JAN 1   1653                      1634     19     1710
..................................................................


WIND (MPH)
  HIGHEST WIND SPEED    18   HIGHEST WIND DIRECTION    SE (140)
  HIGHEST GUST SPEED    24   HIGHEST GUST DIRECTION    SE (130)




RELATIVE HUMIDITY (PERCENT)
 HIGHEST    91
 LOWEST     39
 AVERAGE    65

..........................................................


THE HOUSTON INTERCONTINENTAL CLIMATE NORMALS FOR TODAY
                         NORMAL    RECORD    YEAR
 MAXIMUM TEMPERATURE (F)   94       102      1964
 MINIMUM TEMPERATURE (F)   75        65      1894


SUNRISE AND SUNSET
JULY 25 2016..........SUNRISE   637 AM CDT   SUNSET   819 PM CDT
JULY 26 2016..........SUNRISE   637 AM CDT   SUNSET   818 PM CDT


-  INDICATES NEGATIVE NUMBERS.
R  INDICATES RECORD WAS SET OR TIED.
MM INDICATES DATA IS MISSING.
T  INDICATES TRACE AMOUNT.


&&

...................................

...THE HOUSTON/HOBBY AIRPORT CLIMATE SUMMARY FOR JULY 24 2016...

CLIMATE NORMAL PERIOD 1981 TO 2010
CLIMATE RECORD PERIOD 1930 TO 2016


WEATHER ITEM   OBSERVED TIME   RECORD YEAR NORMAL DEPARTURE LAST
                VALUE   (LST)  VALUE       VALUE  FROM      YEAR
                                                  NORMAL
..................................................................
TEMPERATURE (F)
 YESTERDAY
  MAXIMUM         97    249 PM 101    1954  93      4       98
                                      1934
  MINIMUM         79    553 AM  69    1947  76      3       77
                                      1931
  AVERAGE         88                        84      4       88

PRECIPITATION (IN)
  YESTERDAY        0.00          3.98 1959   0.12  -0.12     0.00
  MONTH TO DATE    0.19                      3.80  -3.61     2.57
  SINCE JUN 1      9.02                     10.90  -1.88     7.44
  SINCE JAN 1     33.87                     29.18   4.69    42.30

DEGREE DAYS
 COOLING
  YESTERDAY       23                        19      4       23
  MONTH TO DATE  542                       450     92      492
  SINCE JUN 1   1092                       960    132     1031
  SINCE JAN 1   1863                      1614    249     1770
..................................................................


WIND (MPH)
  HIGHEST WIND SPEED    16   HIGHEST WIND DIRECTION     S (160)
  HIGHEST GUST SPEED    21   HIGHEST GUST DIRECTION    SE (150)




RELATIVE HUMIDITY (PERCENT)
 HIGHEST    91
 LOWEST     45
 AVERAGE    68

..........................................................


THE HOUSTON/HOBBY AIRPORT CLIMATE NORMALS FOR TODAY
                         NORMAL    RECORD    YEAR
 MAXIMUM TEMPERATURE (F)   93       101      1964
 MINIMUM TEMPERATURE (F)   76        68      1931


SUNRISE AND SUNSET
JULY 25 2016..........SUNRISE   637 AM CDT   SUNSET   818 PM CDT
JULY 26 2016..........SUNRISE   638 AM CDT   SUNSET   817 PM CDT


-  INDICATES NEGATIVE NUMBERS.
R  INDICATES RECORD WAS SET OR TIED.
MM INDICATES DATA IS MISSING.
T  INDICATES TRACE AMOUNT.

...MISCELLANEOUS CLIMATE DATA FOR YESTERDAY...

LOCATION                        HIGH    LOW     PRECIP
PEARLAND                         97      80      0.00
SUGAR LAND                       97      75      0.00
TOMBALL                          99      76      0.00
CONROE                          100      75      0.00
HUNTSVILLE                      100      78      0.06
ANGLETON/LAKE JACKSON            97      78       T
PALACIOS                         93      84       T
LEAGUE CITY (NWS)                93      80      0.00


THIS PRODUCT...ALONG WITH OTHER WEATHER...HYDROLOGIC...AND CLIMATE
PRODUCTS...IS AVAILABLE ON THE WEB AT HTTP://WWW.SRH.NOAA.GOV/HGX
OR AT HTTP://WEATHER.GOV



$$
