000
CDUS44 KHGX 221313
CLIHOU

CLIMATE REPORT
NATIONAL WEATHER SERVICE HOUSTON/GALVESTON TX
812 AM CDT TUE AUG 22 2017

...MORNING CLIMATE DATA...

                            MORNING LOW    PRECIP SINCE MIDNIGHT
HOUSTON INTERCONTINENTAL         75                0.00
GALVESTON SCHOLES FIELD          80                0.00
BRYAN/COLLEGE STATION            75                0.00
HOUSTON HOBBY                    78                0.00

...................................

...THE HOUSTON INTERCONTINENTAL CLIMATE SUMMARY FOR AUGUST 21 2017...

CLIMATE NORMAL PERIOD 1981 TO 2010
CLIMATE RECORD PERIOD 1892 TO 2017


WEATHER ITEM   OBSERVED TIME   RECORD YEAR NORMAL DEPARTURE LAST
                VALUE   (LST)  VALUE       VALUE  FROM      YEAR
                                                  NORMAL
..................................................................
TEMPERATURE (F)
 YESTERDAY
  MAXIMUM         94    428 PM 106    1909  94      0       87
  MINIMUM         78   1159 PM  63    1940  75      3       76
  AVERAGE         86                        85      1       82

PRECIPITATION (IN)
  YESTERDAY        0.00          2.00 1908   0.13  -0.13      T
  MONTH TO DATE    7.70                      2.35   5.35     8.81
  SINCE JUN 1     21.18                     12.07   9.11    23.02
  SINCE JAN 1     39.41                     30.46   8.95    51.97

DEGREE DAYS
 COOLING
  YESTERDAY       21                        20      1       17
  MONTH TO DATE  437                       420     17      434
  SINCE JUN 1   1594                      1541     53     1647
  SINCE JAN 1   2503                      2193    310     2228
..................................................................


WIND (MPH)
  HIGHEST WIND SPEED    15   HIGHEST WIND DIRECTION    NE (60)
  HIGHEST GUST SPEED    19   HIGHEST GUST DIRECTION     E (80)


RELATIVE HUMIDITY (PERCENT)
 HIGHEST    94
 LOWEST     49
 AVERAGE    72

..........................................................


THE HOUSTON INTERCONTINENTAL CLIMATE NORMALS FOR TODAY
                         NORMAL    RECORD    YEAR
 MAXIMUM TEMPERATURE (F)   94       106      1980
 MINIMUM TEMPERATURE (F)   75        64      1976


SUNRISE AND SUNSET
AUGUST 22 2017........SUNRISE   653 AM CDT   SUNSET   755 PM CDT
AUGUST 23 2017........SUNRISE   654 AM CDT   SUNSET   754 PM CDT


-  INDICATES NEGATIVE NUMBERS.
R  INDICATES RECORD WAS SET OR TIED.
MM INDICATES DATA IS MISSING.
T  INDICATES TRACE AMOUNT.


&&

...................................

...THE HOUSTON/HOBBY AIRPORT CLIMATE SUMMARY FOR AUGUST 21 2017...

CLIMATE NORMAL PERIOD 1981 TO 2010
CLIMATE RECORD PERIOD 1930 TO 2017


WEATHER ITEM   OBSERVED TIME   RECORD YEAR NORMAL DEPARTURE LAST
                VALUE   (LST)  VALUE       VALUE  FROM      YEAR
                                                  NORMAL
..................................................................
TEMPERATURE (F)
 YESTERDAY
  MAXIMUM         95    407 PM 101    1948  93      2       85
  MINIMUM         81    655 AM  60    1940  76      5       74
  AVERAGE         88                        84      4       80

PRECIPITATION (IN)
  YESTERDAY        T             2.05 2003   0.19  -0.19     0.30
  MONTH TO DATE    1.86                      3.12  -1.26     6.60
  SINCE JUN 1     10.18                     14.88  -4.70    20.84
  SINCE JAN 1     30.11                     33.16  -3.05    45.69

DEGREE DAYS
 COOLING
  YESTERDAY       23                        19      4       15
  MONTH TO DATE  480                       399     81      439
  SINCE JUN 1   1695                      1492    203     1672
  SINCE JAN 1   2629                      2146    483     2443
..................................................................


WIND (MPH)
  HIGHEST WIND SPEED    14   HIGHEST WIND DIRECTION     S (160)
  HIGHEST GUST SPEED    18   HIGHEST GUST DIRECTION     E (110)


RELATIVE HUMIDITY (PERCENT)
 HIGHEST    85
 LOWEST     49
 AVERAGE    67

..........................................................


THE HOUSTON/HOBBY AIRPORT CLIMATE NORMALS FOR TODAY
                         NORMAL    RECORD    YEAR
 MAXIMUM TEMPERATURE (F)   93       100      2011
                                             1980
 MINIMUM TEMPERATURE (F)   76        62      1940


SUNRISE AND SUNSET
AUGUST 22 2017........SUNRISE   653 AM CDT   SUNSET   754 PM CDT
AUGUST 23 2017........SUNRISE   654 AM CDT   SUNSET   753 PM CDT


-  INDICATES NEGATIVE NUMBERS.
R  INDICATES RECORD WAS SET OR TIED.
MM INDICATES DATA IS MISSING.
T  INDICATES TRACE AMOUNT.

...MISCELLANEOUS CLIMATE DATA FOR YESTERDAY...

LOCATION                        HIGH    LOW     PRECIP
PEARLAND                         95      79      0.00
SUGAR LAND                       95      76      0.00
TOMBALL                          95      76      0.00
CONROE                           95      73      0.34
HUNTSVILLE                       96      76      0.00
ANGLETON/LAKE JACKSON            93      74      0.00
PALACIOS                         91      74      0.00
LEAGUE CITY (NWS)                93      77       T


THIS PRODUCT...ALONG WITH OTHER WEATHER...HYDROLOGIC...AND CLIMATE
PRODUCTS...IS AVAILABLE ON THE WEB AT HTTP://WWW.WEATHER.GOV/HGX



$$
