000
CDUS44 KHGX 040849
CLIHOU

CLIMATE REPORT
NATIONAL WEATHER SERVICE HOUSTON/GALVESTON TX
350 AM CDT SAT JUL 4 2015


...................................

...THE HOUSTON INTERCONTINENTAL CLIMATE SUMMARY FOR JULY 3 2015...

CLIMATE NORMAL PERIOD 1981 TO 2010
CLIMATE RECORD PERIOD 1892 TO 2015


WEATHER ITEM   OBSERVED TIME   RECORD YEAR NORMAL DEPARTURE LAST
                VALUE   (LST)  VALUE       VALUE  FROM      YEAR
                                                  NORMAL
..................................................................
TEMPERATURE (F)
 YESTERDAY
  MAXIMUM         94    142 PM 100    2009  93      1       94
                                      1980
  MINIMUM         75    555 AM  66    1977  75      0       73
                                      1910
  AVERAGE         85                        84      1       84

PRECIPITATION (IN)
  YESTERDAY        T             1.29 1942   0.16  -0.16      T
  MONTH TO DATE    0.38                      0.48  -0.10      T
  SINCE JUN 1     11.77                      6.41   5.36     2.18
  SINCE JAN 1     42.21                     24.80  17.41    21.25

DEGREE DAYS
 COOLING
  YESTERDAY       20                        19      1       19
  MONTH TO DATE   52                        57     -5       57
  SINCE JUN 1    575                       577     -2      590
  SINCE JAN 1   1267                      1229     38     1131
..................................................................


WIND (MPH)
  HIGHEST WIND SPEED    23   HIGHEST WIND DIRECTION    SE (150)
  HIGHEST GUST SPEED    25   HIGHEST GUST DIRECTION    SE (150)




RELATIVE HUMIDITY (PERCENT)
 HIGHEST   100
 LOWEST     56
 AVERAGE    78

..........................................................


THE HOUSTON INTERCONTINENTAL CLIMATE NORMALS FOR TODAY
                         NORMAL    RECORD    YEAR
 MAXIMUM TEMPERATURE (F)   93       101      2009
 MINIMUM TEMPERATURE (F)   75        66      1910


SUNRISE AND SUNSET
JULY  4 2015..........SUNRISE   625 AM CDT   SUNSET   826 PM CDT
JULY  5 2015..........SUNRISE   626 AM CDT   SUNSET   826 PM CDT


-  INDICATES NEGATIVE NUMBERS.
R  INDICATES RECORD WAS SET OR TIED.
MM INDICATES DATA IS MISSING.
T  INDICATES TRACE AMOUNT.



&&
...................................

...THE HOUSTON/HOBBY AIRPORT CLIMATE SUMMARY FOR JULY 3 2015...

CLIMATE NORMAL PERIOD 1981 TO 2010
CLIMATE RECORD PERIOD 1930 TO 2015


WEATHER ITEM   OBSERVED TIME   RECORD YEAR NORMAL DEPARTURE LAST
                VALUE   (LST)  VALUE       VALUE  FROM      YEAR
                                                  NORMAL
..................................................................
TEMPERATURE (F)
 YESTERDAY
  MAXIMUM         91   1158 AM  99    1969  91      0       93
  MINIMUM         77    640 AM  69    1938  75      2       75
  AVERAGE         84                        83      1       84

PRECIPITATION (IN)
  YESTERDAY        0.13          2.05 1976   0.20  -0.07     0.00
  MONTH TO DATE    2.03                      0.60   1.43     0.00
  SINCE JUN 1      6.90                      7.70  -0.80     2.98
  SINCE JAN 1     41.76                     25.98  15.78    19.82

DEGREE DAYS
 COOLING
  YESTERDAY       19                        18      1       19
  MONTH TO DATE   50                        54     -4       58
  SINCE JUN 1    589                       564     25      587
  SINCE JAN 1   1328                      1218    110     1138
..................................................................


WIND (MPH)
  HIGHEST WIND SPEED    24   HIGHEST WIND DIRECTION     S (160)
  HIGHEST GUST SPEED    31   HIGHEST GUST DIRECTION    SE (150)




RELATIVE HUMIDITY (PERCENT)
 HIGHEST    94
 LOWEST     59
 AVERAGE    77

..........................................................


THE HOUSTON/HOBBY AIRPORT CLIMATE NORMALS FOR TODAY
                         NORMAL    RECORD    YEAR
 MAXIMUM TEMPERATURE (F)   91       100      1933
 MINIMUM TEMPERATURE (F)   75        69      1962


SUNRISE AND SUNSET
JULY  4 2015..........SUNRISE   626 AM CDT   SUNSET   825 PM CDT
JULY  5 2015..........SUNRISE   626 AM CDT   SUNSET   825 PM CDT


-  INDICATES NEGATIVE NUMBERS.
R  INDICATES RECORD WAS SET OR TIED.
MM INDICATES DATA IS MISSING.
T  INDICATES TRACE AMOUNT.




$$
