000
CDUS44 KHGX 261443
CLIHOU

CLIMATE REPORT
NATIONAL WEATHER SERVICE HOUSTON/GALVESTON TX
838 AM CST FRI DEC 26 2014


...MORNING CLIMATE DATA...

                            MORNING LOW    PRECIP SINCE MIDNIGHT
HOUSTON INTERCONTINENTAL         51                 T
GALVESTON SCHOLES FIELD          63                0.00
BRYAN/COLLEGE STATION            56                0.00
HOUSTON HOBBY                    56                 T


...................................


...THE HOUSTON INTERCONTINENTAL CLIMATE SUMMARY FOR DECEMBER 25 2014...

CLIMATE NORMAL PERIOD 1981 TO 2010
CLIMATE RECORD PERIOD 1892 TO 2014


WEATHER ITEM   OBSERVED TIME   RECORD YEAR NORMAL DEPARTURE LAST
                VALUE   (LST)  VALUE       VALUE  FROM      YEAR
                                                  NORMAL
..................................................................
TEMPERATURE (F)
 YESTERDAY
  MAXIMUM         66    206 PM  82    1964  63      3       58
  MINIMUM         34    711 AM  11    1983  43     -9       35
  AVERAGE         50                        53     -3       47

PRECIPITATION (IN)
  YESTERDAY        0.00          2.09 1916   0.12  -0.12      T
  MONTH TO DATE    4.67                      3.11   1.56     1.66
  SINCE DEC 1      4.67                      3.11   1.56     1.66
  SINCE JAN 1     42.79                     49.14  -6.35    38.84

SNOWFALL (IN)
  YESTERDAY        0.0          MM      MM
  MONTH TO DATE    0.0
  SINCE DEC 1      0.0
  SINCE JUL 1      0.0

DEGREE DAYS
 HEATING
  YESTERDAY       15                        13      2       18
  MONTH TO DATE  164                       277   -113      353
  SINCE DEC 1    164                       277   -113      353
  SINCE JUL 1    412                       462    -50      602
..................................................................


WIND (MPH)
  HIGHEST WIND SPEED    22   HIGHEST WIND DIRECTION    SE (150)
  HIGHEST GUST SPEED    26   HIGHEST GUST DIRECTION     S (160)


RELATIVE HUMIDITY (PERCENT)
 HIGHEST   100
 LOWEST     40
 AVERAGE    70

..........................................................


THE HOUSTON INTERCONTINENTAL CLIMATE NORMALS FOR TODAY
                         NORMAL    RECORD    YEAR
 MAXIMUM TEMPERATURE (F)   63        78      2005
                                             1988
                                             1950
 MINIMUM TEMPERATURE (F)   43        18      1983


SUNRISE AND SUNSET
DECEMBER 26 2014......SUNRISE   715 AM CST   SUNSET   529 PM CST
DECEMBER 27 2014......SUNRISE   716 AM CST   SUNSET   529 PM CST


-  INDICATES NEGATIVE NUMBERS.
R  INDICATES RECORD WAS SET OR TIED.
MM INDICATES DATA IS MISSING.
T  INDICATES TRACE AMOUNT.


&&

...................................

...THE HOUSTON/HOBBY AIRPORT CLIMATE SUMMARY FOR DECEMBER 25 2014...

CLIMATE NORMAL PERIOD 1981 TO 2010
CLIMATE RECORD PERIOD 1930 TO 2014


WEATHER ITEM   OBSERVED TIME   RECORD YEAR NORMAL DEPARTURE LAST
                VALUE   (LST)  VALUE       VALUE  FROM      YEAR
                                                  NORMAL
..................................................................
TEMPERATURE (F)
 YESTERDAY
  MAXIMUM         65    139 PM  82    1964  63      2       60
  MINIMUM         36    716 AM  13    1983  46    -10       39
  AVERAGE         51                        54     -3       50

PRECIPITATION (IN)
  YESTERDAY        0.00          2.04 1982   0.13  -0.13      T
  MONTH TO DATE    3.93                      3.29   0.64     0.87
  SINCE DEC 1      3.93                      3.29   0.64     0.87
  SINCE JAN 1     40.45                     53.91 -13.46    43.06

SNOWFALL (IN)
  YESTERDAY        0.0          MM      MM
  MONTH TO DATE    0.0
  SINCE DEC 1      0.0
  SINCE JUL 1      0.0

DEGREE DAYS
 HEATING
  YESTERDAY       14                        11      3       15
  MONTH TO DATE  142                       249   -107      317
  SINCE DEC 1    142                       249   -107      317
  SINCE JUL 1    356                       405    -49      534
..................................................................


WIND (MPH)
  HIGHEST WIND SPEED    20   HIGHEST WIND DIRECTION     S (160)
  HIGHEST GUST SPEED    26   HIGHEST GUST DIRECTION     S (160)


RELATIVE HUMIDITY (PERCENT)
 HIGHEST    92
 LOWEST     43
 AVERAGE    68

..........................................................


THE HOUSTON/HOBBY AIRPORT CLIMATE NORMALS FOR TODAY
                         NORMAL    RECORD    YEAR
 MAXIMUM TEMPERATURE (F)   63        79      2005
                                             1950
 MINIMUM TEMPERATURE (F)   45        21      1983


SUNRISE AND SUNSET
DECEMBER 26 2014......SUNRISE   714 AM CST   SUNSET   529 PM CST
DECEMBER 27 2014......SUNRISE   715 AM CST   SUNSET   530 PM CST


-  INDICATES NEGATIVE NUMBERS.
R  INDICATES RECORD WAS SET OR TIED.
MM INDICATES DATA IS MISSING.
T  INDICATES TRACE AMOUNT.

...........................................................


...MISCELLANEOUS CLIMATE DATA FOR YESTERDAY...

LOCATION                        HIGH    LOW     PRECIP

PEARLAND                         66      36      0.00
SUGAR LAND                       67      34      0.00
TOMBALL                          67      32      0.00
CONROE                           64      28      0.00
HUNTSVILLE                       64      37      0.00
ANGLETON/LAKE JACKSON            65      33      0.00
PALACIOS                         66      40      0.00
LEAGUE CITY (NWS)                65      35      0.00


THIS PRODUCT...ALONG WITH OTHER WEATHER...HYDROLOGIC...AND CLIMATE
PRODUCTS...IS AVAILABLE ON THE WEB AT HTTP://WWW.SRH.NOAA.GOV/HGX
OR AT HTTP://WEATHER.GOV

$$
