000
CDUS44 KHGX 051315
CLIHOU

CLIMATE REPORT
NATIONAL WEATHER SERVICE HOUSTON/GALVESTON TX
813 AM CDT THU MAY 5 2016


...MORNING CLIMATE DATA...

                            MORNING LOW    PRECIP SINCE MIDNIGHT
HOUSTON INTERCONTINENTAL         59                0.00
GALVESTON SCHOLES FIELD          65                0.00
BRYAN/COLLEGE STATION            58                0.00
HOUSTON HOBBY                    62                0.00

...................................

...THE HOUSTON INTERCONTINENTAL CLIMATE SUMMARY FOR MAY 4 2016...

CLIMATE NORMAL PERIOD 1981 TO 2010
CLIMATE RECORD PERIOD 1892 TO 2016


WEATHER ITEM   OBSERVED TIME   RECORD YEAR NORMAL DEPARTURE LAST
                VALUE   (LST)  VALUE       VALUE  FROM      YEAR
                                                  NORMAL
..................................................................
TEMPERATURE (F)
 YESTERDAY
  MAXIMUM         82    336 PM  94    1890  84     -2       84
  MINIMUM         54    533 AM  42    2013  65    -11       61
  AVERAGE         68                        74     -6       73

PRECIPITATION (IN)
  YESTERDAY        0.00          1.72 1953   0.16  -0.16     0.00
  MONTH TO DATE    0.05                      0.62  -0.57     0.00
  SINCE MAR 1     17.69                      7.34  10.35    12.44
  SINCE JAN 1     21.80                     13.92   7.88    16.27

DEGREE DAYS
 COOLING
  YESTERDAY        3                         9     -6        8
  MONTH TO DATE   20                        35    -15       24
  SINCE MAR 1    262                       278    -16      328
  SINCE JAN 1    299                       316    -17      338
..................................................................


WIND (MPH)
  HIGHEST WIND SPEED    18   HIGHEST WIND DIRECTION    NW (310)
  HIGHEST GUST SPEED    31   HIGHEST GUST DIRECTION     N (20)


RELATIVE HUMIDITY (PERCENT)
 HIGHEST    86
 LOWEST     35
 AVERAGE    61

..........................................................


THE HOUSTON INTERCONTINENTAL CLIMATE NORMALS FOR TODAY
                         NORMAL    RECORD    YEAR
 MAXIMUM TEMPERATURE (F)   84        94      1906
 MINIMUM TEMPERATURE (F)   65        49      1970


SUNRISE AND SUNSET
MAY  5 2016...........SUNRISE   635 AM CDT   SUNSET   802 PM CDT
MAY  6 2016...........SUNRISE   634 AM CDT   SUNSET   802 PM CDT


-  INDICATES NEGATIVE NUMBERS.
R  INDICATES RECORD WAS SET OR TIED.
MM INDICATES DATA IS MISSING.
T  INDICATES TRACE AMOUNT.


&&

...................................

...THE HOUSTON/HOBBY AIRPORT CLIMATE SUMMARY FOR MAY 4 2016...

CLIMATE NORMAL PERIOD 1981 TO 2010
CLIMATE RECORD PERIOD 1930 TO 2016


WEATHER ITEM   OBSERVED TIME   RECORD YEAR NORMAL DEPARTURE LAST
                VALUE   (LST)  VALUE       VALUE  FROM      YEAR
                                                  NORMAL
..................................................................
TEMPERATURE (F)
 YESTERDAY
  MAXIMUM         84    436 PM  94    1947  83      1       82
  MINIMUM         58    542 AM  44    1978  66     -8       66
  AVERAGE         71                        74     -3       74

PRECIPITATION (IN)
  YESTERDAY        0.00          1.91 1944   0.14  -0.14     0.00
  MONTH TO DATE    0.07                      0.56  -0.49     0.00
  SINCE MAR 1     13.16                      7.01   6.15    14.58
  SINCE JAN 1     17.33                     14.09   3.24    20.46

DEGREE DAYS
 COOLING
  YESTERDAY        6                         9     -3        9
  MONTH TO DATE   31                        36     -5       27
  SINCE MAR 1    382                       278    104      350
  SINCE JAN 1    420                       316    104      360
..................................................................


WIND (MPH)
  HIGHEST WIND SPEED    18   HIGHEST WIND DIRECTION    NW (310)
  HIGHEST GUST SPEED    26   HIGHEST GUST DIRECTION     N (340)


RELATIVE HUMIDITY (PERCENT)
 HIGHEST    80
 LOWEST     28
 AVERAGE    54

..........................................................


THE HOUSTON/HOBBY AIRPORT CLIMATE NORMALS FOR TODAY
                         NORMAL    RECORD    YEAR
 MAXIMUM TEMPERATURE (F)   83        94      1947
 MINIMUM TEMPERATURE (F)   66        50      1944


SUNRISE AND SUNSET
MAY  5 2016...........SUNRISE   635 AM CDT   SUNSET   801 PM CDT
MAY  6 2016...........SUNRISE   634 AM CDT   SUNSET   802 PM CDT


-  INDICATES NEGATIVE NUMBERS.
R  INDICATES RECORD WAS SET OR TIED.
MM INDICATES DATA IS MISSING.
T  INDICATES TRACE AMOUNT.

...........................................................

...MISCELLANEOUS CLIMATE DATA FOR YESTERDAY...

LOCATION                        HIGH    LOW     PRECIP

PEARLAND                         85      57      0.00
SUGAR LAND                       81      53      0.00
TOMBALL                          82      54      0.00
CONROE                           82      49      0.00
HUNTSVILLE                       82      52      0.00
ANGLETON/LAKE JACKSON            83      54      0.00
PALACIOS                         84      54      0.00
LEAGUE CITY (NWS)                83      57      0.00


THIS PRODUCT...ALONG WITH OTHER WEATHER...HYDROLOGIC...AND CLIMATE
PRODUCTS...IS AVAILABLE ON THE WEB AT HTTP://WWW.SRH.NOAA.GOV/HGX
OR AT HTTP://WEATHER.GOV

$$
