000
CDUS44 KHGX 300726
CLIHOU


CLIMATE REPORT
NATIONAL WEATHER SERVICE HOUSTON/GALVESTON TX
225 AM CDT SAT MAY 30 2015


...................................

...THE HOUSTON INTERCONTINENTAL CLIMATE SUMMARY FOR MAY 29 2015...

CLIMATE NORMAL PERIOD 1981 TO 2010
CLIMATE RECORD PERIOD 1892 TO 2015


WEATHER ITEM   OBSERVED TIME   RECORD YEAR NORMAL DEPARTURE LAST
                VALUE   (LST)  VALUE       VALUE  FROM      YEAR
                                                  NORMAL
..................................................................
TEMPERATURE (F)
 YESTERDAY
  MAXIMUM         89    356 PM  99    1996  89      0       88
  MINIMUM         70    708 AM  58    1984  71     -1       68
                                      1973
                                      1901
  AVERAGE         80                        80      0       78

PRECIPITATION (IN)
  YESTERDAY        0.01          4.33 2006   0.17  -0.16     0.00
  MONTH TO DATE   13.60                      4.75   8.85     9.94
  SINCE MAR 1     26.04                     11.47  14.57    13.95
  SINCE JAN 1     29.87                     18.05  11.82    17.30

DEGREE DAYS
 COOLING
  YESTERDAY       15                        15      0       13
  MONTH TO DATE  350                       341      9      267
  SINCE MAR 1    654                       584     70      480
  SINCE JAN 1    664                       622     42      514
..................................................................


WIND (MPH)
  HIGHEST WIND SPEED    16   HIGHEST WIND DIRECTION    SE (130)
  HIGHEST GUST SPEED    23   HIGHEST GUST DIRECTION     W (260)




RELATIVE HUMIDITY (PERCENT)
 HIGHEST    94
 LOWEST     46
 AVERAGE    70

..........................................................


THE HOUSTON INTERCONTINENTAL CLIMATE NORMALS FOR TODAY
                         NORMAL    RECORD    YEAR
 MAXIMUM TEMPERATURE (F)   89        97      2003
                                             1998
 MINIMUM TEMPERATURE (F)   71        53      1984


SUNRISE AND SUNSET
MAY 30 2015...........SUNRISE   621 AM CDT   SUNSET   817 PM CDT
MAY 31 2015...........SUNRISE   621 AM CDT   SUNSET   817 PM CDT


-  INDICATES NEGATIVE NUMBERS.
R  INDICATES RECORD WAS SET OR TIED.
MM INDICATES DATA IS MISSING.
T  INDICATES TRACE AMOUNT.




...................................

...THE HOUSTON/HOBBY AIRPORT CLIMATE SUMMARY FOR MAY 29 2015...

CLIMATE NORMAL PERIOD 1981 TO 2010
CLIMATE RECORD PERIOD 1930 TO 2015


WEATHER ITEM   OBSERVED TIME   RECORD YEAR NORMAL DEPARTURE LAST
                VALUE   (LST)  VALUE       VALUE  FROM      YEAR
                                                  NORMAL
..................................................................
TEMPERATURE (F)
 YESTERDAY
  MAXIMUM         87    502 PM  97    1998  88     -1       88
  MINIMUM         71    741 AM  56    1934  72     -1       69
  AVERAGE         79                        80     -1       79

PRECIPITATION (IN)
  YESTERDAY        0.09          2.35 1978   0.18  -0.09     0.00
  MONTH TO DATE   12.91                      4.41   8.50    10.32
  SINCE MAR 1     27.49                     10.86  16.63    14.17
  SINCE JAN 1     33.37                     17.94  15.43    16.79

DEGREE DAYS
 COOLING
  YESTERDAY       14                        15     -1       14
  MONTH TO DATE  377                       344     33      268
  SINCE MAR 1    700                       586    114      483
  SINCE JAN 1    710                       624     86      522
..................................................................


WIND (MPH)
  HIGHEST WIND SPEED    13   HIGHEST WIND DIRECTION     S (180)
  HIGHEST GUST SPEED    23   HIGHEST GUST DIRECTION     S (200)




RELATIVE HUMIDITY (PERCENT)
 HIGHEST    94
 LOWEST     46
 AVERAGE    70

..........................................................


THE HOUSTON/HOBBY AIRPORT CLIMATE NORMALS FOR TODAY
                         NORMAL    RECORD    YEAR
 MAXIMUM TEMPERATURE (F)   88        99      1998
 MINIMUM TEMPERATURE (F)   72        58      1984


SUNRISE AND SUNSET
MAY 30 2015...........SUNRISE   622 AM CDT   SUNSET   816 PM CDT
MAY 31 2015...........SUNRISE   622 AM CDT   SUNSET   816 PM CDT


-  INDICATES NEGATIVE NUMBERS.
R  INDICATES RECORD WAS SET OR TIED.
MM INDICATES DATA IS MISSING.
T  INDICATES TRACE AMOUNT.




$$
