366
CDUS44 KHGX 261317
CLIHOU

CLIMATE REPORT
NATIONAL WEATHER SERVICE HOUSTON/GALVESTON TX
815 AM CDT FRI AUG 26 2016

...MORNING CLIMATE DATA...

                            MORNING LOW    PRECIP SINCE MIDNIGHT
HOUSTON INTERCONTINENTAL         75                 T
GALVESTON SCHOLES FIELD          76                0.80
BRYAN/COLLEGE STATION            74                0.00
HOUSTON HOBBY                    78                 T

...................................

...THE HOUSTON INTERCONTINENTAL CLIMATE SUMMARY FOR AUGUST 25 2016...

CLIMATE NORMAL PERIOD 1981 TO 2010
CLIMATE RECORD PERIOD 1892 TO 2016


WEATHER ITEM   OBSERVED TIME   RECORD YEAR NORMAL DEPARTURE LAST
                VALUE   (LST)  VALUE       VALUE  FROM      YEAR
                                                  NORMAL
..................................................................
TEMPERATURE (F)
 YESTERDAY
  MAXIMUM         91   1148 AM 103    1924  94     -3       94
  MINIMUM         75    213 PM  55    1891  75      0       73
  AVERAGE         83                        84     -1       84

PRECIPITATION (IN)
  YESTERDAY        0.42          1.90 1931   0.13   0.29     0.18
  MONTH TO DATE    9.56                      2.88   6.68     2.94
  SINCE JUN 1     23.77                     12.60  11.17    14.94
  SINCE JAN 1     52.72                     30.99  21.73    45.38

DEGREE DAYS
 COOLING
  YESTERDAY       18                        19     -1       19
  MONTH TO DATE  508                       497     11      537
  SINCE JUN 1   1721                      1618    103     1720
  SINCE JAN 1   2302                      2270     32     2412
..................................................................


WIND (MPH)
  HIGHEST WIND SPEED    20   HIGHEST WIND DIRECTION     N (350)
  HIGHEST GUST SPEED    22   HIGHEST GUST DIRECTION    NW (330)




RELATIVE HUMIDITY (PERCENT)
 HIGHEST   100
 LOWEST     59
 AVERAGE    80

..........................................................


THE HOUSTON INTERCONTINENTAL CLIMATE NORMALS FOR TODAY
                         NORMAL    RECORD    YEAR
 MAXIMUM TEMPERATURE (F)   94       104      2011
 MINIMUM TEMPERATURE (F)   74        57      1891


SUNRISE AND SUNSET
AUGUST 26 2016........SUNRISE   655 AM CDT   SUNSET   750 PM CDT
AUGUST 27 2016........SUNRISE   656 AM CDT   SUNSET   749 PM CDT


-  INDICATES NEGATIVE NUMBERS.
R  INDICATES RECORD WAS SET OR TIED.
MM INDICATES DATA IS MISSING.
T  INDICATES TRACE AMOUNT.


&&

...................................

...THE HOUSTON/HOBBY AIRPORT CLIMATE SUMMARY FOR AUGUST 25 2016...

CLIMATE NORMAL PERIOD 1981 TO 2010
CLIMATE RECORD PERIOD 1930 TO 2016


WEATHER ITEM   OBSERVED TIME   RECORD YEAR NORMAL DEPARTURE LAST
                VALUE   (LST)  VALUE       VALUE  FROM      YEAR
                                                  NORMAL
..................................................................
TEMPERATURE (F)
 YESTERDAY
  MAXIMUM         90   1145 AM  98    2014  92     -2       94
                                      1990
                                      1980
  MINIMUM         78    530 AM  67    1966  76      2       73
                                      1931
  AVERAGE         84                        84      0       84

PRECIPITATION (IN)
  YESTERDAY        0.05          1.81 2015   0.19  -0.14     1.81
  MONTH TO DATE    7.48                      3.88   3.60    10.76
  SINCE JUN 1     21.72                     15.64   6.08    18.20
  SINCE JAN 1     46.57                     33.92  12.65    53.06

DEGREE DAYS
 COOLING
  YESTERDAY       19                        19      0       19
  MONTH TO DATE  517                       475     42      537
  SINCE JUN 1   1750                      1568    182     1733
  SINCE JAN 1   2521                      2222    299     2472
..................................................................


WIND (MPH)
  HIGHEST WIND SPEED    18   HIGHEST WIND DIRECTION     N (10)
  HIGHEST GUST SPEED    23   HIGHEST GUST DIRECTION     N (10)




RELATIVE HUMIDITY (PERCENT)
 HIGHEST    91
 LOWEST     64
 AVERAGE    78

..........................................................


THE HOUSTON/HOBBY AIRPORT CLIMATE NORMALS FOR TODAY
                         NORMAL    RECORD    YEAR
 MAXIMUM TEMPERATURE (F)   92       100      1990
 MINIMUM TEMPERATURE (F)   76        66      1966
                                             1931


SUNRISE AND SUNSET
AUGUST 26 2016........SUNRISE   655 AM CDT   SUNSET   750 PM CDT
AUGUST 27 2016........SUNRISE   656 AM CDT   SUNSET   748 PM CDT


-  INDICATES NEGATIVE NUMBERS.
R  INDICATES RECORD WAS SET OR TIED.
MM INDICATES DATA IS MISSING.
T  INDICATES TRACE AMOUNT.

...MISCELLANEOUS CLIMATE DATA FOR TODAY...

LOCATION                        HIGH    LOW     PRECIP
PEARLAND                         82      78       T
SUGAR LAND                       79      75      0.04
TOMBALL                          76      75      0.00
CONROE                           75      73      0.00
HUNTSVILLE                       78      75      0.00
ANGLETON/LAKE JACKSON            80      77       T
PALACIOS                         80      75      0.00
LEAGUE CITY (NWS)                90      75       T


THIS PRODUCT...ALONG WITH OTHER WEATHER...HYDROLOGIC...AND CLIMATE
PRODUCTS...IS AVAILABLE ON THE WEB AT HTTP://WWW.SRH.NOAA.GOV/HGX
OR AT HTTP://WEATHER.GOV



$$
