862
CDUS44 KHGX 260750
CLIHOU

CLIMATE REPORT
NATIONAL WEATHER SERVICE HOUSTON/GALVESTON TX
224 AM CDT THU MAY 26 2016


...................................

...THE HOUSTON INTERCONTINENTAL CLIMATE SUMMARY FOR MAY 25 2016...

CLIMATE NORMAL PERIOD 1981 TO 2010
CLIMATE RECORD PERIOD 1892 TO 2016


WEATHER ITEM   OBSERVED TIME   RECORD YEAR NORMAL DEPARTURE LAST
                VALUE   (LST)  VALUE       VALUE  FROM      YEAR
                                                  NORMAL
..................................................................
TEMPERATURE (F)
 YESTERDAY
  MAXIMUM         89    300 PM  95    2011  88      1       88
                                      1927
  MINIMUM         76    546 AM  56    1979  70      6       66
                                      1891
  AVERAGE         83                        79      4       77

PRECIPITATION (IN)
  YESTERDAY        0.00          4.34 2015   0.16  -0.16     4.34
  MONTH TO DATE    2.75                      4.07  -1.32    11.41
  SINCE MAR 1     20.39                     10.79   9.60    23.85
  SINCE JAN 1     24.50                     17.37   7.13    27.68

DEGREE DAYS
 COOLING
  YESTERDAY       18                        14      4       12
  MONTH TO DATE  232                       283    -51      298
  SINCE MAR 1    474                       526    -52      602
  SINCE JAN 1    511                       564    -53      612
..................................................................


WIND (MPH)
  HIGHEST WIND SPEED    23   HIGHEST WIND DIRECTION    SE (140)
  HIGHEST GUST SPEED    28   HIGHEST GUST DIRECTION    SE (140)




RELATIVE HUMIDITY (PERCENT)
 HIGHEST   100
 LOWEST     59
 AVERAGE    80

..........................................................


THE HOUSTON INTERCONTINENTAL CLIMATE NORMALS FOR TODAY
                         NORMAL    RECORD    YEAR
 MAXIMUM TEMPERATURE (F)   89        98      2011
 MINIMUM TEMPERATURE (F)   70        57      1979


SUNRISE AND SUNSET
MAY 26 2016...........SUNRISE   622 AM CDT   SUNSET   815 PM CDT
MAY 27 2016...........SUNRISE   622 AM CDT   SUNSET   815 PM CDT


-  INDICATES NEGATIVE NUMBERS.
R  INDICATES RECORD WAS SET OR TIED.
MM INDICATES DATA IS MISSING.
T  INDICATES TRACE AMOUNT.


&&

...................................

...THE HOUSTON/HOBBY AIRPORT CLIMATE SUMMARY FOR MAY 25 2016...

CLIMATE NORMAL PERIOD 1981 TO 2010
CLIMATE RECORD PERIOD 1930 TO 2016


WEATHER ITEM   OBSERVED TIME   RECORD YEAR NORMAL DEPARTURE LAST
                VALUE   (LST)  VALUE       VALUE  FROM      YEAR
                                                  NORMAL
..................................................................
TEMPERATURE (F)
 YESTERDAY
  MAXIMUM         90    410 PM  94    2005  87      3       87
  MINIMUM         79    540 AM  57    1931  71      8       66
  AVERAGE         85                        79      6       77

PRECIPITATION (IN)
  YESTERDAY        0.00          3.95 2015   0.18  -0.18     3.95
  MONTH TO DATE    4.90                      3.69   1.21    10.28
  SINCE MAR 1     17.99                     10.14   7.85    24.86
  SINCE JAN 1     22.16                     17.22   4.94    30.74

DEGREE DAYS
 COOLING
  YESTERDAY       20                        14      6       12
  MONTH TO DATE  296                       286     10      326
  SINCE MAR 1    647                       528    119      649
  SINCE JAN 1    685                       566    119      659
..................................................................


WIND (MPH)
  HIGHEST WIND SPEED    18   HIGHEST WIND DIRECTION    SE (150)
  HIGHEST GUST SPEED    28   HIGHEST GUST DIRECTION     S (180)




RELATIVE HUMIDITY (PERCENT)
 HIGHEST    91
 LOWEST     59
 AVERAGE    75

..........................................................


THE HOUSTON/HOBBY AIRPORT CLIMATE NORMALS FOR TODAY
                         NORMAL    RECORD    YEAR
 MAXIMUM TEMPERATURE (F)   88        97      2011
 MINIMUM TEMPERATURE (F)   71        60      1979
                                             1935


SUNRISE AND SUNSET
MAY 26 2016...........SUNRISE   623 AM CDT   SUNSET   814 PM CDT
MAY 27 2016...........SUNRISE   623 AM CDT   SUNSET   814 PM CDT


-  INDICATES NEGATIVE NUMBERS.
R  INDICATES RECORD WAS SET OR TIED.
MM INDICATES DATA IS MISSING.
T  INDICATES TRACE AMOUNT.




$$
