000
CDUS46 KSEW 120832
CLIHQM


CLIMATE REPORT
NATIONAL WEATHER SERVICE SEATTLE WA
1231 AM PST FRI FEB 12 2016


...................................

...THE HOQUIAM WA AIRPORT CLIMATE SUMMARY FOR FEBRUARY 11 2016...

CLIMATE NORMAL PERIOD 1981 TO 2010
CLIMATE RECORD PERIOD 1953 TO 2016


WEATHER ITEM   OBSERVED TIME   RECORD YEAR NORMAL DEPARTURE LAST
                VALUE   (LST)  VALUE       VALUE  FROM      YEAR
                                                  NORMAL
..................................................................
TEMPERATURE (F)
 YESTERDAY
  MAXIMUM         53   1159 PM  66    1963  49      4       56
  MINIMUM         49    738 AM  29    1959  38     11       45
                                      1954
  AVERAGE         51                        44      7       51

PRECIPITATION (IN)
  YESTERDAY        0.73          1.89 1975   0.27   0.46     0.05
  MONTH TO DATE    2.25                      3.08  -0.83     4.59
  SINCE OCT 1     49.97                     41.07   8.90    47.01
  SINCE JAN 1     16.55                     13.41   3.14    15.59

DEGREE DAYS
 HEATING
  YESTERDAY       14                        21     -7       14
  MONTH TO DATE  187                       241    -54      150
  SINCE DEC 1   1496                      1662   -166     1319

 COOLING
  YESTERDAY        0                         0      0        0
  MONTH TO DATE    0                         0      0        0
  SINCE DEC 1      0                         0      0        0
  SINCE JAN 1      0                         0      0        0
..................................................................


WIND (MPH)
  RESULTANT WIND SPEED   8   RESULTANT WIND DIRECTION  NE (60)
  HIGHEST WIND SPEED    16   HIGHEST WIND DIRECTION    NE (50)
  HIGHEST GUST SPEED    24   HIGHEST GUST DIRECTION    NE (50)
  AVERAGE WIND SPEED     9.4


SKY COVER
  AVERAGE SKY COVER 0.9


WEATHER CONDITIONS
 THE FOLLOWING WEATHER WAS RECORDED YESTERDAY.
  RAIN
  LIGHT RAIN
  FOG


RELATIVE HUMIDITY (PERCENT)
 HIGHEST   100          1200 AM
 LOWEST     86           200 AM
 AVERAGE    93

..........................................................


THE HOQUIAM WA AIRPORT CLIMATE NORMALS FOR TODAY
                         NORMAL    RECORD    YEAR
 MAXIMUM TEMPERATURE (F)   50        65      1996
 MINIMUM TEMPERATURE (F)   38        28      2009


SUNRISE AND SUNSET
FEBRUARY 12 2016......SUNRISE   725 AM PST   SUNSET   535 PM PST
FEBRUARY 13 2016......SUNRISE   724 AM PST   SUNSET   537 PM PST


-  INDICATES NEGATIVE NUMBERS.
R  INDICATES RECORD WAS SET OR TIED.
MM INDICATES DATA IS MISSING.
T  INDICATES TRACE AMOUNT.




$$
