000
CDUS46 KSEW 280828
CLIHQM


CLIMATE REPORT
NATIONAL WEATHER SERVICE SEATTLE WA
1228 AM PST SAT FEB 28 2015


...................................

...THE HOQUIAM WA AIRPORT CLIMATE SUMMARY FOR FEBRUARY 27 2015...

CLIMATE NORMAL PERIOD 1981 TO 2010
CLIMATE RECORD PERIOD 1953 TO 2015


WEATHER ITEM   OBSERVED TIME   RECORD YEAR NORMAL DEPARTURE LAST
                VALUE   (LST)  VALUE       VALUE  FROM      YEAR
                                                  NORMAL
..................................................................
TEMPERATURE (F)
 YESTERDAY
  MAXIMUM         54    240 PM  70    1968  51      3       52
  MINIMUM         47   1159 PM  23    1962  38      9       40
  AVERAGE         51                        44      7       46

PRECIPITATION (IN)
  YESTERDAY        0.04          2.14 1999   0.24  -0.20     0.00
  MONTH TO DATE    4.87                      6.97  -2.10     8.02
  SINCE OCT 1     47.29                     44.96   2.33    26.63
  SINCE JAN 1     15.87                     17.30  -1.43    14.52

DEGREE DAYS
 HEATING
  YESTERDAY       14                        21     -7       19
  MONTH TO DATE  395                       577   -182      647
  SINCE DEC 1   1564                      1998   -434     2128

 COOLING
  YESTERDAY        0                         0      0        0
  MONTH TO DATE    0                         0      0        0
  SINCE DEC 1      0                         0      0        0
  SINCE JAN 1      0                         0      0        0
..................................................................


WIND (MPH)
  RESULTANT WIND SPEED   7   RESULTANT WIND DIRECTION  NE (40)
  HIGHEST WIND SPEED    18   HIGHEST WIND DIRECTION    NE (30)
  HIGHEST GUST SPEED    25   HIGHEST GUST DIRECTION    NE (40)
  AVERAGE WIND SPEED     8.6


SKY COVER
  AVERAGE SKY COVER 0.9


WEATHER CONDITIONS
 THE FOLLOWING WEATHER WAS RECORDED YESTERDAY.
  RAIN
  LIGHT RAIN
  FOG


RELATIVE HUMIDITY (PERCENT)
 HIGHEST    93           100 AM
 LOWEST     61           800 PM
 AVERAGE    77

..........................................................


THE HOQUIAM WA AIRPORT CLIMATE NORMALS FOR TODAY
                         NORMAL    RECORD    YEAR
 MAXIMUM TEMPERATURE (F)   51        70      1968
 MINIMUM TEMPERATURE (F)   38        23      1971


SUNRISE AND SUNSET
FEBRUARY 28 2015......SUNRISE   658 AM PST   SUNSET   600 PM PST
MARCH  1 2015.........SUNRISE   656 AM PST   SUNSET   601 PM PST


-  INDICATES NEGATIVE NUMBERS.
R  INDICATES RECORD WAS SET OR TIED.
MM INDICATES DATA IS MISSING.
T  INDICATES TRACE AMOUNT.




$$
