000
CDUS46 KSEW 010127
CLIHQM


CLIMATE REPORT
NATIONAL WEATHER SERVICE SEATTLE WA
626 PM PDT TUE MAY 31 2016


...................................

...THE HOQUIAM WA AIRPORT CLIMATE SUMMARY FOR MAY 31 2016...
VALID TODAY AS OF 0600 PM LOCAL TIME.

CLIMATE NORMAL PERIOD 1981 TO 2010
CLIMATE RECORD PERIOD 1953 TO 2016


WEATHER ITEM   OBSERVED TIME   RECORD YEAR NORMAL DEPARTURE LAST
                VALUE   (LST)  VALUE       VALUE  FROM      YEAR
                                                  NORMAL
..................................................................
TEMPERATURE (F)
 TODAY
  MAXIMUM         74    124 PM  85    1970  61     13       67
  MINIMUM         48    418 AM  35    1953  49     -1       51
  AVERAGE         61                        55      6       59

PRECIPITATION (IN)
  TODAY            0.00          1.92 1968   0.10  -0.10     0.00
  MONTH TO DATE    1.11                      3.29  -2.18     0.28
  SINCE OCT 1     72.98                     60.58  12.40    57.53
  SINCE JAN 1     39.56                     32.92   6.64    26.11

DEGREE DAYS
 HEATING
  TODAY            4                        10     -6        6
  MONTH TO DATE  286                       370    -84      324
  SINCE MAR 1   1143                      1451   -308     1259

 COOLING
  TODAY            0                         0      0        0
  MONTH TO DATE    1                         1      0        0
  SINCE MAR 1      5                         1      4        0
  SINCE JAN 1      5                         1      4        0
..................................................................


WIND (MPH)
  RESULTANT WIND SPEED   1   RESULTANT WIND DIRECTION   W (260)
  HIGHEST WIND SPEED    18   HIGHEST WIND DIRECTION     W (260)
  HIGHEST GUST SPEED    22   HIGHEST GUST DIRECTION     W (260)
  AVERAGE WIND SPEED     7.1


SKY COVER
  AVERAGE SKY COVER 0.0


WEATHER CONDITIONS
 THE FOLLOWING WEATHER WAS RECORDED TODAY.
  FOG


RELATIVE HUMIDITY (PERCENT)
 HIGHEST    93           400 AM
 LOWEST     44           200 PM
 AVERAGE    69

..........................................................


THE HOQUIAM WA AIRPORT CLIMATE NORMALS FOR TOMORROW
                         NORMAL    RECORD    YEAR
 MAXIMUM TEMPERATURE (F)   62        95      1970
 MINIMUM TEMPERATURE (F)   49        39      1976
                                             1966


SUNRISE AND SUNSET
MAY 31 2016...........SUNRISE   525 AM PDT   SUNSET   903 PM PDT
JUNE  1 2016..........SUNRISE   524 AM PDT   SUNSET   903 PM PDT


-  INDICATES NEGATIVE NUMBERS.
R  INDICATES RECORD WAS SET OR TIED.
MM INDICATES DATA IS MISSING.
T  INDICATES TRACE AMOUNT.




$$
