000
CDUS46 KSEW 300827
CLIHQM


CLIMATE REPORT
NATIONAL WEATHER SERVICE SEATTLE WA
126 AM PDT WED JUL 30 2014


...................................

...THE HOQUIAM WA AIRPORT CLIMATE SUMMARY FOR JULY 29 2014...

CLIMATE NORMAL PERIOD 1981 TO 2010
CLIMATE RECORD PERIOD 1953 TO 2014


WEATHER ITEM   OBSERVED TIME   RECORD YEAR NORMAL DEPARTURE LAST
                VALUE   (LST)  VALUE       VALUE  FROM      YEAR
                                                  NORMAL
..................................................................
TEMPERATURE (F)
 YESTERDAY
  MAXIMUM         71    333 PM  80    1990  67      4       65
  MINIMUM         52    652 AM  45    1969  54     -2       56
                                      1959
  AVERAGE         62                        61      1       61

PRECIPITATION (IN)
  YESTERDAY        0.00          0.37 2001   0.03  -0.03     0.00
  MONTH TO DATE    0.83                      1.09  -0.26      T
  SINCE OCT 1     53.77                     63.91 -10.14    46.17
  SINCE JAN 1     41.66                     36.25   5.41    32.56

DEGREE DAYS
 HEATING
  YESTERDAY        3                         4     -1        4
  MONTH TO DATE  112                       149    -37      134
  SINCE JUN 1    316                       395    -79      309

 COOLING
  YESTERDAY        0                         0      0        0
  MONTH TO DATE    8                         0      8        0
  SINCE JUN 1      8                         2      6        8
  SINCE JAN 1     23                         3     20       11
..................................................................


WIND (MPH)
  RESULTANT WIND SPEED   7   RESULTANT WIND DIRECTION   W (250)
  HIGHEST WIND SPEED    20   HIGHEST WIND DIRECTION     W (260)
  HIGHEST GUST SPEED    27   HIGHEST GUST DIRECTION     W (270)
  AVERAGE WIND SPEED     7.6


SKY COVER
  AVERAGE SKY COVER 0.6


WEATHER CONDITIONS
 THE FOLLOWING WEATHER WAS RECORDED YESTERDAY.
  FOG
  FOG W/VISIBILITY <= 1/4 MILE


RELATIVE HUMIDITY (PERCENT)
 HIGHEST   100           100 AM
 LOWEST     66           400 PM
 AVERAGE    83

..........................................................


THE HOQUIAM WA AIRPORT CLIMATE NORMALS FOR TODAY
                         NORMAL    RECORD    YEAR
 MAXIMUM TEMPERATURE (F)   67        93      1959
 MINIMUM TEMPERATURE (F)   54        45      1969


SUNRISE AND SUNSET
JULY 30 2014..........SUNRISE   553 AM PDT   SUNSET   851 PM PDT
JULY 31 2014..........SUNRISE   554 AM PDT   SUNSET   849 PM PDT


-  INDICATES NEGATIVE NUMBERS.
R  INDICATES RECORD WAS SET OR TIED.
MM INDICATES DATA IS MISSING.
T  INDICATES TRACE AMOUNT.




$$
