000
CDUS46 KSEW 180834
CLIHQM


CLIMATE REPORT
NATIONAL WEATHER SERVICE SEATTLE WA
133 AM PDT FRI AUG 18 2017


...................................

...THE HOQUIAM WA AIRPORT CLIMATE SUMMARY FOR AUGUST 17 2017...

CLIMATE NORMAL PERIOD 1981 TO 2010
CLIMATE RECORD PERIOD 1953 TO 2017


WEATHER ITEM   OBSERVED TIME   RECORD YEAR NORMAL DEPARTURE LAST
                VALUE   (LST)  VALUE       VALUE  FROM      YEAR
                                                  NORMAL
..................................................................
TEMPERATURE (F)
 YESTERDAY
  MAXIMUM         67    800 AM  78    1977  68     -1       65
  MINIMUM         57    400 AM  44    1955  54      3       52
  AVERAGE         62                        61      1       59

PRECIPITATION (IN)
  YESTERDAY        0.00          0.36 1980   0.05  -0.05     0.00
  MONTH TO DATE    0.26                      0.55  -0.29     0.19
  SINCE OCT 1     84.41                     64.51  19.90    74.68
  SINCE JAN 1     42.87                     36.85   6.02    41.26

DEGREE DAYS
 HEATING
  YESTERDAY        3                         4     -1        6
  MONTH TO DATE   57                        68    -11       66
  SINCE JUN 1    403                       478    -75      397

 COOLING
  YESTERDAY        0                         0      0        0
  MONTH TO DATE   19                         0     19        5
  SINCE JUN 1     33                         8     25       18
  SINCE JAN 1     33                         9     24       23
..................................................................


WIND (MPH)
  RESULTANT WIND SPEED   8   RESULTANT WIND DIRECTION   W (270)
  HIGHEST WIND SPEED    MM   HIGHEST WIND DIRECTION    MM
  HIGHEST GUST SPEED    MM   HIGHEST GUST DIRECTION    MM
  AVERAGE WIND SPEED    MM


SKY COVER
  AVERAGE SKY COVER  MM


WEATHER CONDITIONS
 THE FOLLOWING WEATHER WAS RECORDED YESTERDAY.
  NO SIGNIFICANT WEATHER WAS OBSERVED.


RELATIVE HUMIDITY (PERCENT)
 HIGHEST    93          1200 AM
 LOWEST     MM           800 AM
 AVERAGE    MM

..........................................................


THE HOQUIAM WA AIRPORT CLIMATE NORMALS FOR TODAY
                         NORMAL    RECORD    YEAR
 MAXIMUM TEMPERATURE (F)   68        86      2016
 MINIMUM TEMPERATURE (F)   54        42      1973


SUNRISE AND SUNSET
AUGUST 18 2017........SUNRISE   617 AM PDT   SUNSET   821 PM PDT
AUGUST 19 2017........SUNRISE   619 AM PDT   SUNSET   819 PM PDT


-  INDICATES NEGATIVE NUMBERS.
R  INDICATES RECORD WAS SET OR TIED.
MM INDICATES DATA IS MISSING.
T  INDICATES TRACE AMOUNT.




$$
