000
CDUS46 KSEW 070826
CLIHQM


CLIMATE REPORT
NATIONAL WEATHER SERVICE SEATTLE WA
126 AM PDT TUE JUL 7 2015


...................................

...THE HOQUIAM WA AIRPORT CLIMATE SUMMARY FOR JULY 6 2015...

CLIMATE NORMAL PERIOD 1981 TO 2010
CLIMATE RECORD PERIOD 1953 TO 2015


WEATHER ITEM   OBSERVED TIME   RECORD YEAR NORMAL DEPARTURE LAST
                VALUE   (LST)  VALUE       VALUE  FROM      YEAR
                                                  NORMAL
..................................................................
TEMPERATURE (F)
 YESTERDAY
  MAXIMUM         67    203 PM  86    1953  66      1       71
  MINIMUM         58    721 AM  40    1971  53      5       61
  AVERAGE         63                        59      4       66

PRECIPITATION (IN)
  YESTERDAY        0.00          0.73 1963   0.05  -0.05     0.00
  MONTH TO DATE    0.00                      0.30  -0.30     0.08
  SINCE OCT 1     57.91                     63.12  -5.21    53.02
  SINCE JAN 1     26.49                     35.46  -8.97    40.91

DEGREE DAYS
 HEATING
  YESTERDAY        2                         6     -4        0
  MONTH TO DATE    8                        36    -28       14
  SINCE JUN 1    168                       282   -114      218

 COOLING
  YESTERDAY        0                         0      0        1
  MONTH TO DATE    1                         0      1        8
  SINCE JUN 1      4                         2      2        8
  SINCE JAN 1      4                         3      1       23
..................................................................


WIND (MPH)
  RESULTANT WIND SPEED   8   RESULTANT WIND DIRECTION  SW (220)
  HIGHEST WIND SPEED    18   HIGHEST WIND DIRECTION    SW (230)
  HIGHEST GUST SPEED    22   HIGHEST GUST DIRECTION    SW (230)
  AVERAGE WIND SPEED     9.2


SKY COVER
  AVERAGE SKY COVER 0.8


WEATHER CONDITIONS
 THE FOLLOWING WEATHER WAS RECORDED YESTERDAY.
  FOG


RELATIVE HUMIDITY (PERCENT)
 HIGHEST    87           200 AM
 LOWEST     67           100 PM
 AVERAGE    77

..........................................................


THE HOQUIAM WA AIRPORT CLIMATE NORMALS FOR TODAY
                         NORMAL    RECORD    YEAR
 MAXIMUM TEMPERATURE (F)   66        94      2010
 MINIMUM TEMPERATURE (F)   53        39      1971


SUNRISE AND SUNSET
JULY  7 2015..........SUNRISE   529 AM PDT   SUNSET   912 PM PDT
JULY  8 2015..........SUNRISE   530 AM PDT   SUNSET   912 PM PDT


-  INDICATES NEGATIVE NUMBERS.
R  INDICATES RECORD WAS SET OR TIED.
MM INDICATES DATA IS MISSING.
T  INDICATES TRACE AMOUNT.




$$
