739
CDUS46 KSEW 220832
CLIHQM


CLIMATE REPORT
NATIONAL WEATHER SERVICE SEATTLE WA
132 AM PDT FRI MAY 22 2015


...................................

...THE HOQUIAM WA AIRPORT CLIMATE SUMMARY FOR MAY 21 2015...

CLIMATE NORMAL PERIOD 1981 TO 2010
CLIMATE RECORD PERIOD 1953 TO 2015


WEATHER ITEM   OBSERVED TIME   RECORD YEAR NORMAL DEPARTURE LAST
                VALUE   (LST)  VALUE       VALUE  FROM      YEAR
                                                  NORMAL
..................................................................
TEMPERATURE (F)
 YESTERDAY
  MAXIMUM         57    159 PM  86    1988  60     -3       63
  MINIMUM         50    729 AM  38    2009  47      3       51
                                      1973
                                      1971
  AVERAGE         54                        54      0       57

PRECIPITATION (IN)
  YESTERDAY        0.00          0.92 1990   0.10  -0.10     0.00
  MONTH TO DATE    0.28                      2.33  -2.05     4.21
  SINCE OCT 1     57.53                     59.62  -2.09    51.26
  SINCE JAN 1     26.11                     31.96  -5.85    39.15

DEGREE DAYS
 HEATING
  YESTERDAY       11                        11      0        8
  MONTH TO DATE  233                       265    -32      178
  SINCE MAR 1   1168                      1343   -175     1160

 COOLING
  YESTERDAY        0                         0      0        0
  MONTH TO DATE    0                         0      0       11
  SINCE MAR 1      0                         0      0       15
  SINCE JAN 1      0                         0      0       15
..................................................................


WIND (MPH)
  RESULTANT WIND SPEED   7   RESULTANT WIND DIRECTION   W (250)
  HIGHEST WIND SPEED    15   HIGHEST WIND DIRECTION     W (260)
  HIGHEST GUST SPEED    18   HIGHEST GUST DIRECTION     W (260)
  AVERAGE WIND SPEED     7.3


SKY COVER
  AVERAGE SKY COVER 1.0


WEATHER CONDITIONS
 THE FOLLOWING WEATHER WAS RECORDED YESTERDAY.
  FOG


RELATIVE HUMIDITY (PERCENT)
 HIGHEST   100          1200 AM
 LOWEST     80           200 PM
 AVERAGE    90

..........................................................


THE HOQUIAM WA AIRPORT CLIMATE NORMALS FOR TODAY
                         NORMAL    RECORD    YEAR
 MAXIMUM TEMPERATURE (F)   61        88      1969
 MINIMUM TEMPERATURE (F)   47        37      1960


SUNRISE AND SUNSET
MAY 22 2015...........SUNRISE   533 AM PDT   SUNSET   853 PM PDT
MAY 23 2015...........SUNRISE   532 AM PDT   SUNSET   854 PM PDT


-  INDICATES NEGATIVE NUMBERS.
R  INDICATES RECORD WAS SET OR TIED.
MM INDICATES DATA IS MISSING.
T  INDICATES TRACE AMOUNT.




$$
