000
CDUS46 KSEW 180129
CLIHQM


CLIMATE REPORT
NATIONAL WEATHER SERVICE SEATTLE WA
529 PM PST WED DEC 17 2014


...................................

...THE HOQUIAM WA AIRPORT CLIMATE SUMMARY FOR DECEMBER 17 2014...
VALID TODAY AS OF 0500 PM LOCAL TIME.

CLIMATE NORMAL PERIOD 1981 TO 2010
CLIMATE RECORD PERIOD 1953 TO 2014


WEATHER ITEM   OBSERVED TIME   RECORD YEAR NORMAL DEPARTURE LAST
                VALUE   (LST)  VALUE       VALUE  FROM      YEAR
                                                  NORMAL
..................................................................
TEMPERATURE (F)
 TODAY
  MAXIMUM         48    223 PM  55    1976  46      2       42
                                      1973
  MINIMUM         42    750 AM  16    1964  37      5       37
  AVERAGE         45                        41      4       40

PRECIPITATION (IN)
  TODAY            0.06          2.25 1994   0.30  -0.24     0.05
  MONTH TO DATE    5.83                      5.48   0.35     2.19
  SINCE OCT 1     25.90                     23.18   2.72    10.05
  SINCE JAN 1     72.99                     63.07   9.92    51.92

DEGREE DAYS
 HEATING
  TODAY           20                        24     -4       25
  MONTH TO DATE  307                       395    -88      491
  SINCE DEC 1    307                       395    -88      491

 COOLING
  TODAY            0                         0      0        0
  MONTH TO DATE    0                         0      0        0
  SINCE DEC 1      0                         0      0        0
  SINCE JAN 1     48                        23     25       20
..................................................................


WIND (MPH)
  RESULTANT WIND SPEED   7   RESULTANT WIND DIRECTION   E (70)
  HIGHEST WIND SPEED    12   HIGHEST WIND DIRECTION     E (80)
  HIGHEST GUST SPEED    13   HIGHEST GUST DIRECTION     E (80)
  AVERAGE WIND SPEED     7.4


SKY COVER
  AVERAGE SKY COVER 1.0


WEATHER CONDITIONS
 THE FOLLOWING WEATHER WAS RECORDED TODAY.
  LIGHT RAIN
  FOG


RELATIVE HUMIDITY (PERCENT)
 HIGHEST   100           200 AM
 LOWEST     92          1200 AM
 AVERAGE    96

..........................................................


THE HOQUIAM WA AIRPORT CLIMATE NORMALS FOR TOMORROW
                         NORMAL    RECORD    YEAR
 MAXIMUM TEMPERATURE (F)   46        60      2004
 MINIMUM TEMPERATURE (F)   37        25      1984
                                             1964


SUNRISE AND SUNSET
DECEMBER 17 2014......SUNRISE   756 AM PST   SUNSET   428 PM PST
DECEMBER 18 2014......SUNRISE   757 AM PST   SUNSET   428 PM PST


-  INDICATES NEGATIVE NUMBERS.
R  INDICATES RECORD WAS SET OR TIED.
MM INDICATES DATA IS MISSING.
T  INDICATES TRACE AMOUNT.




$$
