000
CDUS46 KSEW 170843
CLIHQM


CLIMATE REPORT
NATIONAL WEATHER SERVICE SEATTLE WA
1242 AM PST TUE JAN 17 2017


...................................

...THE HOQUIAM WA AIRPORT CLIMATE SUMMARY FOR JANUARY 16 2017...

CLIMATE NORMAL PERIOD 1981 TO 2010
CLIMATE RECORD PERIOD 1953 TO 2017


WEATHER ITEM   OBSERVED TIME   RECORD YEAR NORMAL DEPARTURE LAST
                VALUE   (LST)  VALUE       VALUE  FROM      YEAR
                                                  NORMAL
..................................................................
TEMPERATURE (F)
 YESTERDAY
  MAXIMUM         47    206 PM  55    1981  47      0       53
  MINIMUM         31    750 AM  25    2013  38     -7       44
                                      1984
  AVERAGE         39                        43     -4       49

PRECIPITATION (IN)
  YESTERDAY        0.00          2.03 1958   0.36  -0.36     0.75
  MONTH TO DATE    0.86                      5.63  -4.77     3.10
  SINCE OCT 1     42.40                     33.29   9.11    36.52
  SINCE JAN 1      0.86                      5.63  -4.77     3.10

DEGREE DAYS
 HEATING
  YESTERDAY       26                        22      4       16
  MONTH TO DATE  475                       363    112      371
  SINCE DEC 1   1283                      1090    193     1037

 COOLING
  YESTERDAY        0                         0      0        0
  MONTH TO DATE    0                         0      0        0
  SINCE DEC 1      0                         0      0        0
  SINCE JAN 1      0                         0      0        0
..................................................................


WIND (MPH)
  RESULTANT WIND SPEED   9   RESULTANT WIND DIRECTION   E (70)
  HIGHEST WIND SPEED    15   HIGHEST WIND DIRECTION     E (70)
  HIGHEST GUST SPEED    18   HIGHEST GUST DIRECTION     E (70)
  AVERAGE WIND SPEED     9.5


SKY COVER
  AVERAGE SKY COVER 0.8


WEATHER CONDITIONS
 THE FOLLOWING WEATHER WAS RECORDED YESTERDAY.
  FOG


RELATIVE HUMIDITY (PERCENT)
 HIGHEST    89          1200 AM
 LOWEST     58           400 PM
 AVERAGE    74

..........................................................


THE HOQUIAM WA AIRPORT CLIMATE NORMALS FOR TODAY
                         NORMAL    RECORD    YEAR
 MAXIMUM TEMPERATURE (F)   47        56      2015
 MINIMUM TEMPERATURE (F)   38        26      1984
                                             1954


SUNRISE AND SUNSET
JANUARY 17 2017.......SUNRISE   755 AM PST   SUNSET   457 PM PST
JANUARY 18 2017.......SUNRISE   755 AM PST   SUNSET   458 PM PST


-  INDICATES NEGATIVE NUMBERS.
R  INDICATES RECORD WAS SET OR TIED.
MM INDICATES DATA IS MISSING.
T  INDICATES TRACE AMOUNT.




$$
