000
CDUS44 KBRO 020747
CLIHRL


CLIMATE REPORT
NATIONAL WEATHER SERVICE BROWNSVILLE TX
147 AM CST MON MAR 2 2015


...................................

...THE HARLINGEN CLIMATE SUMMARY FOR MARCH 1 2015...

CLIMATE NORMAL PERIOD 1981 TO 2010
CLIMATE RECORD PERIOD 1912 TO 2015


WEATHER ITEM   OBSERVED TIME   RECORD YEAR NORMAL DEPARTURE LAST
                VALUE   (LST)  VALUE       VALUE  FROM      YEAR
                                                  NORMAL
..................................................................
TEMPERATURE (F)
 YESTERDAY
  MAXIMUM         58    259 PM 101    1916  77    -19       80
  MINIMUM         48    802 AM  30    1922  55     -7       65
  AVERAGE         53                        66    -13       73

PRECIPITATION (IN)
  YESTERDAY        0.03          0.80 1938   0.04  -0.01     0.00
  MONTH TO DATE    0.03                      0.04  -0.01     0.00
  SINCE MAR 1      0.03                      0.04  -0.01     0.00
  SINCE JAN 1      2.95                      2.51   0.44     1.00

SNOWFALL (IN)
  YESTERDAY       MM
  MONTH TO DATE   MM
  SINCE MAR 1     MM
  SINCE JUL 1      0.0

DEGREE DAYS
 HEATING
  YESTERDAY       12                         3      9        0
  MONTH TO DATE   12                         3      9        0
  SINCE MAR 1     12                         3      9        0
  SINCE JUL 1    705                       571    134      811

 COOLING
  YESTERDAY        0                         4     -4        8
  MONTH TO DATE    0                         4     -4        8
  SINCE MAR 1      0                         4     -4        8
  SINCE JAN 1     59                       129    -70      119
..................................................................


WIND (MPH)
  HIGHEST WIND SPEED    15   HIGHEST WIND DIRECTION    NW (310)
  HIGHEST GUST SPEED    17   HIGHEST GUST DIRECTION    NW (310)
  AVERAGE WIND SPEED     8.3



WEATHER CONDITIONS
 THE FOLLOWING WEATHER WAS RECORDED YESTERDAY.
  LIGHT RAIN
  FOG


RELATIVE HUMIDITY (PERCENT)
 HIGHEST   100
 LOWEST     86
 AVERAGE    93

..........................................................


THE HARLINGEN CLIMATE NORMALS FOR TODAY
                         NORMAL    RECORD    YEAR
 MAXIMUM TEMPERATURE (F)   77        97      1999
 MINIMUM TEMPERATURE (F)   55        29      1980


SUNRISE AND SUNSET
MARCH  2 2015.........SUNRISE   653 AM CST   SUNSET   633 PM CST
MARCH  3 2015.........SUNRISE   652 AM CST   SUNSET   633 PM CST


-  INDICATES NEGATIVE NUMBERS.
R  INDICATES RECORD WAS SET OR TIED.
MM INDICATES DATA IS MISSING.
T  INDICATES TRACE AMOUNT.




$$
