000
CDUS44 KBRO 282131
CLIHRL


CLIMATE REPORT
NATIONAL WEATHER SERVICE BROWNSVILLE TX
431 PM CDT WED JUN 28 2017


...................................

...THE HARLINGEN CLIMATE SUMMARY FOR JUNE 28 2017...
VALID TODAY AS OF 0400 PM LOCAL TIME.

CLIMATE NORMAL PERIOD 1981 TO 2010
CLIMATE RECORD PERIOD 1912 TO 2017


WEATHER ITEM   OBSERVED TIME   RECORD YEAR NORMAL DEPARTURE LAST
                VALUE   (LST)  VALUE       VALUE  FROM      YEAR
                                                  NORMAL
..................................................................
TEMPERATURE (F)
 TODAY
  MAXIMUM         94   1250 PM 102    1980  94      0       98
  MINIMUM         73    547 AM  60    1974  75     -2       76
  AVERAGE         84                        85     -1       87

PRECIPITATION (IN)
  TODAY            0.08          1.91 1913   0.11  -0.03     0.01
  MONTH TO DATE    1.26                      2.30  -1.04     5.13
  SINCE JUN 1      1.26                      2.30  -1.04     5.13
  SINCE JAN 1      7.85                     10.22  -2.37    12.02

SNOWFALL (IN)
  TODAY            0.0
  MONTH TO DATE    0.0
  SINCE JUN 1      0.0
  SINCE JUL 1      0.0
  SNOW DEPTH       0

DEGREE DAYS
 HEATING
  TODAY            0                         0      0        0
  MONTH TO DATE    0                         0      0        0
  SINCE JUN 1      0                         0      0        0
  SINCE JUL 1    234                       622   -388      389

 COOLING
  TODAY           19                        20     -1       22
  MONTH TO DATE  569                       528     41      543
  SINCE JUN 1    569                       528     41      543
  SINCE JAN 1   2104                      1629    475     1904
..................................................................


WIND (MPH)
  HIGHEST WIND SPEED    24   HIGHEST WIND DIRECTION    SE (130)
  HIGHEST GUST SPEED    29   HIGHEST GUST DIRECTION    SE (140)
  AVERAGE WIND SPEED     3.5



WEATHER CONDITIONS
 THE FOLLOWING WEATHER WAS RECORDED TODAY.
  THUNDERSTORM
  LIGHT RAIN
  FOG


RELATIVE HUMIDITY (PERCENT)
 HIGHEST   100
 LOWEST     56
 AVERAGE    78

..........................................................


THE HARLINGEN CLIMATE NORMALS FOR TOMORROW
                         NORMAL    RECORD    YEAR
 MAXIMUM TEMPERATURE (F)   94       106      2013
 MINIMUM TEMPERATURE (F)   75        61      1974


SUNRISE AND SUNSET
JUNE 28 2017..........SUNRISE   641 AM CDT   SUNSET   827 PM CDT
JUNE 29 2017..........SUNRISE   641 AM CDT   SUNSET   827 PM CDT


-  INDICATES NEGATIVE NUMBERS.
R  INDICATES RECORD WAS SET OR TIED.
MM INDICATES DATA IS MISSING.
T  INDICATES TRACE AMOUNT.




$$
