000
CDUS44 KBRO 290628
CLIHRL


CLIMATE REPORT
NATIONAL WEATHER SERVICE BROWNSVILLE TX
128 AM CDT WED MAR 29 2017


...................................

...THE HARLINGEN CLIMATE SUMMARY FOR MARCH 28 2017...

CLIMATE NORMAL PERIOD 1981 TO 2010
CLIMATE RECORD PERIOD 1912 TO 2017


WEATHER ITEM   OBSERVED TIME   RECORD YEAR NORMAL DEPARTURE LAST
                VALUE   (LST)  VALUE       VALUE  FROM      YEAR
                                                  NORMAL
..................................................................
TEMPERATURE (F)
 YESTERDAY
  MAXIMUM         89    154 PM 104    1984  83      6       81
  MINIMUM         72    711 AM  40    1913  61     11       64
  AVERAGE         81                        72      9       73

PRECIPITATION (IN)
  YESTERDAY        0.00          2.01 1999   0.06  -0.06     0.00
  MONTH TO DATE    2.22                      1.16   1.06     1.78
  SINCE MAR 1      2.22                      1.16   1.06     1.78
  SINCE JAN 1      3.53                      3.63  -0.10     3.69

SNOWFALL (IN)
  YESTERDAY        0.0
  MONTH TO DATE    0.0
  SINCE MAR 1      0.0
  SINCE JUL 1      0.0

DEGREE DAYS
 HEATING
  YESTERDAY        0                         1     -1        0
  MONTH TO DATE    4                        46    -42       11
  SINCE MAR 1      4                        46    -42       11
  SINCE JUL 1    234                       614   -380      387

 COOLING
  YESTERDAY       16                         7      9        8
  MONTH TO DATE  261                       148    113      237
  SINCE MAR 1    261                       148    113      237
  SINCE JAN 1    628                       273    355      377
..................................................................


WIND (MPH)
  HIGHEST WIND SPEED    32   HIGHEST WIND DIRECTION    SE (150)
  HIGHEST GUST SPEED    40   HIGHEST GUST DIRECTION     S (160)
  AVERAGE WIND SPEED    19.9



WEATHER CONDITIONS
 THE FOLLOWING WEATHER WAS RECORDED YESTERDAY.
  FOG


RELATIVE HUMIDITY (PERCENT)
 HIGHEST   100
 LOWEST     46
 AVERAGE    73

..........................................................


THE HARLINGEN CLIMATE NORMALS FOR TODAY
                         NORMAL    RECORD    YEAR
 MAXIMUM TEMPERATURE (F)   83       100      1928
 MINIMUM TEMPERATURE (F)   61        41      1955


SUNRISE AND SUNSET
MARCH 29 2017.........SUNRISE   725 AM CDT   SUNSET   746 PM CDT
MARCH 30 2017.........SUNRISE   724 AM CDT   SUNSET   747 PM CDT


-  INDICATES NEGATIVE NUMBERS.
R  INDICATES RECORD WAS SET OR TIED.
MM INDICATES DATA IS MISSING.
T  INDICATES TRACE AMOUNT.




$$
