000
CDUS44 KBRO 240652
CLIHRL


CLIMATE REPORT
NATIONAL WEATHER SERVICE BROWNSVILLE TX
152 AM CDT SUN JUL 24 2016


...................................

...THE HARLINGEN CLIMATE SUMMARY FOR JULY 23 2016...

CLIMATE NORMAL PERIOD 1981 TO 2010
CLIMATE RECORD PERIOD 1912 TO 2016


WEATHER ITEM   OBSERVED TIME   RECORD YEAR NORMAL DEPARTURE LAST
                VALUE   (LST)  VALUE       VALUE  FROM      YEAR
                                                  NORMAL
..................................................................
TEMPERATURE (F)
 YESTERDAY
  MAXIMUM         96        MM 104    1943  96      0       98
  MINIMUM         74        MM  67    1923  75     -1       77
  AVERAGE         85                        85      0       88

PRECIPITATION (IN)
  YESTERDAY        T             6.80 2008   0.06  -0.06     0.00
  MONTH TO DATE    0.09                      1.57  -1.48     1.12
  SINCE JUN 1      5.22                      4.07   1.15     3.33
  SINCE JAN 1     12.11                     11.99   0.12    15.83

SNOWFALL (IN)
  YESTERDAY        0.0
  MONTH TO DATE    0.0
  SINCE JUN 1      0.0
  SINCE JUL 1      0.0

DEGREE DAYS
 HEATING
  YESTERDAY        0                         0      0        0
  MONTH TO DATE    0                         0      0        0
  SINCE JUN 1      0                         0      0        0
  SINCE JUL 1      0                         0      0        0

 COOLING
  YESTERDAY       20                        20      0       23
  MONTH TO DATE  527                       460     67      470
  SINCE JUN 1   1112                      1028     84     1037
  SINCE JAN 1   2473                      2129    344     2121
..................................................................


WIND (MPH)
  HIGHEST WIND SPEED    22   HIGHEST WIND DIRECTION    SE (120)
  HIGHEST GUST SPEED    28   HIGHEST GUST DIRECTION    SE (120)
  AVERAGE WIND SPEED     9.0



WEATHER CONDITIONS
 THE FOLLOWING WEATHER WAS RECORDED YESTERDAY.
  THUNDERSTORM
  LIGHT RAIN


RELATIVE HUMIDITY (PERCENT)
 HIGHEST   100
 LOWEST     49
 AVERAGE    75

..........................................................


THE HARLINGEN CLIMATE NORMALS FOR TODAY
                         NORMAL    RECORD    YEAR
 MAXIMUM TEMPERATURE (F)   96       104      1934
 MINIMUM TEMPERATURE (F)   75        66      1923


SUNRISE AND SUNSET
JULY 24 2016..........SUNRISE   653 AM CDT   SUNSET   822 PM CDT
JULY 25 2016..........SUNRISE   653 AM CDT   SUNSET   821 PM CDT


-  INDICATES NEGATIVE NUMBERS.
R  INDICATES RECORD WAS SET OR TIED.
MM INDICATES DATA IS MISSING.
T  INDICATES TRACE AMOUNT.




$$
