000
CDUS44 KBRO 200629
CLIHRL


CLIMATE REPORT
NATIONAL WEATHER SERVICE BROWNSVILLE TX
129 AM CDT SUN AUG 20 2017


...................................

...THE HARLINGEN CLIMATE SUMMARY FOR AUGUST 19 2017...

CLIMATE NORMAL PERIOD 1981 TO 2010
CLIMATE RECORD PERIOD 1912 TO 2017


WEATHER ITEM   OBSERVED TIME   RECORD YEAR NORMAL DEPARTURE LAST
                VALUE   (LST)  VALUE       VALUE  FROM      YEAR
                                                  NORMAL
..................................................................
TEMPERATURE (F)
 YESTERDAY
  MAXIMUM         99   1255 PM 106    1915  96      3       96
  MINIMUM         74    614 AM  67    1931  75     -1       77
  AVERAGE         87                        86      1       87

PRECIPITATION (IN)
  YESTERDAY        0.00          5.87 1916   0.06  -0.06     0.01
  MONTH TO DATE    0.60                      0.70  -0.10     2.16
  SINCE JUN 1      5.14                      5.13   0.01     7.40
  SINCE JAN 1     11.73                     13.05  -1.32    14.29

SNOWFALL (IN)
  YESTERDAY        0.0
  MONTH TO DATE    0.0
  SINCE JUN 1      0.0
  SINCE JUL 1      0.0

DEGREE DAYS
 HEATING
  YESTERDAY        0                         0      0        0
  MONTH TO DATE    0                         0      0        0
  SINCE JUN 1      0                         0      0        0
  SINCE JUL 1      0                         0      0        0

 COOLING
  YESTERDAY       22                        20      2       22
  MONTH TO DATE  437                       398     39      421
  SINCE JUN 1   1714                      1589    125     1701
  SINCE JAN 1   3249                      2690    559     3062
..................................................................


WIND (MPH)
  HIGHEST WIND SPEED    23   HIGHEST WIND DIRECTION     E (110)
  HIGHEST GUST SPEED    30   HIGHEST GUST DIRECTION     E (110)
  AVERAGE WIND SPEED    10.3



WEATHER CONDITIONS
 THE FOLLOWING WEATHER WAS RECORDED YESTERDAY.
  FOG


RELATIVE HUMIDITY (PERCENT)
 HIGHEST   100
 LOWEST     45
 AVERAGE    73

..........................................................


THE HARLINGEN CLIMATE NORMALS FOR TODAY
                         NORMAL    RECORD    YEAR
 MAXIMUM TEMPERATURE (F)   96       103      1915
                                             1943
 MINIMUM TEMPERATURE (F)   75        65      1931


SUNRISE AND SUNSET
AUGUST 20 2017........SUNRISE   706 AM CDT   SUNSET   802 PM CDT
AUGUST 21 2017........SUNRISE   706 AM CDT   SUNSET   801 PM CDT


-  INDICATES NEGATIVE NUMBERS.
R  INDICATES RECORD WAS SET OR TIED.
MM INDICATES DATA IS MISSING.
T  INDICATES TRACE AMOUNT.




$$
