000
CDUS44 KBRO 010630
CLIHRL


CLIMATE REPORT
NATIONAL WEATHER SERVICE BROWNSVILLE TX
129 AM CDT WED JUN 1 2016


...................................

...THE HARLINGEN CLIMATE SUMMARY FOR MAY 31 2016...

CLIMATE NORMAL PERIOD 1981 TO 2010
CLIMATE RECORD PERIOD 1912 TO 2016


WEATHER ITEM   OBSERVED TIME   RECORD YEAR NORMAL DEPARTURE LAST
                VALUE   (LST)  VALUE       VALUE  FROM      YEAR
                                                  NORMAL
..................................................................
TEMPERATURE (F)
 YESTERDAY
  MAXIMUM         94    248 PM 101    2005  93      1       87
  MINIMUM         73   1159 PM  57    1984  73      0       71
  AVERAGE         84                        83      1       79

PRECIPITATION (IN)
  YESTERDAY        0.29          2.57 1914   0.08   0.21     0.01
  MONTH TO DATE    2.71                      2.49   0.22     2.79
  SINCE MAR 1      4.98                      5.45  -0.47     9.58
  SINCE JAN 1      6.89                      7.92  -1.03    12.50

SNOWFALL (IN)
  YESTERDAY        0.0
  MONTH TO DATE    0.0
  SINCE MAR 1      0.0
  SINCE JUL 1      0.0

DEGREE DAYS
 HEATING
  YESTERDAY        0                         0      0        0
  MONTH TO DATE    0                         0      0        0
  SINCE MAR 1     13                        54    -41       74
  SINCE JUL 1    389                       622   -233      767

 COOLING
  YESTERDAY       19                        18      1       14
  MONTH TO DATE  549                       487     62      525
  SINCE MAR 1   1221                       976    245     1025
  SINCE JAN 1   1361                      1101    260     1084
..................................................................


WIND (MPH)
  HIGHEST WIND SPEED    32   HIGHEST WIND DIRECTION    NE (60)
  HIGHEST GUST SPEED    41   HIGHEST GUST DIRECTION    NE (60)
  AVERAGE WIND SPEED    13.6



WEATHER CONDITIONS
 THE FOLLOWING WEATHER WAS RECORDED YESTERDAY.
  THUNDERSTORM
  HEAVY RAIN
  RAIN
  FOG


RELATIVE HUMIDITY (PERCENT)
 HIGHEST    94
 LOWEST     52
 AVERAGE    73

..........................................................


THE HARLINGEN CLIMATE NORMALS FOR TODAY
                         NORMAL    RECORD    YEAR
 MAXIMUM TEMPERATURE (F)   93       101      1967
 MINIMUM TEMPERATURE (F)   73        58      1975
                                             1984


SUNRISE AND SUNSET
JUNE  1 2016..........SUNRISE   638 AM CDT   SUNSET   819 PM CDT
JUNE  2 2016..........SUNRISE   638 AM CDT   SUNSET   820 PM CDT


-  INDICATES NEGATIVE NUMBERS.
R  INDICATES RECORD WAS SET OR TIED.
MM INDICATES DATA IS MISSING.
T  INDICATES TRACE AMOUNT.




$$
