000
CDUS44 KBRO 230627
CLIHRL


CLIMATE REPORT
NATIONAL WEATHER SERVICE BROWNSVILLE TX
127 AM CDT TUE MAY 23 2017


...................................

...THE HARLINGEN CLIMATE SUMMARY FOR MAY 22 2017...

CLIMATE NORMAL PERIOD 1981 TO 2010
CLIMATE RECORD PERIOD 1912 TO 2017


WEATHER ITEM   OBSERVED TIME   RECORD YEAR NORMAL DEPARTURE LAST
                VALUE   (LST)  VALUE       VALUE  FROM      YEAR
                                                  NORMAL
..................................................................
TEMPERATURE (F)
 YESTERDAY
  MAXIMUM         98    146 PM 101    1955  91      7       93
  MINIMUM         78    615 AM  58    1967  72      6       76
  AVERAGE         88                        82      6       85

PRECIPITATION (IN)
  YESTERDAY        T             2.60 1941   0.08  -0.08     0.00
  MONTH TO DATE    0.12                      1.69  -1.57     1.49
  SINCE MAR 1      3.21                      4.65  -1.44     3.76
  SINCE JAN 1      4.52                      7.12  -2.60     5.67

SNOWFALL (IN)
  YESTERDAY        0.0
  MONTH TO DATE    0.0
  SINCE MAR 1      0.0
  SINCE JUL 1      0.0

DEGREE DAYS
 HEATING
  YESTERDAY        0                         0      0        0
  MONTH TO DATE    0                         0      0        0
  SINCE MAR 1      4                        54    -50       13
  SINCE JUL 1    234                       622   -388      389

 COOLING
  YESTERDAY       23                        17      6       20
  MONTH TO DATE  342                       331     11      358
  SINCE MAR 1   1011                       820    191     1030
  SINCE JAN 1   1378                       945    433     1170
..................................................................


WIND (MPH)
  HIGHEST WIND SPEED    21   HIGHEST WIND DIRECTION    NE (30)
  HIGHEST GUST SPEED    27   HIGHEST GUST DIRECTION     N (20)
  AVERAGE WIND SPEED    10.6



WEATHER CONDITIONS
 THE FOLLOWING WEATHER WAS RECORDED YESTERDAY.
  LIGHT RAIN


RELATIVE HUMIDITY (PERCENT)
 HIGHEST   100
 LOWEST     48
 AVERAGE    74

..........................................................


THE HARLINGEN CLIMATE NORMALS FOR TODAY
                         NORMAL    RECORD    YEAR
 MAXIMUM TEMPERATURE (F)   92       101      1916
 MINIMUM TEMPERATURE (F)   72        56      1928


SUNRISE AND SUNSET
MAY 23 2017...........SUNRISE   641 AM CDT   SUNSET   815 PM CDT
MAY 24 2017...........SUNRISE   640 AM CDT   SUNSET   815 PM CDT


-  INDICATES NEGATIVE NUMBERS.
R  INDICATES RECORD WAS SET OR TIED.
MM INDICATES DATA IS MISSING.
T  INDICATES TRACE AMOUNT.




$$
